-- https://www.phpmyadmin.net/
--

START TRANSACTION;



--
-- Database: `u544939042_pst`
--

-- --------------------------------------------------------

--
-- Table structure for table `atr_karyawans`
--

CREATE TABLE `atr_karyawans` (
  `id` bigint(20) UNSIGNED NOT NULL,
  `karyawan_id` bigint(20) UNSIGNED NOT NULL,
  `nilai_atr` decimal(5,2) NOT NULL,
  `tanggal` date NOT NULL,
  `created_at` timestamp NULL DEFAULT NULL,
  `updated_at` timestamp NULL DEFAULT NULL
) ENGINE=InnoDB DEFAULT CHARSET=utf8mb4 COLLATE=utf8mb4_unicode_ci;

--
-- Dumping data for table `atr_karyawans`
--

INSERT INTO `atr_karyawans` (`id`, `karyawan_id`, `nilai_atr`, `tanggal`, `created_at`, `updated_at`) VALUES
(1, 2, 100.00, '2026-06-09', '2026-06-09 12:19:26', '2026-06-09 13:44:17'),
(2, 3, 100.00, '2026-06-09', '2026-06-09 12:19:26', '2026-06-09 13:44:17'),
(3, 18, 100.00, '2026-06-09', '2026-06-09 12:19:26', '2026-06-09 13:44:17'),
(4, 15, 99.00, '2026-06-09', '2026-06-09 12:19:26', '2026-06-09 13:44:17'),
(5, 111, 98.00, '2026-06-09', '2026-06-09 12:19:26', '2026-06-09 13:44:17'),
(6, 4, 100.00, '2026-06-09', '2026-06-09 12:19:26', '2026-06-09 13:44:17'),
(7, 5, 100.00, '2026-06-09', '2026-06-09 12:19:26', '2026-06-09 13:44:17'),
(8, 8, 98.00, '2026-06-09', '2026-06-09 12:19:26', '2026-06-09 13:44:17'),
(9, 6, 100.00, '2026-06-09', '2026-06-09 12:19:26', '2026-06-09 13:44:17'),
(10, 30, 100.00, '2026-06-09', '2026-06-09 12:19:26', '2026-06-09 13:44:17'),
(11, 31, 100.00, '2026-06-09', '2026-06-09 12:19:26', '2026-06-09 13:44:17'),
(12, 112, 100.00, '2026-06-09', '2026-06-09 12:19:26', '2026-06-09 13:44:17'),
(13, 27, 96.00, '2026-06-09', '2026-06-09 12:19:26', '2026-06-09 13:44:17'),
(14, 7, 100.00, '2026-06-09', '2026-06-09 12:19:26', '2026-06-09 13:44:17'),
(15, 28, 100.00, '2026-06-09', '2026-06-09 12:19:26', '2026-06-09 13:44:17'),
(16, 25, 100.00, '2026-06-09', '2026-06-09 12:19:26', '2026-06-09 13:44:17'),
(17, 113, 100.00, '2026-06-09', '2026-06-09 12:19:26', '2026-06-09 13:44:17'),
(18, 24, 100.00, '2026-06-09', '2026-06-09 12:19:26', '2026-06-09 13:44:17'),
(19, 114, 100.00, '2026-06-09', '2026-06-09 12:19:26', '2026-06-09 13:44:17'),
(20, 115, 100.00, '2026-06-09', '2026-06-09 12:19:26', '2026-06-09 13:44:17'),
(21, 32, 100.00, '2026-06-09', '2026-06-09 12:19:26', '2026-06-09 13:44:17'),
(22, 26, 100.00, '2026-06-09', '2026-06-09 12:19:26', '2026-06-09 13:44:17'),
(23, 116, 100.00, '2026-06-09', '2026-06-09 12:19:26', '2026-06-09 13:44:17'),
(24, 117, 98.00, '2026-06-09', '2026-06-09 12:19:26', '2026-06-09 13:44:17'),
(25, 118, 100.00, '2026-06-09', '2026-06-09 12:19:26', '2026-06-09 13:44:17'),
(26, 119, 100.00, '2026-06-09', '2026-06-09 12:19:26', '2026-06-09 13:44:17'),
(27, 120, 94.00, '2026-06-09', '2026-06-09 12:19:26', '2026-06-09 13:44:17'),
(28, 121, 100.00, '2026-06-09', '2026-06-09 12:19:26', '2026-06-09 13:44:17'),
(29, 122, 99.00, '2026-06-09', '2026-06-09 12:19:26', '2026-06-09 13:44:17'),
(30, 123, 100.00, '2026-06-09', '2026-06-09 12:19:26', '2026-06-09 13:44:17'),
(31, 124, 98.00, '2026-06-09', '2026-06-09 12:19:26', '2026-06-09 13:44:17'),
(32, 125, 100.00, '2026-06-09', '2026-06-09 12:19:26', '2026-06-09 13:44:17'),
(33, 126, 98.00, '2026-06-09', '2026-06-09 12:19:26', '2026-06-09 13:44:17'),
(34, 127, 97.00, '2026-06-09', '2026-06-09 12:19:26', '2026-06-09 13:44:17'),
(35, 128, 99.00, '2026-06-09', '2026-06-09 12:19:26', '2026-06-09 13:44:17'),
(36, 129, 99.00, '2026-06-09', '2026-06-09 12:19:26', '2026-06-09 13:44:17'),
(37, 131, 100.00, '2026-06-09', '2026-06-09 12:19:26', '2026-06-09 13:44:17'),
(38, 132, 98.00, '2026-06-09', '2026-06-09 12:19:26', '2026-06-09 13:44:17'),
(39, 133, 100.00, '2026-06-09', '2026-06-09 12:19:26', '2026-06-09 13:44:17'),
(40, 134, 100.00, '2026-06-09', '2026-06-09 12:19:26', '2026-06-09 13:44:17'),
(41, 135, 96.00, '2026-06-09', '2026-06-09 12:19:26', '2026-06-09 13:44:17'),
(42, 136, 100.00, '2026-06-09', '2026-06-09 12:19:26', '2026-06-09 13:44:17'),
(43, 9, 100.00, '2026-06-09', '2026-06-09 12:19:26', '2026-06-09 13:44:17'),
(44, 11, 100.00, '2026-06-09', '2026-06-09 12:19:26', '2026-06-09 13:44:17'),
(45, 10, 100.00, '2026-06-09', '2026-06-09 12:19:26', '2026-06-09 13:44:17'),
(46, 38, 99.00, '2026-06-09', '2026-06-09 12:19:26', '2026-06-09 13:44:17'),
(47, 35, 100.00, '2026-06-09', '2026-06-09 12:19:26', '2026-06-09 13:44:17'),
(48, 33, 99.00, '2026-06-09', '2026-06-09 12:19:26', '2026-06-09 13:44:17'),
(49, 34, 99.00, '2026-06-09', '2026-06-09 12:19:26', '2026-06-09 13:44:17'),
(50, 36, 99.00, '2026-06-09', '2026-06-09 12:19:26', '2026-06-09 13:44:17'),
(51, 37, 100.00, '2026-06-09', '2026-06-09 12:19:26', '2026-06-09 13:44:17'),
(52, 137, 100.00, '2026-06-09', '2026-06-09 12:19:26', '2026-06-09 13:44:17'),
(53, 138, 100.00, '2026-06-09', '2026-06-09 12:19:26', '2026-06-09 13:44:17'),
(54, 139, 97.00, '2026-06-09', '2026-06-09 12:19:26', '2026-06-09 13:44:17'),
(55, 140, 94.00, '2026-06-09', '2026-06-09 12:19:26', '2026-06-09 13:44:17'),
(56, 141, 100.00, '2026-06-09', '2026-06-09 12:19:26', '2026-06-09 13:44:17'),
(57, 142, 100.00, '2026-06-09', '2026-06-09 12:19:26', '2026-06-09 13:44:17'),
(58, 143, 99.00, '2026-06-09', '2026-06-09 12:19:26', '2026-06-09 13:44:17'),
(59, 144, 100.00, '2026-06-09', '2026-06-09 12:19:26', '2026-06-09 13:44:17'),
(60, 145, 100.00, '2026-06-09', '2026-06-09 12:19:26', '2026-06-09 13:44:17'),
(61, 146, 100.00, '2026-06-09', '2026-06-09 12:19:26', '2026-06-09 13:44:17'),
(62, 12, 100.00, '2026-06-09', '2026-06-09 12:19:26', '2026-06-09 13:44:17'),
(63, 13, 100.00, '2026-06-09', '2026-06-09 12:19:26', '2026-06-09 13:44:17'),
(64, 39, 97.00, '2026-06-09', '2026-06-09 12:19:26', '2026-06-09 13:44:17'),
(65, 48, 100.00, '2026-06-09', '2026-06-09 12:19:26', '2026-06-09 13:44:17'),
(66, 147, 100.00, '2026-06-09', '2026-06-09 12:19:26', '2026-06-09 13:44:17'),
(67, 40, 100.00, '2026-06-09', '2026-06-09 12:19:26', '2026-06-09 13:44:17'),
(68, 148, 100.00, '2026-06-09', '2026-06-09 12:19:26', '2026-06-09 13:44:17'),
(69, 14, 100.00, '2026-06-09', '2026-06-09 12:19:26', '2026-06-09 13:44:17'),
(70, 41, 100.00, '2026-06-09', '2026-06-09 12:19:26', '2026-06-09 13:44:17'),
(71, 149, 100.00, '2026-06-09', '2026-06-09 12:19:26', '2026-06-09 13:44:17'),
(72, 150, 99.00, '2026-06-09', '2026-06-09 12:19:26', '2026-06-09 13:44:17'),
(73, 151, 100.00, '2026-06-09', '2026-06-09 12:19:26', '2026-06-09 13:44:17'),
(74, 152, 100.00, '2026-06-09', '2026-06-09 12:19:26', '2026-06-09 13:44:17'),
(75, 153, 100.00, '2026-06-09', '2026-06-09 12:19:26', '2026-06-09 13:44:17'),
(76, 154, 100.00, '2026-06-09', '2026-06-09 12:19:26', '2026-06-09 13:44:17'),
(77, 155, 100.00, '2026-06-09', '2026-06-09 12:19:26', '2026-06-09 13:44:17'),
(78, 156, 100.00, '2026-06-09', '2026-06-09 12:19:26', '2026-06-09 13:44:17'),
(79, 157, 100.00, '2026-06-09', '2026-06-09 12:19:26', '2026-06-09 13:44:17'),
(80, 158, 95.00, '2026-06-09', '2026-06-09 12:19:26', '2026-06-09 13:44:17'),
(81, 159, 100.00, '2026-06-09', '2026-06-09 12:19:26', '2026-06-09 13:44:17'),
(82, 160, 100.00, '2026-06-09', '2026-06-09 12:19:26', '2026-06-09 13:44:17'),
(83, 161, 100.00, '2026-06-09', '2026-06-09 12:19:26', '2026-06-09 13:44:17'),
(84, 162, 100.00, '2026-06-09', '2026-06-09 12:19:26', '2026-06-09 13:44:17'),
(85, 163, 100.00, '2026-06-09', '2026-06-09 12:19:26', '2026-06-09 13:44:17'),
(86, 42, 100.00, '2026-06-09', '2026-06-09 12:19:26', '2026-06-09 13:44:17'),
(87, 164, 99.00, '2026-06-09', '2026-06-09 12:19:26', '2026-06-09 13:44:17'),
(88, 165, 100.00, '2026-06-09', '2026-06-09 12:19:26', '2026-06-09 13:44:17'),
(89, 166, 100.00, '2026-06-09', '2026-06-09 12:19:26', '2026-06-09 13:44:17'),
(90, 167, 100.00, '2026-06-09', '2026-06-09 12:19:26', '2026-06-09 13:44:17'),
(91, 168, 100.00, '2026-06-09', '2026-06-09 12:19:26', '2026-06-09 13:44:17'),
(92, 169, 100.00, '2026-06-09', '2026-06-09 12:19:26', '2026-06-09 13:44:17'),
(93, 170, 100.00, '2026-06-09', '2026-06-09 12:19:26', '2026-06-09 13:44:17'),
(94, 171, 100.00, '2026-06-09', '2026-06-09 12:19:26', '2026-06-09 13:44:17'),
(95, 172, 100.00, '2026-06-09', '2026-06-09 12:19:26', '2026-06-09 13:44:17'),
(96, 173, 100.00, '2026-06-09', '2026-06-09 12:19:26', '2026-06-09 13:44:17'),
(97, 174, 99.00, '2026-06-09', '2026-06-09 12:19:26', '2026-06-09 13:44:17'),
(98, 175, 100.00, '2026-06-09', '2026-06-09 12:19:26', '2026-06-09 13:44:17'),
(99, 176, 99.00, '2026-06-09', '2026-06-09 12:19:26', '2026-06-09 13:44:17'),
(100, 177, 99.00, '2026-06-09', '2026-06-09 12:19:26', '2026-06-09 13:44:17'),
(101, 178, 99.00, '2026-06-09', '2026-06-09 12:19:26', '2026-06-09 13:44:17'),
(102, 179, 100.00, '2026-06-09', '2026-06-09 12:19:26', '2026-06-09 13:44:17'),
(103, 180, 99.00, '2026-06-09', '2026-06-09 12:19:26', '2026-06-09 13:44:17'),
(104, 181, 98.00, '2026-06-09', '2026-06-09 12:19:26', '2026-06-09 13:44:17'),
(105, 182, 100.00, '2026-06-09', '2026-06-09 12:19:26', '2026-06-09 13:44:17'),
(106, 183, 100.00, '2026-06-09', '2026-06-09 12:19:26', '2026-06-09 13:44:17'),
(108, 185, 100.00, '2026-06-09', '2026-06-09 12:19:26', '2026-06-09 13:44:17'),
(109, 186, 100.00, '2026-06-09', '2026-06-09 12:19:26', '2026-06-09 13:44:17'),
(110, 187, 98.00, '2026-06-09', '2026-06-09 12:19:26', '2026-06-09 13:44:17'),
(111, 188, 98.00, '2026-06-09', '2026-06-09 12:19:26', '2026-06-09 13:44:17'),
(112, 189, 99.00, '2026-06-09', '2026-06-09 12:19:26', '2026-06-09 13:44:17'),
(113, 190, 97.00, '2026-06-09', '2026-06-09 12:19:26', '2026-06-09 13:44:17'),
(114, 191, 93.00, '2026-06-09', '2026-06-09 12:19:26', '2026-06-09 13:44:17'),
(115, 192, 99.00, '2026-06-09', '2026-06-09 12:19:26', '2026-06-09 13:44:17'),
(116, 193, 99.00, '2026-06-09', '2026-06-09 12:19:26', '2026-06-09 13:44:17'),
(117, 194, 99.00, '2026-06-09', '2026-06-09 12:19:26', '2026-06-09 13:44:17'),
(118, 195, 100.00, '2026-06-09', '2026-06-09 12:19:26', '2026-06-09 13:44:17'),
(119, 196, 98.00, '2026-06-09', '2026-06-09 12:19:26', '2026-06-09 13:44:17'),
(120, 197, 100.00, '2026-06-09', '2026-06-09 12:19:26', '2026-06-09 13:44:17'),
(121, 198, 100.00, '2026-06-09', '2026-06-09 12:19:26', '2026-06-09 13:44:17'),
(122, 199, 100.00, '2026-06-09', '2026-06-09 12:19:26', '2026-06-09 13:44:17'),
(123, 200, 100.00, '2026-06-09', '2026-06-09 12:19:26', '2026-06-09 13:44:17'),
(124, 202, 98.00, '2026-06-09', '2026-06-09 12:19:26', '2026-06-09 13:44:17'),
(125, 203, 100.00, '2026-06-09', '2026-06-09 12:19:26', '2026-06-09 13:44:17'),
(126, 204, 100.00, '2026-06-09', '2026-06-09 12:19:26', '2026-06-09 13:44:17'),
(127, 205, 100.00, '2026-06-09', '2026-06-09 12:19:26', '2026-06-09 13:44:17'),
(128, 206, 100.00, '2026-06-09', '2026-06-09 12:19:26', '2026-06-09 13:44:17'),
(129, 207, 100.00, '2026-06-09', '2026-06-09 12:19:26', '2026-06-09 13:44:17'),
(130, 208, 100.00, '2026-06-09', '2026-06-09 12:19:26', '2026-06-09 13:44:17'),
(131, 209, 99.00, '2026-06-09', '2026-06-09 12:19:26', '2026-06-09 13:44:17'),
(132, 210, 100.00, '2026-06-09', '2026-06-09 12:19:26', '2026-06-09 13:44:17'),
(133, 211, 99.00, '2026-06-09', '2026-06-09 12:19:26', '2026-06-09 13:44:17'),
(134, 212, 99.00, '2026-06-09', '2026-06-09 12:19:26', '2026-06-09 13:44:17'),
(135, 213, 100.00, '2026-06-09', '2026-06-09 12:19:26', '2026-06-09 13:44:17'),
(136, 214, 100.00, '2026-06-09', '2026-06-09 12:19:26', '2026-06-09 13:44:17'),
(137, 215, 100.00, '2026-06-09', '2026-06-09 12:19:26', '2026-06-09 13:44:17'),
(138, 216, 97.00, '2026-06-09', '2026-06-09 12:19:26', '2026-06-09 13:44:17'),
(139, 217, 100.00, '2026-06-09', '2026-06-09 12:19:26', '2026-06-09 13:44:17'),
(140, 218, 99.00, '2026-06-09', '2026-06-09 12:19:26', '2026-06-09 13:44:17'),
(141, 219, 94.00, '2026-06-09', '2026-06-09 12:19:26', '2026-06-09 13:44:17'),
(142, 45, 100.00, '2026-06-09', '2026-06-09 12:19:26', '2026-06-09 13:44:17'),
(143, 46, 97.00, '2026-06-09', '2026-06-09 12:19:26', '2026-06-09 13:44:17'),
(144, 51, 100.00, '2026-06-09', '2026-06-09 12:19:26', '2026-06-09 13:44:17'),
(145, 50, 100.00, '2026-06-09', '2026-06-09 12:19:26', '2026-06-09 13:44:17'),
(146, 21, 100.00, '2026-06-09', '2026-06-09 12:19:26', '2026-06-09 13:44:17'),
(147, 52, 99.00, '2026-06-09', '2026-06-09 12:19:26', '2026-06-09 13:44:17'),
(148, 53, 100.00, '2026-06-09', '2026-06-09 12:19:26', '2026-06-09 13:44:17'),
(149, 49, 100.00, '2026-06-09', '2026-06-09 12:19:26', '2026-06-09 13:44:17'),
(150, 220, 100.00, '2026-06-09', '2026-06-09 12:19:26', '2026-06-09 13:44:17'),
(151, 221, 100.00, '2026-06-09', '2026-06-09 12:19:26', '2026-06-09 13:44:17'),
(152, 47, 100.00, '2026-06-09', '2026-06-09 12:19:26', '2026-06-09 13:44:17'),
(153, 58, 100.00, '2026-06-09', '2026-06-09 12:19:26', '2026-06-09 13:44:17'),
(154, 61, 100.00, '2026-06-09', '2026-06-09 12:19:26', '2026-06-09 13:44:17'),
(155, 62, 100.00, '2026-06-09', '2026-06-09 12:19:26', '2026-06-09 13:44:17'),
(156, 60, 99.00, '2026-06-09', '2026-06-09 12:19:26', '2026-06-09 13:44:17'),
(157, 57, 100.00, '2026-06-09', '2026-06-09 12:19:26', '2026-06-09 13:44:17'),
(158, 67, 98.00, '2026-06-09', '2026-06-09 12:19:26', '2026-06-09 13:44:17'),
(159, 65, 97.00, '2026-06-09', '2026-06-09 12:19:26', '2026-06-09 13:44:17'),
(160, 68, 98.00, '2026-06-09', '2026-06-09 12:19:26', '2026-06-09 13:44:17'),
(161, 59, 100.00, '2026-06-09', '2026-06-09 12:19:26', '2026-06-09 13:44:17'),
(162, 63, 100.00, '2026-06-09', '2026-06-09 12:19:26', '2026-06-09 13:44:17'),
(163, 222, 100.00, '2026-06-09', '2026-06-09 12:19:26', '2026-06-09 13:44:17'),
(164, 56, 100.00, '2026-06-09', '2026-06-09 12:19:26', '2026-06-09 13:44:17'),
(165, 223, 100.00, '2026-06-09', '2026-06-09 12:19:26', '2026-06-09 13:44:17'),
(166, 66, 100.00, '2026-06-09', '2026-06-09 12:19:26', '2026-06-09 13:44:17'),
(167, 71, 100.00, '2026-06-09', '2026-06-09 12:19:26', '2026-06-09 13:44:17'),
(168, 70, 99.00, '2026-06-09', '2026-06-09 12:19:26', '2026-06-09 13:44:17'),
(169, 22, 100.00, '2026-06-09', '2026-06-09 12:19:26', '2026-06-09 13:44:17'),
(170, 54, 100.00, '2026-06-09', '2026-06-09 12:19:26', '2026-06-09 13:44:17'),
(171, 55, 100.00, '2026-06-09', '2026-06-09 12:19:26', '2026-06-09 13:44:17'),
(173, 225, 99.00, '2026-06-09', '2026-06-09 12:19:26', '2026-06-09 13:44:17'),
(174, 226, 100.00, '2026-06-09', '2026-06-09 12:19:26', '2026-06-09 13:44:17'),
(175, 228, 99.00, '2026-06-09', '2026-06-09 12:19:26', '2026-06-09 13:44:17'),
(176, 229, 100.00, '2026-06-09', '2026-06-09 12:19:26', '2026-06-09 13:44:17'),
(177, 230, 94.00, '2026-06-09', '2026-06-09 12:19:26', '2026-06-09 13:44:17'),
(178, 231, 99.00, '2026-06-09', '2026-06-09 12:19:26', '2026-06-09 13:44:17'),
(179, 232, 99.00, '2026-06-09', '2026-06-09 12:19:26', '2026-06-09 13:44:17'),
(180, 233, 100.00, '2026-06-09', '2026-06-09 12:19:26', '2026-06-09 13:44:17'),
(181, 234, 100.00, '2026-06-09', '2026-06-09 12:19:26', '2026-06-09 13:44:17'),
(182, 235, 100.00, '2026-06-09', '2026-06-09 12:19:26', '2026-06-09 13:44:17'),
(183, 236, 100.00, '2026-06-09', '2026-06-09 12:19:26', '2026-06-09 13:44:17'),
(184, 237, 100.00, '2026-06-09', '2026-06-09 12:19:26', '2026-06-09 13:44:17'),
(185, 238, 100.00, '2026-06-09', '2026-06-09 12:19:26', '2026-06-09 13:44:17'),
(186, 240, 95.00, '2026-06-09', '2026-06-09 12:19:26', '2026-06-09 13:44:17'),
(187, 241, 99.00, '2026-06-09', '2026-06-09 12:19:26', '2026-06-09 13:44:17'),
(188, 242, 100.00, '2026-06-09', '2026-06-09 12:19:26', '2026-06-09 13:44:17'),
(189, 243, 100.00, '2026-06-09', '2026-06-09 12:19:26', '2026-06-09 13:44:17'),
(190, 244, 100.00, '2026-06-09', '2026-06-09 12:19:26', '2026-06-09 13:44:17'),
(191, 245, 100.00, '2026-06-09', '2026-06-09 12:19:26', '2026-06-09 13:44:17'),
(192, 246, 100.00, '2026-06-09', '2026-06-09 12:19:26', '2026-06-09 13:44:17'),
(193, 247, 100.00, '2026-06-09', '2026-06-09 12:19:26', '2026-06-09 13:44:17'),
(194, 248, 99.00, '2026-06-09', '2026-06-09 12:19:26', '2026-06-09 13:44:17'),
(195, 249, 100.00, '2026-06-09', '2026-06-09 12:19:26', '2026-06-09 13:44:17'),
(196, 250, 97.00, '2026-06-09', '2026-06-09 12:19:26', '2026-06-09 13:44:17'),
(197, 251, 99.00, '2026-06-09', '2026-06-09 12:19:26', '2026-06-09 13:44:17'),
(198, 252, 100.00, '2026-06-09', '2026-06-09 12:19:26', '2026-06-09 13:44:17'),
(199, 253, 100.00, '2026-06-09', '2026-06-09 12:19:26', '2026-06-09 13:44:17'),
(200, 254, 99.00, '2026-06-09', '2026-06-09 12:19:26', '2026-06-09 13:44:17'),
(201, 255, 99.00, '2026-06-09', '2026-06-09 12:19:26', '2026-06-09 13:44:17'),
(202, 256, 100.00, '2026-06-09', '2026-06-09 12:19:26', '2026-06-09 13:44:17'),
(203, 257, 100.00, '2026-06-09', '2026-06-09 12:19:26', '2026-06-09 13:44:17'),
(204, 258, 100.00, '2026-06-09', '2026-06-09 12:19:26', '2026-06-09 13:44:17'),
(205, 259, 97.00, '2026-06-09', '2026-06-09 12:19:26', '2026-06-09 13:44:17'),
(206, 261, 98.00, '2026-06-09', '2026-06-09 12:19:26', '2026-06-09 13:44:17'),
(207, 262, 100.00, '2026-06-09', '2026-06-09 12:19:26', '2026-06-09 13:44:17'),
(208, 263, 99.00, '2026-06-09', '2026-06-09 12:19:26', '2026-06-09 13:44:17'),
(209, 267, 100.00, '2026-06-09', '2026-06-09 12:19:26', '2026-06-09 13:44:17'),
(210, 268, 100.00, '2026-06-09', '2026-06-09 12:19:26', '2026-06-09 13:44:17'),
(211, 269, 100.00, '2026-06-09', '2026-06-09 12:19:26', '2026-06-09 13:44:17'),
(212, 271, 100.00, '2026-06-09', '2026-06-09 12:19:26', '2026-06-09 13:44:17'),
(213, 272, 100.00, '2026-06-09', '2026-06-09 12:19:26', '2026-06-09 13:44:17'),
(214, 273, 100.00, '2026-06-09', '2026-06-09 12:19:26', '2026-06-09 13:44:17'),
(215, 274, 100.00, '2026-06-09', '2026-06-09 12:19:26', '2026-06-09 13:44:17'),
(216, 275, 100.00, '2026-06-09', '2026-06-09 12:19:26', '2026-06-09 13:44:17'),
(217, 276, 100.00, '2026-06-09', '2026-06-09 12:19:26', '2026-06-09 13:44:17'),
(218, 277, 100.00, '2026-06-09', '2026-06-09 12:19:26', '2026-06-09 13:44:17'),
(219, 278, 100.00, '2026-06-09', '2026-06-09 12:19:26', '2026-06-09 13:44:17'),
(220, 279, 99.00, '2026-06-09', '2026-06-09 12:19:26', '2026-06-09 13:44:17'),
(221, 280, 98.00, '2026-06-09', '2026-06-09 12:19:26', '2026-06-09 13:44:17'),
(222, 281, 99.00, '2026-06-09', '2026-06-09 12:19:26', '2026-06-09 13:44:17'),
(223, 282, 100.00, '2026-06-09', '2026-06-09 12:19:26', '2026-06-09 13:44:17'),
(224, 283, 100.00, '2026-06-09', '2026-06-09 12:19:26', '2026-06-09 13:44:17'),
(225, 284, 100.00, '2026-06-09', '2026-06-09 12:19:26', '2026-06-09 13:44:17'),
(226, 285, 100.00, '2026-06-09', '2026-06-09 12:19:26', '2026-06-09 13:44:17'),
(227, 286, 100.00, '2026-06-09', '2026-06-09 12:19:26', '2026-06-09 13:44:17'),
(228, 287, 100.00, '2026-06-09', '2026-06-09 12:19:26', '2026-06-09 13:44:17'),
(229, 288, 100.00, '2026-06-09', '2026-06-09 12:19:26', '2026-06-09 13:44:17'),
(230, 289, 100.00, '2026-06-09', '2026-06-09 12:19:26', '2026-06-09 13:44:17'),
(231, 290, 100.00, '2026-06-09', '2026-06-09 12:19:26', '2026-06-09 13:44:17'),
(232, 291, 100.00, '2026-06-09', '2026-06-09 12:19:26', '2026-06-09 13:44:17'),
(233, 292, 99.00, '2026-06-09', '2026-06-09 12:19:26', '2026-06-09 13:44:17'),
(234, 293, 100.00, '2026-06-09', '2026-06-09 12:19:26', '2026-06-09 13:44:17'),
(235, 294, 100.00, '2026-06-09', '2026-06-09 12:19:26', '2026-06-09 13:44:17'),
(236, 295, 99.00, '2026-06-09', '2026-06-09 12:19:26', '2026-06-09 13:44:17'),
(237, 296, 100.00, '2026-06-09', '2026-06-09 12:19:26', '2026-06-09 13:44:17'),
(238, 297, 96.00, '2026-06-09', '2026-06-09 12:19:26', '2026-06-09 13:44:17'),
(239, 298, 100.00, '2026-06-09', '2026-06-09 12:19:26', '2026-06-09 13:44:17'),
(240, 299, 100.00, '2026-06-09', '2026-06-09 12:19:26', '2026-06-09 13:44:17'),
(241, 300, 100.00, '2026-06-09', '2026-06-09 12:19:26', '2026-06-09 13:44:17'),
(242, 301, 100.00, '2026-06-09', '2026-06-09 12:19:26', '2026-06-09 13:44:17'),
(243, 302, 100.00, '2026-06-09', '2026-06-09 12:19:26', '2026-06-09 13:44:17'),
(244, 303, 100.00, '2026-06-09', '2026-06-09 12:19:26', '2026-06-09 13:44:17'),
(245, 304, 100.00, '2026-06-09', '2026-06-09 12:19:26', '2026-06-09 13:44:17'),
(246, 305, 100.00, '2026-06-09', '2026-06-09 12:19:26', '2026-06-09 13:44:17'),
(247, 306, 100.00, '2026-06-09', '2026-06-09 12:19:26', '2026-06-09 13:44:17'),
(248, 307, 100.00, '2026-06-09', '2026-06-09 12:19:26', '2026-06-09 13:44:17'),
(249, 308, 100.00, '2026-06-09', '2026-06-09 12:19:26', '2026-06-09 13:44:17'),
(250, 309, 100.00, '2026-06-09', '2026-06-09 12:19:26', '2026-06-09 13:44:17'),
(251, 310, 98.00, '2026-06-09', '2026-06-09 12:19:26', '2026-06-09 13:44:17'),
(252, 311, 100.00, '2026-06-09', '2026-06-09 12:19:26', '2026-06-09 13:44:17'),
(253, 312, 100.00, '2026-06-09', '2026-06-09 12:19:26', '2026-06-09 13:44:17'),
(254, 313, 100.00, '2026-06-09', '2026-06-09 12:19:26', '2026-06-09 13:44:17'),
(255, 314, 100.00, '2026-06-09', '2026-06-09 12:19:26', '2026-06-09 13:44:17'),
(256, 315, 100.00, '2026-06-09', '2026-06-09 12:19:26', '2026-06-09 13:44:17'),
(257, 316, 100.00, '2026-06-09', '2026-06-09 12:19:26', '2026-06-09 13:44:17'),
(258, 317, 100.00, '2026-06-09', '2026-06-09 12:19:26', '2026-06-09 13:44:17'),
(259, 318, 100.00, '2026-06-09', '2026-06-09 12:19:26', '2026-06-09 13:44:17'),
(260, 319, 100.00, '2026-06-09', '2026-06-09 12:19:26', '2026-06-09 13:44:17'),
(261, 320, 99.00, '2026-06-09', '2026-06-09 12:19:26', '2026-06-09 13:44:17'),
(262, 321, 100.00, '2026-06-09', '2026-06-09 12:19:26', '2026-06-09 13:44:17'),
(263, 322, 100.00, '2026-06-09', '2026-06-09 12:19:26', '2026-06-09 13:44:17'),
(264, 323, 100.00, '2026-06-09', '2026-06-09 12:19:26', '2026-06-09 13:44:17'),
(266, 325, 100.00, '2026-06-09', '2026-06-09 12:19:26', '2026-06-09 13:44:17'),
(267, 326, 100.00, '2026-06-09', '2026-06-09 12:19:26', '2026-06-09 13:44:17'),
(268, 327, 100.00, '2026-06-09', '2026-06-09 12:19:26', '2026-06-09 13:44:17'),
(269, 328, 100.00, '2026-06-09', '2026-06-09 12:19:26', '2026-06-09 13:44:17'),
(270, 329, 100.00, '2026-06-09', '2026-06-09 12:19:26', '2026-06-09 13:44:17'),
(271, 330, 100.00, '2026-06-09', '2026-06-09 12:19:26', '2026-06-09 13:44:17'),
(272, 331, 100.00, '2026-06-09', '2026-06-09 12:19:26', '2026-06-09 13:44:17'),
(273, 332, 99.00, '2026-06-09', '2026-06-09 12:19:26', '2026-06-09 13:44:17'),
(274, 333, 100.00, '2026-06-09', '2026-06-09 12:19:26', '2026-06-09 13:44:17'),
(275, 334, 100.00, '2026-06-09', '2026-06-09 12:19:26', '2026-06-09 13:44:17'),
(276, 335, 100.00, '2026-06-09', '2026-06-09 12:19:26', '2026-06-09 13:44:17'),
(277, 336, 97.00, '2026-06-09', '2026-06-09 12:19:26', '2026-06-09 13:44:17'),
(278, 337, 100.00, '2026-06-09', '2026-06-09 12:19:26', '2026-06-09 13:44:17'),
(279, 338, 100.00, '2026-06-09', '2026-06-09 12:19:26', '2026-06-09 13:44:17'),
(280, 339, 100.00, '2026-06-09', '2026-06-09 12:19:26', '2026-06-09 13:44:17'),
(281, 340, 100.00, '2026-06-09', '2026-06-09 12:19:26', '2026-06-09 13:44:17'),
(282, 341, 100.00, '2026-06-09', '2026-06-09 12:19:26', '2026-06-09 13:44:17'),
(283, 342, 100.00, '2026-06-09', '2026-06-09 12:19:26', '2026-06-09 13:44:17'),
(284, 343, 100.00, '2026-06-09', '2026-06-09 12:19:26', '2026-06-09 13:44:17'),
(285, 344, 100.00, '2026-06-09', '2026-06-09 12:19:26', '2026-06-09 13:44:17'),
(286, 345, 100.00, '2026-06-09', '2026-06-09 12:19:26', '2026-06-09 13:44:17'),
(287, 346, 100.00, '2026-06-09', '2026-06-09 12:19:26', '2026-06-09 13:44:17'),
(288, 347, 100.00, '2026-06-09', '2026-06-09 12:19:26', '2026-06-09 13:44:17'),
(289, 348, 100.00, '2026-06-09', '2026-06-09 12:19:26', '2026-06-09 13:44:17'),
(290, 349, 100.00, '2026-06-09', '2026-06-09 12:19:26', '2026-06-09 13:44:17'),
(291, 350, 100.00, '2026-06-09', '2026-06-09 12:19:26', '2026-06-09 13:44:17'),
(292, 351, 100.00, '2026-06-09', '2026-06-09 12:19:26', '2026-06-09 13:44:17'),
(293, 352, 100.00, '2026-06-09', '2026-06-09 12:19:26', '2026-06-09 13:44:17'),
(294, 353, 100.00, '2026-06-09', '2026-06-09 12:19:26', '2026-06-09 13:44:17'),
(295, 354, 100.00, '2026-06-09', '2026-06-09 12:19:26', '2026-06-09 13:44:17'),
(297, 356, 100.00, '2026-06-09', '2026-06-09 12:19:26', '2026-06-09 13:44:17'),
(298, 357, 100.00, '2026-06-09', '2026-06-09 12:19:26', '2026-06-09 13:44:17'),
(299, 358, 100.00, '2026-06-09', '2026-06-09 12:19:26', '2026-06-09 13:44:17'),
(300, 359, 100.00, '2026-06-09', '2026-06-09 12:19:26', '2026-06-09 13:44:17'),
(301, 360, 100.00, '2026-06-09', '2026-06-09 12:19:26', '2026-06-09 13:44:17'),
(302, 361, 100.00, '2026-06-09', '2026-06-09 12:19:26', '2026-06-09 13:44:17'),
(303, 362, 99.00, '2026-06-09', '2026-06-09 12:19:26', '2026-06-09 13:44:17'),
(304, 363, 100.00, '2026-06-09', '2026-06-09 12:19:26', '2026-06-09 13:44:17'),
(305, 364, 100.00, '2026-06-09', '2026-06-09 12:19:26', '2026-06-09 13:44:17'),
(306, 365, 95.00, '2026-06-09', '2026-06-09 12:19:26', '2026-06-09 13:44:17'),
(307, 366, 100.00, '2026-06-09', '2026-06-09 12:19:26', '2026-06-09 13:44:17'),
(308, 367, 100.00, '2026-06-09', '2026-06-09 12:19:26', '2026-06-09 13:44:17'),
(309, 369, 99.00, '2026-06-09', '2026-06-09 12:19:26', '2026-06-09 13:44:17'),
(310, 370, 100.00, '2026-06-09', '2026-06-09 12:19:26', '2026-06-09 13:44:17'),
(311, 371, 100.00, '2026-06-09', '2026-06-09 12:19:26', '2026-06-09 13:44:17'),
(312, 373, 99.00, '2026-06-09', '2026-06-09 12:19:26', '2026-06-09 13:44:17'),
(313, 374, 96.00, '2026-06-09', '2026-06-09 12:19:26', '2026-06-09 13:44:17'),
(314, 375, 98.00, '2026-06-09', '2026-06-09 12:19:26', '2026-06-09 13:44:17'),
(315, 376, 99.00, '2026-06-09', '2026-06-09 12:19:26', '2026-06-09 13:44:17'),
(316, 378, 98.00, '2026-06-09', '2026-06-09 12:19:26', '2026-06-09 13:44:17'),
(317, 379, 99.00, '2026-06-09', '2026-06-09 12:19:26', '2026-06-09 13:44:17'),
(318, 380, 95.00, '2026-06-09', '2026-06-09 12:19:26', '2026-06-09 13:44:17'),
(319, 381, 99.00, '2026-06-09', '2026-06-09 12:19:26', '2026-06-09 13:44:17'),
(320, 382, 100.00, '2026-06-09', '2026-06-09 12:19:26', '2026-06-09 13:44:17'),
(321, 383, 99.00, '2026-06-09', '2026-06-09 12:19:26', '2026-06-09 13:44:17'),
(322, 384, 95.00, '2026-06-09', '2026-06-09 12:19:26', '2026-06-09 13:44:17'),
(323, 385, 99.00, '2026-06-09', '2026-06-09 12:19:26', '2026-06-09 13:44:17'),
(324, 386, 100.00, '2026-06-09', '2026-06-09 12:19:26', '2026-06-09 13:44:17'),
(325, 387, 99.00, '2026-06-09', '2026-06-09 12:19:26', '2026-06-09 13:44:17'),
(326, 388, 93.00, '2026-06-09', '2026-06-09 12:19:26', '2026-06-09 13:44:17'),
(327, 389, 100.00, '2026-06-09', '2026-06-09 12:19:26', '2026-06-09 13:44:17'),
(328, 390, 95.00, '2026-06-09', '2026-06-09 12:19:26', '2026-06-09 13:44:17'),
(329, 391, 100.00, '2026-06-09', '2026-06-09 12:19:26', '2026-06-09 13:44:17'),
(330, 392, 99.00, '2026-06-09', '2026-06-09 12:19:26', '2026-06-09 13:44:17'),
(331, 393, 97.00, '2026-06-09', '2026-06-09 12:19:26', '2026-06-09 13:44:17'),
(332, 394, 100.00, '2026-06-09', '2026-06-09 12:19:26', '2026-06-09 13:44:17'),
(333, 395, 99.00, '2026-06-09', '2026-06-09 12:19:26', '2026-06-09 13:44:17'),
(334, 907, 99.00, '2026-06-09', '2026-06-09 12:19:26', '2026-06-09 13:44:17'),
(335, 397, 92.00, '2026-06-09', '2026-06-09 12:19:26', '2026-06-09 13:44:17'),
(336, 398, 92.00, '2026-06-09', '2026-06-09 12:19:26', '2026-06-09 13:44:17'),
(337, 399, 98.00, '2026-06-09', '2026-06-09 12:19:26', '2026-06-09 13:44:17'),
(338, 400, 100.00, '2026-06-09', '2026-06-09 12:19:26', '2026-06-09 13:44:17'),
(339, 401, 98.00, '2026-06-09', '2026-06-09 12:19:26', '2026-06-09 13:44:17'),
(340, 402, 98.00, '2026-06-09', '2026-06-09 12:19:26', '2026-06-09 13:44:17'),
(341, 403, 100.00, '2026-06-09', '2026-06-09 12:19:26', '2026-06-09 13:44:17'),
(342, 404, 100.00, '2026-06-09', '2026-06-09 12:19:26', '2026-06-09 13:44:17'),
(343, 405, 100.00, '2026-06-09', '2026-06-09 12:19:26', '2026-06-09 13:44:17'),
(344, 407, 100.00, '2026-06-09', '2026-06-09 12:19:26', '2026-06-09 13:44:17'),
(345, 408, 100.00, '2026-06-09', '2026-06-09 12:19:26', '2026-06-09 13:44:17'),
(346, 409, 100.00, '2026-06-09', '2026-06-09 12:19:26', '2026-06-09 13:44:17'),
(347, 16, 100.00, '2026-06-09', '2026-06-09 12:19:26', '2026-06-09 13:44:17'),
(348, 17, 100.00, '2026-06-09', '2026-06-09 12:19:26', '2026-06-09 13:44:17'),
(349, 43, 99.00, '2026-06-09', '2026-06-09 12:19:26', '2026-06-09 13:44:17'),
(350, 74, 100.00, '2026-06-09', '2026-06-09 12:19:26', '2026-06-09 13:44:17'),
(351, 75, 100.00, '2026-06-09', '2026-06-09 12:19:26', '2026-06-09 13:44:17'),
(352, 410, 99.00, '2026-06-09', '2026-06-09 12:19:26', '2026-06-09 13:44:17'),
(353, 411, 100.00, '2026-06-09', '2026-06-09 12:19:26', '2026-06-09 13:44:17'),
(354, 412, 99.00, '2026-06-09', '2026-06-09 12:19:26', '2026-06-09 13:44:17'),
(355, 413, 95.00, '2026-06-09', '2026-06-09 12:19:26', '2026-06-09 13:44:17'),
(356, 414, 99.00, '2026-06-09', '2026-06-09 12:19:26', '2026-06-09 13:44:17'),
(357, 415, 100.00, '2026-06-09', '2026-06-09 12:19:26', '2026-06-09 13:44:17'),
(358, 416, 98.00, '2026-06-09', '2026-06-09 12:19:26', '2026-06-09 13:44:17'),
(359, 417, 100.00, '2026-06-09', '2026-06-09 12:19:26', '2026-06-09 13:44:17'),
(360, 418, 100.00, '2026-06-09', '2026-06-09 12:19:26', '2026-06-09 13:44:17'),
(361, 419, 100.00, '2026-06-09', '2026-06-09 12:19:26', '2026-06-09 13:44:17'),
(362, 420, 99.00, '2026-06-09', '2026-06-09 12:19:26', '2026-06-09 13:44:17'),
(363, 421, 96.00, '2026-06-09', '2026-06-09 12:19:26', '2026-06-09 13:44:17'),
(364, 422, 100.00, '2026-06-09', '2026-06-09 12:19:26', '2026-06-09 13:44:17'),
(365, 423, 100.00, '2026-06-09', '2026-06-09 12:19:26', '2026-06-09 13:44:17'),
(366, 424, 100.00, '2026-06-09', '2026-06-09 12:19:26', '2026-06-09 13:44:17'),
(367, 425, 100.00, '2026-06-09', '2026-06-09 12:19:26', '2026-06-09 13:44:17'),
(368, 426, 100.00, '2026-06-09', '2026-06-09 12:19:26', '2026-06-09 13:44:17'),
(369, 427, 100.00, '2026-06-09', '2026-06-09 12:19:26', '2026-06-09 13:44:17'),
(370, 428, 100.00, '2026-06-09', '2026-06-09 12:19:26', '2026-06-09 13:44:17'),
(371, 429, 100.00, '2026-06-09', '2026-06-09 12:19:26', '2026-06-09 13:44:17'),
(372, 430, 100.00, '2026-06-09', '2026-06-09 12:19:26', '2026-06-09 13:44:17'),
(373, 76, 100.00, '2026-06-09', '2026-06-09 12:19:26', '2026-06-09 13:44:17'),
(374, 73, 100.00, '2026-06-09', '2026-06-09 12:19:26', '2026-06-09 13:44:17'),
(375, 72, 100.00, '2026-06-09', '2026-06-09 12:19:26', '2026-06-09 13:44:17'),
(376, 432, 100.00, '2026-06-09', '2026-06-09 12:19:26', '2026-06-09 13:44:17'),
(377, 433, 100.00, '2026-06-09', '2026-06-09 12:19:26', '2026-06-09 13:44:17'),
(378, 434, 100.00, '2026-06-09', '2026-06-09 12:19:26', '2026-06-09 13:44:17'),
(379, 435, 100.00, '2026-06-09', '2026-06-09 12:19:26', '2026-06-09 13:44:17'),
(380, 436, 100.00, '2026-06-09', '2026-06-09 12:19:26', '2026-06-09 13:44:17'),
(381, 437, 100.00, '2026-06-09', '2026-06-09 12:19:26', '2026-06-09 13:44:17'),
(382, 438, 100.00, '2026-06-09', '2026-06-09 12:19:26', '2026-06-09 13:44:17'),
(383, 439, 100.00, '2026-06-09', '2026-06-09 12:19:26', '2026-06-09 13:44:17'),
(384, 440, 100.00, '2026-06-09', '2026-06-09 12:19:26', '2026-06-09 13:44:17'),
(385, 441, 100.00, '2026-06-09', '2026-06-09 12:19:26', '2026-06-09 13:44:17'),
(386, 442, 100.00, '2026-06-09', '2026-06-09 12:19:26', '2026-06-09 13:44:17'),
(387, 443, 100.00, '2026-06-09', '2026-06-09 12:19:26', '2026-06-09 13:44:17'),
(388, 444, 100.00, '2026-06-09', '2026-06-09 12:19:26', '2026-06-09 13:44:17'),
(389, 445, 100.00, '2026-06-09', '2026-06-09 12:19:26', '2026-06-09 13:44:17'),
(390, 78, 98.00, '2026-06-09', '2026-06-09 12:19:26', '2026-06-09 13:44:17'),
(391, 19, 100.00, '2026-06-09', '2026-06-09 12:19:26', '2026-06-09 13:44:17'),
(392, 84, 99.00, '2026-06-09', '2026-06-09 12:19:26', '2026-06-09 13:44:17'),
(393, 77, 98.00, '2026-06-09', '2026-06-09 12:19:26', '2026-06-09 13:44:17'),
(394, 80, 100.00, '2026-06-09', '2026-06-09 12:19:26', '2026-06-09 13:44:17'),
(395, 81, 100.00, '2026-06-09', '2026-06-09 12:19:26', '2026-06-09 13:44:17'),
(396, 82, 99.00, '2026-06-09', '2026-06-09 12:19:26', '2026-06-09 13:44:17'),
(397, 20, 100.00, '2026-06-09', '2026-06-09 12:19:26', '2026-06-09 13:44:17'),
(398, 83, 100.00, '2026-06-09', '2026-06-09 12:19:26', '2026-06-09 13:44:17'),
(399, 97, 99.00, '2026-06-09', '2026-06-09 12:19:26', '2026-06-09 13:44:17'),
(400, 100, 100.00, '2026-06-09', '2026-06-09 12:19:26', '2026-06-09 13:44:17'),
(401, 89, 100.00, '2026-06-09', '2026-06-09 12:19:26', '2026-06-09 13:44:17'),
(402, 95, 99.00, '2026-06-09', '2026-06-09 12:19:26', '2026-06-09 13:44:17'),
(403, 88, 99.00, '2026-06-09', '2026-06-09 12:19:26', '2026-06-09 13:44:17'),
(404, 90, 96.00, '2026-06-09', '2026-06-09 12:19:26', '2026-06-09 13:44:17'),
(405, 86, 98.00, '2026-06-09', '2026-06-09 12:19:26', '2026-06-09 13:44:17'),
(406, 93, 100.00, '2026-06-09', '2026-06-09 12:19:26', '2026-06-09 13:44:17'),
(407, 94, 98.00, '2026-06-09', '2026-06-09 12:19:26', '2026-06-09 13:44:17'),
(408, 108, 99.00, '2026-06-09', '2026-06-09 12:19:26', '2026-06-09 13:44:17'),
(409, 101, 100.00, '2026-06-09', '2026-06-09 12:19:26', '2026-06-09 13:44:17'),
(410, 107, 99.00, '2026-06-09', '2026-06-09 12:19:26', '2026-06-09 13:44:17'),
(411, 106, 100.00, '2026-06-09', '2026-06-09 12:19:26', '2026-06-09 13:44:17'),
(412, 99, 100.00, '2026-06-09', '2026-06-09 12:19:26', '2026-06-09 13:44:17'),
(413, 91, 95.00, '2026-06-09', '2026-06-09 12:19:26', '2026-06-09 13:44:17'),
(414, 104, 100.00, '2026-06-09', '2026-06-09 12:19:26', '2026-06-09 13:44:17'),
(415, 103, 100.00, '2026-06-09', '2026-06-09 12:19:26', '2026-06-09 13:44:17'),
(416, 44, 100.00, '2026-06-09', '2026-06-09 12:19:26', '2026-06-09 13:44:17'),
(417, 446, 100.00, '2026-06-09', '2026-06-09 12:19:26', '2026-06-09 13:44:17'),
(418, 105, 95.00, '2026-06-09', '2026-06-09 12:19:26', '2026-06-09 13:44:17'),
(419, 447, 100.00, '2026-06-09', '2026-06-09 12:19:26', '2026-06-09 13:44:17'),
(420, 85, 100.00, '2026-06-09', '2026-06-09 12:19:26', '2026-06-09 13:44:17'),
(421, 109, 100.00, '2026-06-09', '2026-06-09 12:19:26', '2026-06-09 13:44:17'),
(422, 448, 97.00, '2026-06-09', '2026-06-09 12:19:26', '2026-06-09 13:44:17'),
(423, 449, 99.00, '2026-06-09', '2026-06-09 12:19:26', '2026-06-09 13:44:17'),
(424, 450, 100.00, '2026-06-09', '2026-06-09 12:19:26', '2026-06-09 13:44:17'),
(425, 451, 99.00, '2026-06-09', '2026-06-09 12:19:26', '2026-06-09 13:44:17'),
(426, 452, 100.00, '2026-06-09', '2026-06-09 12:19:26', '2026-06-09 13:44:17'),
(427, 453, 99.00, '2026-06-09', '2026-06-09 12:19:26', '2026-06-09 13:44:17'),
(428, 454, 99.00, '2026-06-09', '2026-06-09 12:19:26', '2026-06-09 13:44:17'),
(429, 455, 99.00, '2026-06-09', '2026-06-09 12:19:26', '2026-06-09 13:44:17'),
(430, 456, 100.00, '2026-06-09', '2026-06-09 12:19:26', '2026-06-09 13:44:17'),
(431, 457, 94.00, '2026-06-09', '2026-06-09 12:19:26', '2026-06-09 13:44:17'),
(432, 458, 100.00, '2026-06-09', '2026-06-09 12:19:26', '2026-06-09 13:44:17'),
(433, 459, 100.00, '2026-06-09', '2026-06-09 12:19:26', '2026-06-09 13:44:17'),
(434, 460, 99.00, '2026-06-09', '2026-06-09 12:19:26', '2026-06-09 13:44:17'),
(435, 461, 96.00, '2026-06-09', '2026-06-09 12:19:26', '2026-06-09 13:44:17'),
(436, 462, 100.00, '2026-06-09', '2026-06-09 12:19:26', '2026-06-09 13:44:17'),
(437, 463, 99.00, '2026-06-09', '2026-06-09 12:19:26', '2026-06-09 13:44:17'),
(438, 464, 100.00, '2026-06-09', '2026-06-09 12:19:26', '2026-06-09 13:44:17'),
(439, 465, 99.00, '2026-06-09', '2026-06-09 12:19:26', '2026-06-09 13:44:17'),
(440, 466, 99.00, '2026-06-09', '2026-06-09 12:19:26', '2026-06-09 13:44:17'),
(441, 467, 100.00, '2026-06-09', '2026-06-09 12:19:26', '2026-06-09 13:44:17'),
(442, 468, 99.00, '2026-06-09', '2026-06-09 12:19:26', '2026-06-09 13:44:17'),
(443, 469, 99.00, '2026-06-09', '2026-06-09 12:19:26', '2026-06-09 13:44:17'),
(444, 470, 97.00, '2026-06-09', '2026-06-09 12:19:26', '2026-06-09 13:44:17'),
(445, 471, 98.00, '2026-06-09', '2026-06-09 12:19:26', '2026-06-09 13:44:17'),
(446, 472, 99.00, '2026-06-09', '2026-06-09 12:19:26', '2026-06-09 13:44:17'),
(447, 473, 99.00, '2026-06-09', '2026-06-09 12:19:26', '2026-06-09 13:44:17'),
(448, 474, 99.00, '2026-06-09', '2026-06-09 12:19:26', '2026-06-09 13:44:17'),
(449, 475, 97.00, '2026-06-09', '2026-06-09 12:19:26', '2026-06-09 13:44:17'),
(450, 476, 98.00, '2026-06-09', '2026-06-09 12:19:26', '2026-06-09 13:44:17'),
(451, 477, 100.00, '2026-06-09', '2026-06-09 12:19:26', '2026-06-09 13:44:17'),
(452, 478, 100.00, '2026-06-09', '2026-06-09 12:19:26', '2026-06-09 13:44:17'),
(453, 479, 100.00, '2026-06-09', '2026-06-09 12:19:26', '2026-06-09 13:44:17'),
(454, 480, 93.00, '2026-06-09', '2026-06-09 12:19:26', '2026-06-09 13:44:17'),
(455, 481, 99.00, '2026-06-09', '2026-06-09 12:19:26', '2026-06-09 13:44:17'),
(456, 482, 100.00, '2026-06-09', '2026-06-09 12:19:26', '2026-06-09 13:44:17'),
(457, 483, 100.00, '2026-06-09', '2026-06-09 12:19:26', '2026-06-09 13:44:17'),
(458, 484, 100.00, '2026-06-09', '2026-06-09 12:19:26', '2026-06-09 13:44:17'),
(459, 485, 100.00, '2026-06-09', '2026-06-09 12:19:26', '2026-06-09 13:44:17'),
(460, 486, 100.00, '2026-06-09', '2026-06-09 12:19:26', '2026-06-09 13:44:17'),
(461, 487, 99.00, '2026-06-09', '2026-06-09 12:19:26', '2026-06-09 13:44:17'),
(462, 488, 100.00, '2026-06-09', '2026-06-09 12:19:26', '2026-06-09 13:44:17'),
(463, 489, 100.00, '2026-06-09', '2026-06-09 12:19:26', '2026-06-09 13:44:17'),
(464, 490, 100.00, '2026-06-09', '2026-06-09 12:19:26', '2026-06-09 13:44:17'),
(465, 491, 95.00, '2026-06-09', '2026-06-09 12:19:26', '2026-06-09 13:44:17'),
(466, 492, 100.00, '2026-06-09', '2026-06-09 12:19:26', '2026-06-09 13:44:17'),
(467, 493, 97.00, '2026-06-09', '2026-06-09 12:19:26', '2026-06-09 13:44:17'),
(468, 494, 100.00, '2026-06-09', '2026-06-09 12:19:26', '2026-06-09 13:44:17'),
(469, 495, 100.00, '2026-06-09', '2026-06-09 12:19:26', '2026-06-09 13:44:17'),
(470, 497, 94.00, '2026-06-09', '2026-06-09 12:19:26', '2026-06-09 13:44:17'),
(471, 498, 99.00, '2026-06-09', '2026-06-09 12:19:26', '2026-06-09 13:44:17'),
(472, 499, 100.00, '2026-06-09', '2026-06-09 12:19:26', '2026-06-09 13:44:17'),
(473, 500, 100.00, '2026-06-09', '2026-06-09 12:19:26', '2026-06-09 13:44:17'),
(474, 501, 100.00, '2026-06-09', '2026-06-09 12:19:26', '2026-06-09 13:44:17'),
(475, 502, 98.00, '2026-06-09', '2026-06-09 12:19:26', '2026-06-09 13:44:17'),
(476, 503, 100.00, '2026-06-09', '2026-06-09 12:19:26', '2026-06-09 13:44:17'),
(477, 504, 99.00, '2026-06-09', '2026-06-09 12:19:26', '2026-06-09 13:44:17'),
(478, 505, 97.00, '2026-06-09', '2026-06-09 12:19:26', '2026-06-09 13:44:17'),
(479, 506, 99.00, '2026-06-09', '2026-06-09 12:19:26', '2026-06-09 13:44:17'),
(480, 507, 97.00, '2026-06-09', '2026-06-09 12:19:26', '2026-06-09 13:44:17'),
(481, 908, 0.00, '2026-06-09', '2026-06-09 12:19:26', '2026-06-09 13:44:17'),
(482, 509, 97.00, '2026-06-09', '2026-06-09 12:19:26', '2026-06-09 13:44:17'),
(483, 510, 99.00, '2026-06-09', '2026-06-09 12:19:26', '2026-06-09 13:44:17'),
(484, 511, 99.00, '2026-06-09', '2026-06-09 12:19:26', '2026-06-09 13:44:17'),
(485, 512, 100.00, '2026-06-09', '2026-06-09 12:19:26', '2026-06-09 13:44:17'),
(486, 513, 100.00, '2026-06-09', '2026-06-09 12:19:26', '2026-06-09 13:44:17'),
(487, 514, 100.00, '2026-06-09', '2026-06-09 12:19:26', '2026-06-09 13:44:17'),
(488, 515, 100.00, '2026-06-09', '2026-06-09 12:19:26', '2026-06-09 13:44:17'),
(489, 516, 100.00, '2026-06-09', '2026-06-09 12:19:26', '2026-06-09 13:44:17'),
(490, 517, 97.00, '2026-06-09', '2026-06-09 12:19:26', '2026-06-09 13:44:17'),
(492, 520, 99.00, '2026-06-09', '2026-06-09 12:19:26', '2026-06-09 13:44:17'),
(493, 521, 98.00, '2026-06-09', '2026-06-09 12:19:26', '2026-06-09 13:44:17'),
(494, 522, 100.00, '2026-06-09', '2026-06-09 12:19:26', '2026-06-09 13:44:17'),
(495, 523, 100.00, '2026-06-09', '2026-06-09 12:19:26', '2026-06-09 13:44:17'),
(496, 524, 99.00, '2026-06-09', '2026-06-09 12:19:26', '2026-06-09 13:44:17'),
(497, 525, 100.00, '2026-06-09', '2026-06-09 12:19:26', '2026-06-09 13:44:17'),
(498, 526, 99.00, '2026-06-09', '2026-06-09 12:19:26', '2026-06-09 13:44:17'),
(499, 527, 100.00, '2026-06-09', '2026-06-09 12:19:26', '2026-06-09 13:44:17'),
(500, 529, 99.00, '2026-06-09', '2026-06-09 12:19:26', '2026-06-09 13:44:17'),
(501, 530, 99.00, '2026-06-09', '2026-06-09 12:19:26', '2026-06-09 13:44:17'),
(502, 531, 98.00, '2026-06-09', '2026-06-09 12:19:26', '2026-06-09 13:44:17'),
(503, 532, 99.00, '2026-06-09', '2026-06-09 12:19:26', '2026-06-09 13:44:17'),
(504, 533, 98.00, '2026-06-09', '2026-06-09 12:19:26', '2026-06-09 13:44:17'),
(505, 534, 100.00, '2026-06-09', '2026-06-09 12:19:26', '2026-06-09 13:44:17'),
(506, 535, 100.00, '2026-06-09', '2026-06-09 12:19:26', '2026-06-09 13:44:17'),
(507, 536, 100.00, '2026-06-09', '2026-06-09 12:19:26', '2026-06-09 13:44:17'),
(508, 537, 100.00, '2026-06-09', '2026-06-09 12:19:26', '2026-06-09 13:44:17'),
(509, 538, 100.00, '2026-06-09', '2026-06-09 12:19:26', '2026-06-09 13:44:17'),
(510, 539, 100.00, '2026-06-09', '2026-06-09 12:19:26', '2026-06-09 13:44:17'),
(511, 540, 100.00, '2026-06-09', '2026-06-09 12:19:26', '2026-06-09 13:44:17'),
(512, 541, 100.00, '2026-06-09', '2026-06-09 12:19:26', '2026-06-09 13:44:17'),
(513, 542, 100.00, '2026-06-09', '2026-06-09 12:19:26', '2026-06-09 13:44:17'),
(514, 543, 100.00, '2026-06-09', '2026-06-09 12:19:26', '2026-06-09 13:44:17'),
(515, 544, 97.00, '2026-06-09', '2026-06-09 12:19:26', '2026-06-09 13:44:17'),
(516, 545, 100.00, '2026-06-09', '2026-06-09 12:19:26', '2026-06-09 13:44:17'),
(517, 546, 98.00, '2026-06-09', '2026-06-09 12:19:26', '2026-06-09 13:44:17'),
(518, 547, 99.00, '2026-06-09', '2026-06-09 12:19:26', '2026-06-09 13:44:17'),
(519, 548, 100.00, '2026-06-09', '2026-06-09 12:19:26', '2026-06-09 13:44:17'),
(520, 549, 99.00, '2026-06-09', '2026-06-09 12:19:26', '2026-06-09 13:44:17'),
(521, 550, 100.00, '2026-06-09', '2026-06-09 12:19:26', '2026-06-09 13:44:17'),
(522, 551, 100.00, '2026-06-09', '2026-06-09 12:19:26', '2026-06-09 13:44:17'),
(523, 552, 99.00, '2026-06-09', '2026-06-09 12:19:26', '2026-06-09 13:44:17'),
(524, 553, 99.00, '2026-06-09', '2026-06-09 12:19:26', '2026-06-09 13:44:17'),
(525, 554, 99.00, '2026-06-09', '2026-06-09 12:19:26', '2026-06-09 13:44:17'),
(526, 555, 100.00, '2026-06-09', '2026-06-09 12:19:26', '2026-06-09 13:44:17'),
(527, 556, 100.00, '2026-06-09', '2026-06-09 12:19:26', '2026-06-09 13:44:17'),
(528, 557, 100.00, '2026-06-09', '2026-06-09 12:19:26', '2026-06-09 13:44:17'),
(529, 558, 100.00, '2026-06-09', '2026-06-09 12:19:26', '2026-06-09 13:44:17'),
(530, 559, 100.00, '2026-06-09', '2026-06-09 12:19:26', '2026-06-09 13:44:17'),
(531, 560, 95.00, '2026-06-09', '2026-06-09 12:19:26', '2026-06-09 13:44:17'),
(532, 561, 100.00, '2026-06-09', '2026-06-09 12:19:26', '2026-06-09 13:44:17'),
(533, 562, 100.00, '2026-06-09', '2026-06-09 12:19:26', '2026-06-09 13:44:17'),
(534, 563, 93.00, '2026-06-09', '2026-06-09 12:19:26', '2026-06-09 13:44:17'),
(535, 564, 100.00, '2026-06-09', '2026-06-09 12:19:26', '2026-06-09 13:44:17'),
(536, 565, 100.00, '2026-06-09', '2026-06-09 12:19:26', '2026-06-09 13:44:17'),
(537, 566, 100.00, '2026-06-09', '2026-06-09 12:19:26', '2026-06-09 13:44:17'),
(538, 567, 100.00, '2026-06-09', '2026-06-09 12:19:26', '2026-06-09 13:44:17'),
(539, 568, 100.00, '2026-06-09', '2026-06-09 12:19:26', '2026-06-09 13:44:17'),
(540, 569, 100.00, '2026-06-09', '2026-06-09 12:19:26', '2026-06-09 13:44:17'),
(541, 570, 99.00, '2026-06-09', '2026-06-09 12:19:26', '2026-06-09 13:44:17'),
(542, 571, 100.00, '2026-06-09', '2026-06-09 12:19:26', '2026-06-09 13:44:17'),
(543, 572, 98.00, '2026-06-09', '2026-06-09 12:19:26', '2026-06-09 13:44:17'),
(544, 574, 100.00, '2026-06-09', '2026-06-09 12:19:26', '2026-06-09 13:44:17'),
(545, 575, 100.00, '2026-06-09', '2026-06-09 12:19:26', '2026-06-09 13:44:17'),
(546, 576, 100.00, '2026-06-09', '2026-06-09 12:19:26', '2026-06-09 13:44:17'),
(547, 577, 100.00, '2026-06-09', '2026-06-09 12:19:26', '2026-06-09 13:44:17'),
(548, 578, 99.00, '2026-06-09', '2026-06-09 12:19:26', '2026-06-09 13:44:17'),
(549, 579, 96.00, '2026-06-09', '2026-06-09 12:19:26', '2026-06-09 13:44:17'),
(550, 580, 100.00, '2026-06-09', '2026-06-09 12:19:26', '2026-06-09 13:44:17'),
(551, 581, 99.00, '2026-06-09', '2026-06-09 12:19:26', '2026-06-09 13:44:17'),
(552, 582, 97.00, '2026-06-09', '2026-06-09 12:19:26', '2026-06-09 13:44:17'),
(553, 583, 99.00, '2026-06-09', '2026-06-09 12:19:26', '2026-06-09 13:44:17'),
(554, 584, 99.00, '2026-06-09', '2026-06-09 12:19:26', '2026-06-09 13:44:17'),
(555, 585, 100.00, '2026-06-09', '2026-06-09 12:19:26', '2026-06-09 13:44:17'),
(556, 586, 93.00, '2026-06-09', '2026-06-09 12:19:26', '2026-06-09 13:44:17'),
(557, 587, 100.00, '2026-06-09', '2026-06-09 12:19:26', '2026-06-09 13:44:17'),
(558, 588, 100.00, '2026-06-09', '2026-06-09 12:19:26', '2026-06-09 13:44:17'),
(559, 589, 100.00, '2026-06-09', '2026-06-09 12:19:26', '2026-06-09 13:44:17'),
(560, 590, 99.00, '2026-06-09', '2026-06-09 12:19:26', '2026-06-09 13:44:17'),
(561, 591, 99.00, '2026-06-09', '2026-06-09 12:19:26', '2026-06-09 13:44:17'),
(562, 592, 100.00, '2026-06-09', '2026-06-09 12:19:26', '2026-06-09 13:44:17'),
(563, 593, 99.00, '2026-06-09', '2026-06-09 12:19:26', '2026-06-09 13:44:17'),
(564, 594, 100.00, '2026-06-09', '2026-06-09 12:19:26', '2026-06-09 13:44:17'),
(565, 596, 100.00, '2026-06-09', '2026-06-09 12:19:26', '2026-06-09 13:44:17'),
(566, 597, 99.00, '2026-06-09', '2026-06-09 12:19:26', '2026-06-09 13:44:17'),
(567, 598, 100.00, '2026-06-09', '2026-06-09 12:19:26', '2026-06-09 13:44:17'),
(568, 599, 100.00, '2026-06-09', '2026-06-09 12:19:26', '2026-06-09 13:44:17'),
(569, 600, 100.00, '2026-06-09', '2026-06-09 12:19:26', '2026-06-09 13:44:17'),
(570, 601, 100.00, '2026-06-09', '2026-06-09 12:19:26', '2026-06-09 13:44:17'),
(571, 602, 98.00, '2026-06-09', '2026-06-09 12:19:26', '2026-06-09 13:44:17'),
(572, 604, 97.00, '2026-06-09', '2026-06-09 12:19:26', '2026-06-09 13:44:17'),
(573, 605, 98.00, '2026-06-09', '2026-06-09 12:19:26', '2026-06-09 13:44:17'),
(574, 606, 100.00, '2026-06-09', '2026-06-09 12:19:26', '2026-06-09 13:44:17'),
(575, 607, 100.00, '2026-06-09', '2026-06-09 12:19:26', '2026-06-09 13:44:17'),
(576, 608, 100.00, '2026-06-09', '2026-06-09 12:19:26', '2026-06-09 13:44:17'),
(577, 609, 98.00, '2026-06-09', '2026-06-09 12:19:26', '2026-06-09 13:44:17'),
(578, 610, 100.00, '2026-06-09', '2026-06-09 12:19:26', '2026-06-09 13:44:17'),
(579, 612, 98.00, '2026-06-09', '2026-06-09 12:19:26', '2026-06-09 13:44:17'),
(580, 613, 100.00, '2026-06-09', '2026-06-09 12:19:26', '2026-06-09 13:44:17'),
(581, 614, 96.00, '2026-06-09', '2026-06-09 12:19:26', '2026-06-09 13:44:17'),
(582, 615, 100.00, '2026-06-09', '2026-06-09 12:19:26', '2026-06-09 13:44:17'),
(583, 616, 100.00, '2026-06-09', '2026-06-09 12:19:26', '2026-06-09 13:44:17'),
(584, 617, 100.00, '2026-06-09', '2026-06-09 12:19:26', '2026-06-09 13:44:17'),
(585, 618, 99.00, '2026-06-09', '2026-06-09 12:19:26', '2026-06-09 13:44:17'),
(586, 619, 100.00, '2026-06-09', '2026-06-09 12:19:26', '2026-06-09 13:44:17'),
(587, 620, 100.00, '2026-06-09', '2026-06-09 12:19:26', '2026-06-09 13:44:17'),
(588, 621, 100.00, '2026-06-09', '2026-06-09 12:19:26', '2026-06-09 13:44:17'),
(589, 622, 100.00, '2026-06-09', '2026-06-09 12:19:26', '2026-06-09 13:44:17'),
(590, 623, 97.00, '2026-06-09', '2026-06-09 12:19:26', '2026-06-09 13:44:17'),
(591, 624, 100.00, '2026-06-09', '2026-06-09 12:19:26', '2026-06-09 13:44:17'),
(592, 625, 100.00, '2026-06-09', '2026-06-09 12:19:26', '2026-06-09 13:44:17'),
(593, 626, 100.00, '2026-06-09', '2026-06-09 12:19:26', '2026-06-09 13:44:17'),
(594, 627, 100.00, '2026-06-09', '2026-06-09 12:19:26', '2026-06-09 13:44:17'),
(595, 628, 100.00, '2026-06-09', '2026-06-09 12:19:26', '2026-06-09 13:44:17'),
(596, 629, 99.00, '2026-06-09', '2026-06-09 12:19:26', '2026-06-09 13:44:17'),
(597, 630, 100.00, '2026-06-09', '2026-06-09 12:19:26', '2026-06-09 13:44:17'),
(598, 631, 100.00, '2026-06-09', '2026-06-09 12:19:26', '2026-06-09 13:44:17'),
(599, 632, 100.00, '2026-06-09', '2026-06-09 12:19:26', '2026-06-09 13:44:17'),
(600, 633, 100.00, '2026-06-09', '2026-06-09 12:19:26', '2026-06-09 13:44:17'),
(601, 634, 100.00, '2026-06-09', '2026-06-09 12:19:26', '2026-06-09 13:44:17'),
(602, 635, 100.00, '2026-06-09', '2026-06-09 12:19:26', '2026-06-09 13:44:17'),
(603, 636, 100.00, '2026-06-09', '2026-06-09 12:19:26', '2026-06-09 13:44:17'),
(604, 638, 98.00, '2026-06-09', '2026-06-09 12:19:26', '2026-06-09 13:44:17'),
(605, 639, 100.00, '2026-06-09', '2026-06-09 12:19:26', '2026-06-09 13:44:17'),
(606, 640, 95.00, '2026-06-09', '2026-06-09 12:19:26', '2026-06-09 13:44:17'),
(607, 641, 100.00, '2026-06-09', '2026-06-09 12:19:26', '2026-06-09 13:44:17'),
(608, 642, 100.00, '2026-06-09', '2026-06-09 12:19:26', '2026-06-09 13:44:17'),
(609, 643, 98.00, '2026-06-09', '2026-06-09 12:19:26', '2026-06-09 13:44:17'),
(610, 644, 98.00, '2026-06-09', '2026-06-09 12:19:26', '2026-06-09 13:44:17'),
(611, 645, 93.00, '2026-06-09', '2026-06-09 12:19:26', '2026-06-09 13:44:17'),
(612, 646, 99.00, '2026-06-09', '2026-06-09 12:19:26', '2026-06-09 13:44:17'),
(613, 647, 100.00, '2026-06-09', '2026-06-09 12:19:26', '2026-06-09 13:44:17'),
(614, 649, 100.00, '2026-06-09', '2026-06-09 12:19:26', '2026-06-09 13:44:17'),
(615, 650, 100.00, '2026-06-09', '2026-06-09 12:19:26', '2026-06-09 13:44:17'),
(616, 651, 99.00, '2026-06-09', '2026-06-09 12:19:26', '2026-06-09 13:44:17'),
(617, 652, 100.00, '2026-06-09', '2026-06-09 12:19:26', '2026-06-09 13:44:17'),
(618, 653, 100.00, '2026-06-09', '2026-06-09 12:19:26', '2026-06-09 13:44:17'),
(619, 654, 99.00, '2026-06-09', '2026-06-09 12:19:26', '2026-06-09 13:44:17'),
(620, 655, 100.00, '2026-06-09', '2026-06-09 12:19:26', '2026-06-09 13:44:17'),
(621, 656, 98.00, '2026-06-09', '2026-06-09 12:19:26', '2026-06-09 13:44:17'),
(622, 657, 100.00, '2026-06-09', '2026-06-09 12:19:26', '2026-06-09 13:44:17'),
(623, 659, 96.00, '2026-06-09', '2026-06-09 12:19:26', '2026-06-09 13:44:17'),
(624, 660, 99.00, '2026-06-09', '2026-06-09 12:19:26', '2026-06-09 13:44:17'),
(625, 661, 97.00, '2026-06-09', '2026-06-09 12:19:26', '2026-06-09 13:44:17'),
(626, 662, 99.00, '2026-06-09', '2026-06-09 12:19:26', '2026-06-09 13:44:17'),
(627, 664, 100.00, '2026-06-09', '2026-06-09 12:19:26', '2026-06-09 13:44:17'),
(628, 665, 100.00, '2026-06-09', '2026-06-09 12:19:26', '2026-06-09 13:44:17'),
(629, 666, 100.00, '2026-06-09', '2026-06-09 12:19:26', '2026-06-09 13:44:17'),
(630, 668, 100.00, '2026-06-09', '2026-06-09 12:19:26', '2026-06-09 13:44:17'),
(631, 669, 98.00, '2026-06-09', '2026-06-09 12:19:26', '2026-06-09 13:44:17'),
(632, 670, 99.00, '2026-06-09', '2026-06-09 12:19:26', '2026-06-09 13:44:17'),
(633, 671, 95.00, '2026-06-09', '2026-06-09 12:19:26', '2026-06-09 13:44:17'),
(634, 672, 100.00, '2026-06-09', '2026-06-09 12:19:26', '2026-06-09 13:44:17'),
(635, 673, 100.00, '2026-06-09', '2026-06-09 12:19:26', '2026-06-09 13:44:17'),
(636, 674, 100.00, '2026-06-09', '2026-06-09 12:19:26', '2026-06-09 13:44:17'),
(637, 675, 100.00, '2026-06-09', '2026-06-09 12:19:26', '2026-06-09 13:44:17'),
(638, 676, 100.00, '2026-06-09', '2026-06-09 12:19:26', '2026-06-09 13:44:17'),
(639, 677, 100.00, '2026-06-09', '2026-06-09 12:19:26', '2026-06-09 13:44:17'),
(640, 678, 100.00, '2026-06-09', '2026-06-09 12:19:26', '2026-06-09 13:44:17'),
(641, 679, 96.00, '2026-06-09', '2026-06-09 12:19:26', '2026-06-09 13:44:17'),
(642, 680, 100.00, '2026-06-09', '2026-06-09 12:19:26', '2026-06-09 13:44:17'),
(643, 681, 100.00, '2026-06-09', '2026-06-09 12:19:26', '2026-06-09 13:44:17'),
(644, 682, 97.00, '2026-06-09', '2026-06-09 12:19:26', '2026-06-09 13:44:17'),
(645, 683, 95.00, '2026-06-09', '2026-06-09 12:19:26', '2026-06-09 13:44:17'),
(646, 685, 100.00, '2026-06-09', '2026-06-09 12:19:26', '2026-06-09 13:44:17'),
(647, 686, 99.00, '2026-06-09', '2026-06-09 12:19:26', '2026-06-09 13:44:17'),
(648, 687, 100.00, '2026-06-09', '2026-06-09 12:19:26', '2026-06-09 13:44:17'),
(649, 688, 100.00, '2026-06-09', '2026-06-09 12:19:26', '2026-06-09 13:44:17'),
(650, 689, 99.00, '2026-06-09', '2026-06-09 12:19:26', '2026-06-09 13:44:17');
INSERT INTO `atr_karyawans` (`id`, `karyawan_id`, `nilai_atr`, `tanggal`, `created_at`, `updated_at`) VALUES
(651, 690, 93.00, '2026-06-09', '2026-06-09 12:19:26', '2026-06-09 13:44:17'),
(652, 691, 99.00, '2026-06-09', '2026-06-09 12:19:26', '2026-06-09 13:44:17'),
(653, 692, 91.00, '2026-06-09', '2026-06-09 12:19:26', '2026-06-09 13:44:17'),
(654, 693, 100.00, '2026-06-09', '2026-06-09 12:19:26', '2026-06-09 13:44:17'),
(655, 694, 96.00, '2026-06-09', '2026-06-09 12:19:26', '2026-06-09 13:44:17'),
(656, 695, 100.00, '2026-06-09', '2026-06-09 12:19:26', '2026-06-09 13:44:17'),
(657, 696, 100.00, '2026-06-09', '2026-06-09 12:19:26', '2026-06-09 13:44:17'),
(658, 697, 100.00, '2026-06-09', '2026-06-09 12:19:26', '2026-06-09 13:44:17'),
(659, 698, 100.00, '2026-06-09', '2026-06-09 12:19:26', '2026-06-09 13:44:17'),
(660, 699, 100.00, '2026-06-09', '2026-06-09 12:19:26', '2026-06-09 13:44:17'),
(661, 700, 94.00, '2026-06-09', '2026-06-09 12:19:26', '2026-06-09 13:44:17'),
(662, 701, 95.00, '2026-06-09', '2026-06-09 12:19:26', '2026-06-09 13:44:17'),
(663, 702, 100.00, '2026-06-09', '2026-06-09 12:19:26', '2026-06-09 13:44:17'),
(664, 703, 100.00, '2026-06-09', '2026-06-09 12:19:26', '2026-06-09 13:44:17'),
(665, 704, 100.00, '2026-06-09', '2026-06-09 12:19:26', '2026-06-09 13:44:17'),
(666, 705, 95.00, '2026-06-09', '2026-06-09 12:19:26', '2026-06-09 13:44:17'),
(667, 706, 100.00, '2026-06-09', '2026-06-09 12:19:26', '2026-06-09 13:44:17'),
(668, 707, 99.00, '2026-06-09', '2026-06-09 12:19:26', '2026-06-09 13:44:17'),
(669, 708, 99.00, '2026-06-09', '2026-06-09 12:19:26', '2026-06-09 13:44:17'),
(670, 709, 98.00, '2026-06-09', '2026-06-09 12:19:26', '2026-06-09 13:44:17'),
(671, 710, 100.00, '2026-06-09', '2026-06-09 12:19:26', '2026-06-09 13:44:17'),
(672, 711, 98.00, '2026-06-09', '2026-06-09 12:19:26', '2026-06-09 13:44:17'),
(673, 712, 100.00, '2026-06-09', '2026-06-09 12:19:26', '2026-06-09 13:44:17'),
(674, 713, 100.00, '2026-06-09', '2026-06-09 12:19:26', '2026-06-09 13:44:17'),
(675, 714, 100.00, '2026-06-09', '2026-06-09 12:19:26', '2026-06-09 13:44:17'),
(676, 715, 100.00, '2026-06-09', '2026-06-09 12:19:26', '2026-06-09 13:44:17'),
(677, 716, 100.00, '2026-06-09', '2026-06-09 12:19:26', '2026-06-09 13:44:17'),
(678, 717, 100.00, '2026-06-09', '2026-06-09 12:19:26', '2026-06-09 13:44:17'),
(679, 718, 100.00, '2026-06-09', '2026-06-09 12:19:26', '2026-06-09 13:44:17'),
(680, 719, 95.00, '2026-06-09', '2026-06-09 12:19:26', '2026-06-09 13:44:17'),
(681, 720, 99.00, '2026-06-09', '2026-06-09 12:19:26', '2026-06-09 13:44:17'),
(682, 721, 99.00, '2026-06-09', '2026-06-09 12:19:26', '2026-06-09 13:44:17'),
(683, 722, 100.00, '2026-06-09', '2026-06-09 12:19:26', '2026-06-09 13:44:17'),
(684, 723, 100.00, '2026-06-09', '2026-06-09 12:19:26', '2026-06-09 13:44:17'),
(685, 724, 99.00, '2026-06-09', '2026-06-09 12:19:26', '2026-06-09 13:44:17'),
(686, 725, 99.00, '2026-06-09', '2026-06-09 12:19:26', '2026-06-09 13:44:17'),
(687, 726, 98.00, '2026-06-09', '2026-06-09 12:19:26', '2026-06-09 13:44:17'),
(688, 727, 99.00, '2026-06-09', '2026-06-09 12:19:26', '2026-06-09 13:44:17'),
(689, 728, 99.00, '2026-06-09', '2026-06-09 12:19:26', '2026-06-09 13:44:17'),
(690, 729, 100.00, '2026-06-09', '2026-06-09 12:19:26', '2026-06-09 13:44:17'),
(691, 730, 100.00, '2026-06-09', '2026-06-09 12:19:26', '2026-06-09 13:44:17'),
(692, 731, 100.00, '2026-06-09', '2026-06-09 12:19:26', '2026-06-09 13:44:17'),
(693, 732, 100.00, '2026-06-09', '2026-06-09 12:19:26', '2026-06-09 13:44:17'),
(694, 733, 100.00, '2026-06-09', '2026-06-09 12:19:26', '2026-06-09 13:44:17'),
(695, 734, 100.00, '2026-06-09', '2026-06-09 12:19:26', '2026-06-09 13:44:17'),
(696, 735, 99.00, '2026-06-09', '2026-06-09 12:19:26', '2026-06-09 13:44:17'),
(697, 736, 100.00, '2026-06-09', '2026-06-09 12:19:26', '2026-06-09 13:44:17'),
(698, 737, 100.00, '2026-06-09', '2026-06-09 12:19:26', '2026-06-09 13:44:17'),
(699, 738, 100.00, '2026-06-09', '2026-06-09 12:19:26', '2026-06-09 13:44:17'),
(700, 739, 100.00, '2026-06-09', '2026-06-09 12:19:26', '2026-06-09 13:44:17'),
(701, 740, 99.00, '2026-06-09', '2026-06-09 12:19:26', '2026-06-09 13:44:17'),
(702, 741, 100.00, '2026-06-09', '2026-06-09 12:19:26', '2026-06-09 13:44:17'),
(703, 742, 98.00, '2026-06-09', '2026-06-09 12:19:26', '2026-06-09 13:44:17'),
(704, 743, 99.00, '2026-06-09', '2026-06-09 12:19:26', '2026-06-09 13:44:17'),
(705, 744, 93.00, '2026-06-09', '2026-06-09 12:19:26', '2026-06-09 13:44:17'),
(706, 745, 100.00, '2026-06-09', '2026-06-09 12:19:26', '2026-06-09 13:44:17'),
(707, 746, 99.00, '2026-06-09', '2026-06-09 12:19:26', '2026-06-09 13:44:17'),
(708, 747, 100.00, '2026-06-09', '2026-06-09 12:19:26', '2026-06-09 13:44:17'),
(709, 748, 98.00, '2026-06-09', '2026-06-09 12:19:26', '2026-06-09 13:44:17'),
(710, 749, 100.00, '2026-06-09', '2026-06-09 12:19:26', '2026-06-09 13:44:17'),
(711, 750, 100.00, '2026-06-09', '2026-06-09 12:19:26', '2026-06-09 13:44:17'),
(712, 751, 98.00, '2026-06-09', '2026-06-09 12:19:26', '2026-06-09 13:44:17'),
(713, 752, 97.00, '2026-06-09', '2026-06-09 12:19:26', '2026-06-09 13:44:17'),
(714, 753, 100.00, '2026-06-09', '2026-06-09 12:19:26', '2026-06-09 13:44:17'),
(715, 754, 100.00, '2026-06-09', '2026-06-09 12:19:26', '2026-06-09 13:44:17'),
(716, 755, 100.00, '2026-06-09', '2026-06-09 12:19:26', '2026-06-09 13:44:17'),
(717, 756, 96.00, '2026-06-09', '2026-06-09 12:19:26', '2026-06-09 13:44:17'),
(718, 758, 99.00, '2026-06-09', '2026-06-09 12:19:26', '2026-06-09 13:44:17'),
(719, 759, 100.00, '2026-06-09', '2026-06-09 12:19:26', '2026-06-09 13:44:17'),
(720, 760, 100.00, '2026-06-09', '2026-06-09 12:19:26', '2026-06-09 13:44:17'),
(721, 761, 100.00, '2026-06-09', '2026-06-09 12:19:26', '2026-06-09 13:44:17'),
(723, 763, 100.00, '2026-06-09', '2026-06-09 12:19:26', '2026-06-09 13:44:17'),
(724, 909, 97.00, '2026-06-09', '2026-06-09 12:19:26', '2026-06-09 13:44:17'),
(725, 764, 98.00, '2026-06-09', '2026-06-09 12:19:26', '2026-06-09 13:44:17'),
(726, 765, 99.00, '2026-06-09', '2026-06-09 12:19:26', '2026-06-09 13:44:17'),
(727, 79, 100.00, '2026-06-09', '2026-06-09 12:19:26', '2026-06-09 13:44:17'),
(728, 766, 100.00, '2026-06-09', '2026-06-09 12:19:26', '2026-06-09 13:44:17'),
(729, 767, 100.00, '2026-06-09', '2026-06-09 12:19:26', '2026-06-09 13:44:17'),
(730, 768, 100.00, '2026-06-09', '2026-06-09 12:19:26', '2026-06-09 13:44:17'),
(731, 769, 98.00, '2026-06-09', '2026-06-09 12:19:26', '2026-06-09 13:44:17'),
(732, 770, 100.00, '2026-06-09', '2026-06-09 12:19:26', '2026-06-09 13:44:17'),
(733, 771, 98.00, '2026-06-09', '2026-06-09 12:19:26', '2026-06-09 13:44:17'),
(734, 772, 100.00, '2026-06-09', '2026-06-09 12:19:26', '2026-06-09 13:44:17'),
(735, 773, 99.00, '2026-06-09', '2026-06-09 12:19:26', '2026-06-09 13:44:17'),
(736, 774, 100.00, '2026-06-09', '2026-06-09 12:19:26', '2026-06-09 13:44:17'),
(737, 775, 100.00, '2026-06-09', '2026-06-09 12:19:26', '2026-06-09 13:44:17'),
(738, 87, 99.00, '2026-06-09', '2026-06-09 12:19:26', '2026-06-09 13:44:17'),
(739, 776, 100.00, '2026-06-09', '2026-06-09 12:19:26', '2026-06-09 13:44:17'),
(740, 777, 100.00, '2026-06-09', '2026-06-09 12:19:26', '2026-06-09 13:44:17'),
(741, 778, 99.00, '2026-06-09', '2026-06-09 12:19:26', '2026-06-09 13:44:17'),
(742, 779, 93.00, '2026-06-09', '2026-06-09 12:19:26', '2026-06-09 13:44:17'),
(743, 780, 98.00, '2026-06-09', '2026-06-09 12:19:26', '2026-06-09 13:44:17'),
(744, 781, 100.00, '2026-06-09', '2026-06-09 12:19:26', '2026-06-09 13:44:17'),
(745, 783, 94.00, '2026-06-09', '2026-06-09 12:19:26', '2026-06-09 13:44:17'),
(746, 784, 99.00, '2026-06-09', '2026-06-09 12:19:26', '2026-06-09 13:44:17'),
(747, 785, 97.00, '2026-06-09', '2026-06-09 12:19:26', '2026-06-09 13:44:17'),
(748, 786, 100.00, '2026-06-09', '2026-06-09 12:19:26', '2026-06-09 13:44:17'),
(749, 788, 100.00, '2026-06-09', '2026-06-09 12:19:26', '2026-06-09 13:44:17'),
(750, 789, 100.00, '2026-06-09', '2026-06-09 12:19:26', '2026-06-09 13:44:17'),
(751, 791, 95.00, '2026-06-09', '2026-06-09 12:19:26', '2026-06-09 13:44:17'),
(752, 792, 99.00, '2026-06-09', '2026-06-09 12:19:26', '2026-06-09 13:44:17'),
(753, 793, 99.00, '2026-06-09', '2026-06-09 12:19:26', '2026-06-09 13:44:17'),
(754, 794, 98.00, '2026-06-09', '2026-06-09 12:19:26', '2026-06-09 13:44:17'),
(755, 795, 100.00, '2026-06-09', '2026-06-09 12:19:26', '2026-06-09 13:44:17'),
(756, 796, 100.00, '2026-06-09', '2026-06-09 12:19:26', '2026-06-09 13:44:17'),
(757, 797, 94.00, '2026-06-09', '2026-06-09 12:19:26', '2026-06-09 13:44:17'),
(758, 798, 100.00, '2026-06-09', '2026-06-09 12:19:26', '2026-06-09 13:44:17'),
(759, 799, 99.00, '2026-06-09', '2026-06-09 12:19:26', '2026-06-09 13:44:17'),
(760, 800, 99.00, '2026-06-09', '2026-06-09 12:19:26', '2026-06-09 13:44:17'),
(761, 801, 99.00, '2026-06-09', '2026-06-09 12:19:26', '2026-06-09 13:44:17'),
(762, 802, 100.00, '2026-06-09', '2026-06-09 12:19:26', '2026-06-09 13:44:17'),
(763, 803, 99.00, '2026-06-09', '2026-06-09 12:19:26', '2026-06-09 13:44:17'),
(764, 804, 97.00, '2026-06-09', '2026-06-09 12:19:26', '2026-06-09 13:44:17'),
(765, 805, 100.00, '2026-06-09', '2026-06-09 12:19:26', '2026-06-09 13:44:17'),
(766, 806, 100.00, '2026-06-09', '2026-06-09 12:19:26', '2026-06-09 13:44:17'),
(767, 807, 100.00, '2026-06-09', '2026-06-09 12:19:26', '2026-06-09 13:44:17'),
(768, 808, 95.00, '2026-06-09', '2026-06-09 12:19:26', '2026-06-09 13:44:17'),
(769, 809, 100.00, '2026-06-09', '2026-06-09 12:19:26', '2026-06-09 13:44:17'),
(770, 810, 99.00, '2026-06-09', '2026-06-09 12:19:26', '2026-06-09 13:44:17'),
(771, 811, 98.00, '2026-06-09', '2026-06-09 12:19:26', '2026-06-09 13:44:17'),
(772, 812, 99.00, '2026-06-09', '2026-06-09 12:19:26', '2026-06-09 13:44:17'),
(773, 813, 99.00, '2026-06-09', '2026-06-09 12:19:26', '2026-06-09 13:44:17'),
(774, 814, 100.00, '2026-06-09', '2026-06-09 12:19:26', '2026-06-09 13:44:17'),
(775, 815, 96.00, '2026-06-09', '2026-06-09 12:19:26', '2026-06-09 13:44:17'),
(776, 816, 100.00, '2026-06-09', '2026-06-09 12:19:26', '2026-06-09 13:44:17'),
(777, 817, 100.00, '2026-06-09', '2026-06-09 12:19:26', '2026-06-09 13:44:17'),
(778, 818, 98.00, '2026-06-09', '2026-06-09 12:19:26', '2026-06-09 13:44:17'),
(779, 819, 100.00, '2026-06-09', '2026-06-09 12:19:26', '2026-06-09 13:44:17'),
(780, 820, 99.00, '2026-06-09', '2026-06-09 12:19:26', '2026-06-09 13:44:17'),
(781, 821, 100.00, '2026-06-09', '2026-06-09 12:19:26', '2026-06-09 13:44:17'),
(782, 822, 92.00, '2026-06-09', '2026-06-09 12:19:26', '2026-06-09 13:44:17'),
(783, 823, 100.00, '2026-06-09', '2026-06-09 12:19:26', '2026-06-09 13:44:17'),
(784, 824, 98.00, '2026-06-09', '2026-06-09 12:19:26', '2026-06-09 13:44:17'),
(785, 825, 100.00, '2026-06-09', '2026-06-09 12:19:26', '2026-06-09 13:44:17'),
(786, 826, 98.00, '2026-06-09', '2026-06-09 12:19:26', '2026-06-09 13:44:17'),
(787, 827, 98.00, '2026-06-09', '2026-06-09 12:19:26', '2026-06-09 13:44:17'),
(788, 828, 96.00, '2026-06-09', '2026-06-09 12:19:26', '2026-06-09 13:44:17'),
(789, 829, 99.00, '2026-06-09', '2026-06-09 12:19:26', '2026-06-09 13:44:17'),
(790, 830, 100.00, '2026-06-09', '2026-06-09 12:19:26', '2026-06-09 13:44:17'),
(791, 831, 99.00, '2026-06-09', '2026-06-09 12:19:26', '2026-06-09 13:44:17'),
(792, 832, 96.00, '2026-06-09', '2026-06-09 12:19:26', '2026-06-09 13:44:17'),
(793, 833, 93.00, '2026-06-09', '2026-06-09 12:19:26', '2026-06-09 13:44:17'),
(794, 834, 100.00, '2026-06-09', '2026-06-09 12:19:26', '2026-06-09 13:44:17'),
(795, 92, 100.00, '2026-06-09', '2026-06-09 12:19:26', '2026-06-09 13:44:17'),
(796, 835, 91.00, '2026-06-09', '2026-06-09 12:19:26', '2026-06-09 13:44:17'),
(797, 836, 100.00, '2026-06-09', '2026-06-09 12:19:26', '2026-06-09 13:44:17'),
(798, 837, 98.00, '2026-06-09', '2026-06-09 12:19:26', '2026-06-09 13:44:17'),
(799, 838, 100.00, '2026-06-09', '2026-06-09 12:19:26', '2026-06-09 13:44:17'),
(800, 839, 98.00, '2026-06-09', '2026-06-09 12:19:26', '2026-06-09 13:44:17'),
(801, 840, 100.00, '2026-06-09', '2026-06-09 12:19:26', '2026-06-09 13:44:17'),
(802, 841, 95.00, '2026-06-09', '2026-06-09 12:19:26', '2026-06-09 13:44:17'),
(803, 842, 100.00, '2026-06-09', '2026-06-09 12:19:26', '2026-06-09 13:44:17'),
(804, 843, 100.00, '2026-06-09', '2026-06-09 12:19:26', '2026-06-09 13:44:17'),
(805, 844, 100.00, '2026-06-09', '2026-06-09 12:19:26', '2026-06-09 13:44:17'),
(806, 845, 100.00, '2026-06-09', '2026-06-09 12:19:26', '2026-06-09 13:44:17'),
(807, 846, 99.00, '2026-06-09', '2026-06-09 12:19:26', '2026-06-09 13:44:17'),
(808, 847, 92.00, '2026-06-09', '2026-06-09 12:19:26', '2026-06-09 13:44:17'),
(809, 848, 100.00, '2026-06-09', '2026-06-09 12:19:26', '2026-06-09 13:44:17'),
(810, 849, 100.00, '2026-06-09', '2026-06-09 12:19:26', '2026-06-09 13:44:17'),
(811, 850, 99.00, '2026-06-09', '2026-06-09 12:19:26', '2026-06-09 13:44:17'),
(812, 851, 99.00, '2026-06-09', '2026-06-09 12:19:26', '2026-06-09 13:44:17'),
(813, 852, 99.00, '2026-06-09', '2026-06-09 12:19:26', '2026-06-09 13:44:17'),
(814, 853, 100.00, '2026-06-09', '2026-06-09 12:19:26', '2026-06-09 13:44:17'),
(815, 854, 100.00, '2026-06-09', '2026-06-09 12:19:26', '2026-06-09 13:44:17'),
(816, 855, 100.00, '2026-06-09', '2026-06-09 12:19:26', '2026-06-09 13:44:17'),
(817, 856, 99.00, '2026-06-09', '2026-06-09 12:19:26', '2026-06-09 13:44:17'),
(818, 857, 98.00, '2026-06-09', '2026-06-09 12:19:26', '2026-06-09 13:44:17'),
(819, 858, 100.00, '2026-06-09', '2026-06-09 12:19:26', '2026-06-09 13:44:17'),
(820, 859, 99.00, '2026-06-09', '2026-06-09 12:19:26', '2026-06-09 13:44:17'),
(821, 860, 99.00, '2026-06-09', '2026-06-09 12:19:26', '2026-06-09 13:44:17'),
(822, 861, 100.00, '2026-06-09', '2026-06-09 12:19:26', '2026-06-09 13:44:17'),
(823, 862, 100.00, '2026-06-09', '2026-06-09 12:19:26', '2026-06-09 13:44:17'),
(824, 863, 99.00, '2026-06-09', '2026-06-09 12:19:26', '2026-06-09 13:44:17'),
(825, 864, 100.00, '2026-06-09', '2026-06-09 12:19:26', '2026-06-09 13:44:17'),
(826, 865, 99.00, '2026-06-09', '2026-06-09 12:19:26', '2026-06-09 13:44:17'),
(827, 866, 100.00, '2026-06-09', '2026-06-09 12:19:26', '2026-06-09 13:44:17'),
(828, 867, 100.00, '2026-06-09', '2026-06-09 12:19:26', '2026-06-09 13:44:17'),
(829, 868, 100.00, '2026-06-09', '2026-06-09 12:19:26', '2026-06-09 13:44:17'),
(830, 869, 100.00, '2026-06-09', '2026-06-09 12:19:26', '2026-06-09 13:44:17'),
(831, 870, 100.00, '2026-06-09', '2026-06-09 12:19:26', '2026-06-09 13:44:17'),
(832, 871, 100.00, '2026-06-09', '2026-06-09 12:19:26', '2026-06-09 13:44:17'),
(833, 872, 99.00, '2026-06-09', '2026-06-09 12:19:26', '2026-06-09 13:44:17'),
(834, 873, 100.00, '2026-06-09', '2026-06-09 12:19:26', '2026-06-09 13:44:17'),
(835, 874, 96.00, '2026-06-09', '2026-06-09 12:19:26', '2026-06-09 13:44:17'),
(836, 875, 100.00, '2026-06-09', '2026-06-09 12:19:26', '2026-06-09 13:44:17'),
(837, 876, 95.00, '2026-06-09', '2026-06-09 12:19:26', '2026-06-09 13:44:17'),
(838, 877, 99.00, '2026-06-09', '2026-06-09 12:19:26', '2026-06-09 13:44:17'),
(839, 878, 99.00, '2026-06-09', '2026-06-09 12:19:26', '2026-06-09 13:44:17'),
(840, 98, 100.00, '2026-06-09', '2026-06-09 12:19:26', '2026-06-09 13:44:17'),
(841, 879, 100.00, '2026-06-09', '2026-06-09 12:19:26', '2026-06-09 13:44:17'),
(842, 880, 100.00, '2026-06-09', '2026-06-09 12:19:26', '2026-06-09 13:44:17'),
(843, 881, 97.00, '2026-06-09', '2026-06-09 12:19:26', '2026-06-09 13:44:17'),
(844, 882, 99.00, '2026-06-09', '2026-06-09 12:19:26', '2026-06-09 13:44:17'),
(845, 883, 95.00, '2026-06-09', '2026-06-09 12:19:26', '2026-06-09 13:44:17'),
(846, 884, 99.00, '2026-06-09', '2026-06-09 12:19:26', '2026-06-09 13:44:17'),
(847, 885, 97.00, '2026-06-09', '2026-06-09 12:19:26', '2026-06-09 13:44:17'),
(848, 886, 97.00, '2026-06-09', '2026-06-09 12:19:26', '2026-06-09 13:44:17'),
(849, 887, 100.00, '2026-06-09', '2026-06-09 12:19:26', '2026-06-09 13:44:17'),
(850, 888, 100.00, '2026-06-09', '2026-06-09 12:19:26', '2026-06-09 13:44:17'),
(851, 889, 100.00, '2026-06-09', '2026-06-09 12:19:26', '2026-06-09 13:44:17'),
(852, 890, 100.00, '2026-06-09', '2026-06-09 12:19:26', '2026-06-09 13:44:17'),
(853, 891, 100.00, '2026-06-09', '2026-06-09 12:19:26', '2026-06-09 13:44:17'),
(854, 892, 100.00, '2026-06-09', '2026-06-09 12:19:26', '2026-06-09 13:44:17'),
(855, 893, 100.00, '2026-06-09', '2026-06-09 12:19:26', '2026-06-09 13:44:17'),
(856, 894, 100.00, '2026-06-09', '2026-06-09 12:19:26', '2026-06-09 13:44:17'),
(857, 895, 100.00, '2026-06-09', '2026-06-09 12:19:26', '2026-06-09 13:44:17'),
(858, 896, 99.00, '2026-06-09', '2026-06-09 12:19:26', '2026-06-09 13:44:17'),
(859, 897, 100.00, '2026-06-09', '2026-06-09 12:19:26', '2026-06-09 13:44:17'),
(860, 898, 100.00, '2026-06-09', '2026-06-09 12:19:26', '2026-06-09 13:44:17'),
(861, 899, 100.00, '2026-06-09', '2026-06-09 12:19:26', '2026-06-09 13:44:17'),
(862, 900, 100.00, '2026-06-09', '2026-06-09 12:19:26', '2026-06-09 13:44:17'),
(863, 901, 100.00, '2026-06-09', '2026-06-09 12:19:26', '2026-06-09 13:44:17'),
(864, 902, 100.00, '2026-06-09', '2026-06-09 12:19:26', '2026-06-09 13:44:17'),
(865, 903, 100.00, '2026-06-09', '2026-06-09 12:19:26', '2026-06-09 13:44:17'),
(866, 904, 100.00, '2026-06-09', '2026-06-09 12:19:26', '2026-06-09 13:44:17'),
(867, 910, 100.00, '2026-06-09', '2026-06-09 12:19:26', '2026-06-09 13:44:17'),
(868, 911, 100.00, '2026-06-09', '2026-06-09 12:19:26', '2026-06-09 13:44:17'),
(869, 912, 100.00, '2026-06-09', '2026-06-09 12:19:26', '2026-06-09 13:44:17'),
(870, 913, 100.00, '2026-06-09', '2026-06-09 12:19:26', '2026-06-09 13:44:17'),
(871, 508, 97.00, '2026-06-09', '2026-06-09 12:19:26', '2026-06-09 13:44:17'),
(872, 914, 100.00, '2026-06-09', '2026-06-09 12:19:26', '2026-06-09 13:44:17'),
(873, 915, 100.00, '2026-06-09', '2026-06-09 12:19:26', '2026-06-09 13:44:17'),
(874, 916, 100.00, '2026-06-09', '2026-06-09 12:19:26', '2026-06-09 13:44:17'),
(875, 917, 100.00, '2026-06-09', '2026-06-09 12:19:26', '2026-06-09 13:44:17'),
(876, 918, 100.00, '2026-06-09', '2026-06-09 12:19:26', '2026-06-09 13:44:17'),
(877, 919, 100.00, '2026-06-09', '2026-06-09 12:19:26', '2026-06-09 13:44:17'),
(878, 920, 100.00, '2026-06-09', '2026-06-09 12:19:26', '2026-06-09 13:44:17'),
(879, 921, 100.00, '2026-06-09', '2026-06-09 12:19:26', '2026-06-09 13:44:17'),
(880, 922, 100.00, '2026-06-09', '2026-06-09 12:19:26', '2026-06-09 13:44:17');

-- --------------------------------------------------------

--
-- Table structure for table `departemens`
--

CREATE TABLE `departemens` (
  `id` bigint(20) UNSIGNED NOT NULL,
  `departemen` varchar(255) NOT NULL,
  `created_at` timestamp NULL DEFAULT NULL,
  `updated_at` timestamp NULL DEFAULT NULL
) ENGINE=InnoDB DEFAULT CHARSET=utf8mb4 COLLATE=utf8mb4_unicode_ci;

--
-- Dumping data for table `departemens`
--

INSERT INTO `departemens` (`id`, `departemen`, `created_at`, `updated_at`) VALUES
(1, 'DPM', '2026-06-09 04:04:07', '2026-06-11 09:28:51'),
(2, 'ENGINEERING', '2026-06-09 04:04:07', '2026-06-09 04:04:07'),
(3, 'HCGS', '2026-06-09 04:04:07', '2026-06-09 04:04:07'),
(4, 'LOGISTIC', '2026-06-09 04:04:07', '2026-06-09 04:04:07'),
(5, 'PLANT', '2026-06-09 04:04:07', '2026-06-09 04:04:07'),
(6, 'PM', '2026-06-09 04:04:07', '2026-06-09 04:04:07'),
(7, 'PRODUKSI', '2026-06-09 04:04:07', '2026-06-09 04:04:07'),
(8, 'SHE', '2026-06-09 04:04:07', '2026-06-09 04:04:07');

-- --------------------------------------------------------

--
-- Table structure for table `failed_jobs`
--

CREATE TABLE `failed_jobs` (
  `id` bigint(20) UNSIGNED NOT NULL,
  `uuid` varchar(255) NOT NULL,
  `connection` text NOT NULL,
  `queue` text NOT NULL,
  `payload` longtext NOT NULL,
  `exception` longtext NOT NULL,
  `failed_at` timestamp NOT NULL DEFAULT current_timestamp()
) ENGINE=InnoDB DEFAULT CHARSET=utf8mb4 COLLATE=utf8mb4_unicode_ci;

-- --------------------------------------------------------

--
-- Table structure for table `jabatans`
--

CREATE TABLE `jabatans` (
  `id` bigint(20) UNSIGNED NOT NULL,
  `jabatan` varchar(255) NOT NULL,
  `created_at` timestamp NULL DEFAULT NULL,
  `updated_at` timestamp NULL DEFAULT NULL
) ENGINE=InnoDB DEFAULT CHARSET=utf8mb4 COLLATE=utf8mb4_unicode_ci;

--
-- Dumping data for table `jabatans`
--

INSERT INTO `jabatans` (`id`, `jabatan`, `created_at`, `updated_at`) VALUES
(1, 'ACT GS GL', '2026-06-09 04:04:16', '2026-06-09 14:22:26'),
(2, 'ACT GS SH', '2026-06-09 04:04:16', '2026-06-09 04:04:16'),
(3, 'ACT LOGISTIC SH', '2026-06-09 04:04:16', '2026-06-09 04:04:16'),
(4, 'ACT PLANT GL', '2026-06-09 04:04:16', '2026-06-09 04:04:16'),
(5, 'ACT PRODUCTION DH', '2026-06-09 04:04:16', '2026-06-09 04:04:16'),
(6, 'ACT PRODUCTION GL', '2026-06-09 04:04:16', '2026-06-09 04:04:16'),
(7, 'ACT PRODUCTION SH', '2026-06-09 04:04:16', '2026-06-09 04:04:16'),
(8, 'ACT SH DATA EVALUATOR', '2026-06-09 04:04:16', '2026-06-09 04:04:16'),
(9, 'ADMIN PLANT', '2026-06-09 04:04:16', '2026-06-09 04:04:16'),
(10, 'ADMIN PRODUKSI', '2026-06-09 04:04:16', '2026-06-09 04:04:16'),
(11, 'ADMIN SHE', '2026-06-09 04:04:16', '2026-06-09 04:04:16'),
(12, 'ADMIN TC', '2026-06-09 04:04:16', '2026-06-09 04:04:16'),
(13, 'ADVISOR PLANT', '2026-06-09 04:04:16', '2026-06-09 04:04:16'),
(14, 'CARPENTER', '2026-06-09 04:04:16', '2026-06-09 04:04:16'),
(15, 'CCR CREW', '2026-06-09 04:04:16', '2026-06-09 04:04:16'),
(16, 'CCR PLANT', '2026-06-09 04:04:16', '2026-06-09 04:04:16'),
(17, 'CHAINSAW MAN', '2026-06-09 04:04:16', '2026-06-09 04:04:16'),
(18, 'CHECKER', '2026-06-09 04:04:16', '2026-06-09 04:04:16'),
(19, 'COOKER', '2026-06-09 04:04:16', '2026-06-09 04:04:16'),
(20, 'DATA EVALUATOR', '2026-06-09 04:04:16', '2026-06-09 04:04:16'),
(21, 'DEPUTY PROJECT MANAGER', '2026-06-09 04:04:16', '2026-06-09 04:04:16'),
(22, 'DRILL & BLAST GL', '2026-06-09 04:04:16', '2026-06-09 04:04:16'),
(23, 'DRILL & BLAST SH', '2026-06-09 04:04:16', '2026-06-09 04:04:16'),
(24, 'DRIVER CRANE TRUCK', '2026-06-09 04:04:16', '2026-06-09 04:04:16'),
(25, 'DRIVER DUMP TRUCK', '2026-06-09 04:04:16', '2026-06-09 04:04:16'),
(26, 'DRIVER FUEL TRUCK', '2026-06-09 04:04:16', '2026-06-09 04:04:16'),
(27, 'DRIVER LUBE TRUCK', '2026-06-09 04:04:16', '2026-06-09 04:04:16'),
(28, 'DRIVER LV', '2026-06-09 04:04:16', '2026-06-09 04:04:16'),
(29, 'DRIVER SANY SKT', '2026-06-09 04:04:16', '2026-06-09 04:04:16'),
(30, 'DRIVER SANY SKT ', '2026-06-09 04:04:16', '2026-06-09 04:04:16'),
(31, 'DRIVER WATER TRUCK', '2026-06-09 04:04:16', '2026-06-09 04:04:16'),
(32, 'DRIVER WT PRODUKSI', '2026-06-09 04:04:16', '2026-06-09 04:04:16'),
(33, 'DUMPMAN', '2026-06-09 04:04:16', '2026-06-09 04:04:16'),
(34, 'ELECTRICIAN', '2026-06-09 04:04:16', '2026-06-09 04:04:16'),
(35, 'ENGINEERING DH', '2026-06-09 04:04:16', '2026-06-09 04:04:16'),
(36, 'ENGINEERING SH', '2026-06-09 04:04:16', '2026-06-09 04:04:16'),
(37, 'FGDP CPSD', '2026-06-09 04:04:16', '2026-06-09 04:04:16'),
(38, 'FGDP ENGINEERING', '2026-06-09 04:04:16', '2026-06-09 04:04:16'),
(39, 'FGDP LOGISTIC', '2026-06-09 04:04:16', '2026-06-09 04:04:16'),
(40, 'FGDP PLANT', '2026-06-09 04:04:16', '2026-06-09 04:04:16'),
(41, 'FGDP PRODUCTION', '2026-06-09 04:04:16', '2026-06-09 04:04:16'),
(42, 'FUELMAN', '2026-06-09 04:04:16', '2026-06-09 04:04:16'),
(43, 'GENERAL', '2026-06-09 04:04:16', '2026-06-09 04:04:16'),
(44, 'Gl produksi', '2026-06-09 04:04:16', '2026-06-09 04:04:16'),
(45, 'GS CREW', '2026-06-09 04:04:16', '2026-06-09 04:04:16'),
(46, 'GS GL', '2026-06-09 04:04:16', '2026-06-09 04:04:16'),
(47, 'HC CREW', '2026-06-09 04:04:16', '2026-06-09 04:04:16'),
(48, 'HC GL', '2026-06-09 04:04:16', '2026-06-09 04:04:16'),
(50, 'HCGS DH', '2026-06-09 04:04:16', '2026-06-09 04:04:16'),
(51, 'HCGS SH', '2026-06-09 04:04:16', '2026-06-09 04:04:16'),
(52, 'HELPER COOKER', '2026-06-09 04:04:16', '2026-06-09 04:04:16'),
(53, 'HELPER DRILL & BLAST', '2026-06-09 04:04:16', '2026-06-09 04:04:16'),
(54, 'HELPER MECHANIC LV', '2026-06-09 04:04:16', '2026-06-09 04:04:16'),
(55, 'HELPER PLANT', '2026-06-09 04:04:16', '2026-06-09 04:04:16'),
(56, 'HELPER SAFETY', '2026-06-09 04:04:16', '2026-06-09 04:04:16'),
(57, 'HELPER SURVEY', '2026-06-09 04:04:16', '2026-06-09 04:04:16'),
(58, 'HELPER TYREMAN', '2026-06-09 04:04:16', '2026-06-09 04:04:16'),
(59, 'LOGISTIC CREW', '2026-06-09 04:04:16', '2026-06-09 04:04:16'),
(60, 'LOGISTIC DH', '2026-06-09 04:04:16', '2026-06-09 04:04:16'),
(61, 'LOGISTIC GROUP LEADER', '2026-06-09 04:04:16', '2026-06-09 04:04:16'),
(62, 'LOUNDRY', '2026-06-09 04:04:16', '2026-06-09 04:04:16'),
(63, 'MASTER COOKER', '2026-06-09 04:04:16', '2026-06-09 04:04:16'),
(64, 'MECHANIC', '2026-06-09 04:04:16', '2026-06-09 04:04:16'),
(65, 'MECHANIC LV', '2026-06-09 04:04:16', '2026-06-09 04:04:16'),
(66, 'MEKANIK', '2026-06-09 04:04:16', '2026-06-09 04:04:16'),
(67, 'MINE INFRA ENGINEER GL', '2026-06-09 04:04:16', '2026-06-09 04:04:16'),
(68, 'MINEPLAN', '2026-06-09 04:04:16', '2026-06-09 04:04:16'),
(69, 'MINEPLAN GL', '2026-06-09 04:04:16', '2026-06-09 04:04:16'),
(70, 'OCR', '2026-06-09 04:04:16', '2026-06-09 04:04:16'),
(71, 'OFFICE GIRL', '2026-06-09 04:04:16', '2026-06-09 04:04:16'),
(72, 'OILMAN', '2026-06-09 04:04:16', '2026-06-09 04:04:16'),
(73, 'OJI MECHANIC', '2026-06-09 04:04:16', '2026-06-09 04:04:16'),
(74, 'OJT MECHANIC', '2026-06-09 04:04:16', '2026-06-09 04:04:16'),
(75, 'OPERATOR BULLDOZER', '2026-06-09 04:04:16', '2026-06-09 04:04:16'),
(76, 'OPERATOR COMPACT', '2026-06-09 04:04:16', '2026-06-09 04:04:16'),
(77, 'OPERATOR CRANE TRUCK', '2026-06-09 04:04:16', '2026-06-09 04:04:16'),
(78, 'OPERATOR DRILLING', '2026-06-09 04:04:16', '2026-06-09 04:04:16'),
(79, 'OPERATOR EXCAVATOR', '2026-06-09 04:04:16', '2026-06-09 04:04:16'),
(80, 'OPERATOR GRADER', '2026-06-09 04:04:16', '2026-06-09 04:04:16'),
(81, 'OPERATOR HD', '2026-06-09 04:04:16', '2026-06-09 04:04:16'),
(82, 'OPERATOR HD 465', '2026-06-09 04:04:16', '2026-06-09 04:04:16'),
(83, 'PARAMEDIC', '2026-06-09 04:04:16', '2026-06-09 04:04:16'),
(84, 'PJO', '2026-06-09 04:04:16', '2026-06-09 04:04:16'),
(85, 'PLANNER', '2026-06-09 04:04:16', '2026-06-09 04:04:16'),
(86, 'PLANNER SH', '2026-06-09 04:04:16', '2026-06-09 04:04:16'),
(87, 'PLANT GL', '2026-06-09 04:04:16', '2026-06-09 04:04:16'),
(88, 'PLANT SH', '2026-06-09 04:04:16', '2026-06-09 04:04:16'),
(89, 'PRA MEKANIK', '2026-06-09 04:04:16', '2026-06-09 04:04:16'),
(90, 'PRODUCTION DH', '2026-06-09 04:04:16', '2026-06-09 04:04:16'),
(91, 'PRODUCTION GL', '2026-06-09 04:04:16', '2026-06-09 04:04:16'),
(92, 'PRODUCTION GL ', '2026-06-09 04:04:16', '2026-06-09 04:04:16'),
(93, 'PRODUCTION SH', '2026-06-09 04:04:16', '2026-06-09 04:04:16'),
(94, 'PUMPMAN', '2026-06-09 04:04:16', '2026-06-09 04:04:16'),
(95, 'SAFETY CREW', '2026-06-09 04:04:16', '2026-06-09 04:04:16'),
(96, 'SAFETY OFFICER', '2026-06-09 04:04:16', '2026-06-09 04:04:16'),
(97, 'SCHEDULLER', '2026-06-09 04:04:16', '2026-06-09 04:04:16'),
(98, 'SECURITY', '2026-06-09 04:04:16', '2026-06-09 04:04:16'),
(99, 'SHE DH', '2026-06-09 04:04:16', '2026-06-09 04:04:16'),
(100, 'SHE SH', '2026-06-09 04:04:16', '2026-06-09 04:04:16'),
(101, 'SURVEY CREW', '2026-06-09 04:04:16', '2026-06-09 04:04:16'),
(102, 'SURVEY GL', '2026-06-09 04:04:16', '2026-06-09 04:04:16'),
(103, 'TC BULLDOZER', '2026-06-09 04:04:16', '2026-06-09 04:04:16'),
(104, 'TEKNISI RADIO', '2026-06-09 04:04:16', '2026-06-09 04:04:16'),
(105, 'TOOLS KEEPER', '2026-06-09 04:04:16', '2026-06-09 04:04:16'),
(106, 'TRACKMAN', '2026-06-09 04:04:16', '2026-06-09 04:04:16'),
(107, 'TRAINER', '2026-06-09 04:04:16', '2026-06-09 04:04:16'),
(108, 'TRAINER PLANT', '2026-06-09 04:04:16', '2026-06-09 04:04:16'),
(109, 'TYRE GL', '2026-06-09 04:04:16', '2026-06-09 04:04:16'),
(110, 'TYREMAN', '2026-06-09 04:04:16', '2026-06-09 04:04:16'),
(111, 'WASHINGMAN', '2026-06-09 04:04:16', '2026-06-09 04:04:16'),
(112, 'WELDER', '2026-06-09 04:04:16', '2026-06-09 04:04:16'),
(113, 'WELDER GL', '2026-06-09 04:04:16', '2026-06-09 04:04:16'),
(114, 'ACT DH PLANT', '2026-06-09 18:48:34', '2026-06-09 18:48:34'),
(115, 'GENERAL SERVICE GROUP LEADER', '2026-06-09 18:48:40', '2026-06-09 18:48:40'),
(116, 'DRIVER DT HAULING', '2026-06-09 18:48:46', '2026-06-09 18:48:46');

-- --------------------------------------------------------

--
-- Table structure for table `jobs`
--

CREATE TABLE `jobs` (
  `id` bigint(20) UNSIGNED NOT NULL,
  `queue` varchar(255) NOT NULL,
  `payload` longtext NOT NULL,
  `attempts` smallint(5) UNSIGNED NOT NULL,
  `reserved_at` int(10) UNSIGNED DEFAULT NULL,
  `available_at` int(10) UNSIGNED NOT NULL,
  `created_at` int(10) UNSIGNED NOT NULL
) ENGINE=InnoDB DEFAULT CHARSET=utf8mb4 COLLATE=utf8mb4_unicode_ci;

-- --------------------------------------------------------

--
-- Table structure for table `job_batches`
--

CREATE TABLE `job_batches` (
  `id` varchar(255) NOT NULL,
  `name` varchar(255) NOT NULL,
  `total_jobs` int(11) NOT NULL,
  `pending_jobs` int(11) NOT NULL,
  `failed_jobs` int(11) NOT NULL,
  `failed_job_ids` longtext NOT NULL,
  `options` mediumtext DEFAULT NULL,
  `cancelled_at` int(11) DEFAULT NULL,
  `created_at` int(11) NOT NULL,
  `finished_at` int(11) DEFAULT NULL
) ENGINE=InnoDB DEFAULT CHARSET=utf8mb4 COLLATE=utf8mb4_unicode_ci;

-- --------------------------------------------------------

--
-- Table structure for table `karyawans`
--

CREATE TABLE `karyawans` (
  `id` bigint(20) UNSIGNED NOT NULL,
  `atasan_id` bigint(20) UNSIGNED DEFAULT NULL,
  `jabatan_id` bigint(20) UNSIGNED DEFAULT NULL,
  `departemen_id` bigint(20) UNSIGNED DEFAULT NULL,
  `nrp` varchar(255) NOT NULL,
  `nama` varchar(255) NOT NULL,
  `foto` varchar(255) DEFAULT NULL,
  `created_at` timestamp NULL DEFAULT NULL,
  `updated_at` timestamp NULL DEFAULT NULL,
  `slug` varchar(255) NOT NULL,
  `no_hp` varchar(20) DEFAULT NULL
) ENGINE=InnoDB DEFAULT CHARSET=utf8mb4 COLLATE=utf8mb4_unicode_ci;

--
-- Dumping data for table `karyawans`
--

INSERT INTO `karyawans` (`id`, `atasan_id`, `jabatan_id`, `departemen_id`, `nrp`, `nama`, `foto`, `created_at`, `updated_at`, `slug`, `no_hp`) VALUES
(1, NULL, 48, 3, '10101010', 'Administrator', 'karyawans/default-150x150.png', '2026-05-08 12:00:46', '2026-06-09 15:32:07', 'administrator-111111', NULL),
(2, NULL, 84, 6, '01.C.24.580', 'SUBUR SUPRIYADI MURI', 'karyawans/default-150x150.png', '2026-05-09 09:24:32', '2026-05-09 09:24:32', 'subur-supriyadi-muri-8545', ''),
(3, 2, 21, 1, '01.C.22.1208', 'LISTIANTO', 'karyawans/default-150x150.png', '2026-05-09 09:24:32', '2026-05-09 09:24:32', 'listianto-6455', '081221190119'),
(4, 3, 35, 2, '01.C.19.003', 'BAYU PRASETYO', 'karyawans/default-150x150.png', '2026-05-09 09:24:32', '2026-05-09 09:24:32', 'bayu-prasetyo-7283', '082291031475'),
(5, 3, 35, 2, '01.C.17.127', 'NURJANIYANTO', 'karyawans/default-150x150.png', '2026-05-09 09:24:32', '2026-05-09 09:24:32', 'nurjaniyanto-6430', '081545678909'),
(6, 5, 102, 2, '01.B.25.317', 'ERNADIN NOR', 'karyawans/default-150x150.png', '2026-05-09 09:24:32', '2026-05-09 09:24:32', 'ernadin-nor-7721', '082122452208'),
(7, 5, 8, 2, '01.B.21.156', 'RAYANSYAH', 'karyawans/default-150x150.png', '2026-05-09 09:24:32', '2026-05-09 09:24:32', 'rayansyah-6636', '085754423008'),
(8, 4, 23, 2, '01.C.24.732', 'LAMHOT MANALU', 'karyawans/default-150x150.png', '2026-05-09 09:24:32', '2026-05-09 09:24:32', 'lamhot-manalu-4454', '085252979396'),
(9, 2, 99, 8, '01.C.26.090', 'KRISDIAN', 'karyawans/default-150x150.png', '2026-05-09 09:24:32', '2026-05-09 09:24:32', 'krisdian-3573', '082250744011'),
(10, 9, 100, 8, '01.B.21.574', 'ALFIAN', 'karyawans/default-150x150.png', '2026-05-09 09:24:32', '2026-05-09 09:24:32', 'alfian-2826', '081250827454'),
(11, 9, 100, 8, '01.C.23.638', 'AHMAD ALIE AKBAR', 'karyawans/default-150x150.png', '2026-05-09 09:24:32', '2026-05-09 09:24:32', 'ahmad-alie-akbar-5014', '081346342993'),
(12, 3, 50, 3, '01.C.24.093', 'ADMA SURYADI', 'karyawans/default-150x150.png', '2026-05-09 09:24:32', '2026-05-09 09:24:32', 'adma-suryadi-2148', '081281972541'),
(13, 12, 51, 3, '01.B.17.310', 'SYAHRIAL RIFANI', 'karyawans/default-150x150.png', '2026-05-09 09:24:32', '2026-05-09 09:24:32', 'syahrial-rifani-9805', '085249994050'),
(14, 12, 2, 3, '01.C.21.301', 'NOBER SALENDA', 'karyawans/default-150x150.png', '2026-05-09 09:24:32', '2026-05-09 09:24:32', 'nober-salenda-7215', '081241517721'),
(15, 2, 21, 1, '01.C.24.677', 'PARAMASTA LUCKY HANAFI', 'karyawans/default-150x150.png', '2026-05-09 09:24:32', '2026-05-09 09:24:32', 'paramasta-lucky-hanafi-6936', '081329088575'),
(16, 15, 60, 4, '01.C.24.1044', 'M. OLOWAN SIREGAR', 'karyawans/default-150x150.png', '2026-05-09 09:24:32', '2026-05-09 09:24:32', 'm.-olowan-siregar-3396', '082153234334'),
(17, 16, 3, 4, '01.B.24.926', 'BASO YASIR ARFAT', 'karyawans/default-150x150.png', '2026-05-09 09:24:32', '2026-05-09 09:24:32', 'baso-yasir-arfat-9251', '085754685468'),
(18, 2, 21, 1, '01.B.17.125', 'NURSALIM HUSIN', 'karyawans/default-150x150.png', '2026-05-09 09:24:32', '2026-05-09 09:24:32', 'nursalim-husin-3715', '082345619565'),
(19, 18, 90, 7, '01.C.22.633', 'AGUS HARIANTO', 'karyawans/default-150x150.png', '2026-05-09 09:24:32', '2026-05-09 09:24:32', 'agus-harianto-3948', '082254761434'),
(20, 19, 93, 7, '01.C.25.193', 'SULADI', 'karyawans/default-150x150.png', '2026-05-09 09:24:32', '2026-05-09 09:24:32', 'suladi-4965', '081357277034'),
(21, 15, 114, 5, '20.A.17.162', 'ANDREAS TARUK SARANGA', 'karyawans/default-150x150.png', '2026-05-09 09:24:32', '2026-05-09 09:24:32', 'andreas-taruk-saranga-4373', '081349313451'),
(22, 21, 86, 5, '01.C.23.327', 'DODI ISKANDAR', 'karyawans/default-150x150.png', '2026-05-09 09:24:32', '2026-05-09 09:24:32', 'dodi-iskandar-8547', '085349529883'),
(23, 4, 36, 2, '01.C.24.1043', 'MONSYAH VAIJAR', 'karyawans/default-150x150.png', '2026-05-09 09:24:32', '2026-05-09 09:24:32', 'monsyah-vaijar-2092', ''),
(24, 4, 36, 2, '01.B.22.011', 'I GEDE ADHITYA PRAMANA P', 'karyawans/default-150x150.png', '2026-05-09 09:24:32', '2026-05-09 09:24:32', 'i-gede-adhitya-pramana-p-2896', '081322216272'),
(25, 6, 102, 2, '23.A.21.030', 'WILDAN', 'karyawans/default-150x150.png', '2026-05-09 09:24:32', '2026-05-09 09:24:32', 'wildan-3993', '085387783737'),
(26, 7, 20, 2, '25.A.23.081', 'SAYYIDUL MALA MUZAQI', 'karyawans/default-150x150.png', '2026-05-09 09:24:32', '2026-05-09 09:24:32', 'sayyidul-mala-muzaqi-4085', '082225413994'),
(27, 7, 20, 2, '01.C.22.935', 'SUGENG HARIANTO', 'karyawans/default-150x150.png', '2026-05-09 09:24:32', '2026-05-09 09:24:32', 'sugeng-harianto-9445', '081253721517'),
(28, 6, 102, 2, '25.A.22.795', 'AFIF PRASETYO', 'karyawans/default-150x150.png', '2026-05-09 09:24:32', '2026-05-09 09:24:32', 'afif-prasetyo-4315', '081350483936'),
(29, 6, 102, 2, '01.B.18.406', 'FAHRUZI', 'karyawans/default-150x150.png', '2026-05-09 09:24:32', '2026-05-09 09:24:32', 'fahruzi-5499', ''),
(30, 6, 102, 2, '01.B.26.007', 'M. DENI SAPUTRA', 'karyawans/default-150x150.png', '2026-05-09 09:24:32', '2026-05-09 09:24:32', 'm.-deni-saputra-3095', '081345259924'),
(31, 8, 22, 2, '01.B.24.833', 'NANANG PONCO IRYANTO', 'karyawans/default-150x150.png', '2026-05-09 09:24:32', '2026-05-09 09:24:32', 'nanang-ponco-iryanto-3768', '081545950209'),
(32, 8, 22, 2, '01.C.24.917', 'OCTAVIANO BRILLIANDI', 'karyawans/default-150x150.png', '2026-05-09 09:24:32', '2026-05-09 09:24:32', 'octaviano-brilliandi-2786', '082138844388'),
(33, 10, 96, 8, '01.B.22.144', 'AHMAD MURJANI', 'karyawans/default-150x150.png', '2026-05-09 09:24:32', '2026-05-09 09:24:32', 'ahmad-murjani-6784', '081553698758'),
(34, 10, 96, 8, '01.B.23.616', 'PAULUS DAMAR AJI CHRISTANDA', 'karyawans/default-150x150.png', '2026-05-09 09:24:32', '2026-05-09 09:24:32', 'paulus-damar-aji-christanda-1655', '089607535477'),
(35, 11, 96, 8, '01.C.25.586', 'MUHAMMAD SANJAYA', 'karyawans/default-150x150.png', '2026-05-09 09:24:32', '2026-05-09 09:24:32', 'muhammad-sanjaya-1358', '+6282298481554'),
(36, 11, 96, 8, '01.B.24.345', 'ADITYA YUDISTIRA KILIP', 'karyawans/default-150x150.png', '2026-05-09 09:24:32', '2026-05-09 09:24:32', 'aditya-yudistira-kilip-9010', '081256722917'),
(37, 11, 96, 8, '01.C.26.033', 'GANNI LUTHFIANSYAH', 'karyawans/default-150x150.png', '2026-05-09 09:24:32', '2026-05-09 09:24:32', 'ganni-luthfiansyah-2663', '082152517518'),
(38, 10, 96, 8, '01.C.24.544', 'ANDHIKA PRATAMA WALIHADI', 'karyawans/default-150x150.png', '2026-05-09 09:24:32', '2026-05-09 09:24:32', 'andhika-pratama-walihadi-7532', '082276041211'),
(39, 13, 48, 3, '01.B.23.408', 'ANUGRAH FITRIANOR', 'karyawans/default-150x150.png', '2026-05-09 09:24:32', '2026-05-09 09:24:32', 'anugrah-fitrianor-1002', '+62 823-5874-6322'),
(40, 13, 48, 3, '27.A.24.135', 'RAHMAT', 'karyawans/default-150x150.png', '2026-05-09 09:24:32', '2026-05-09 17:51:48', 'rahmat-4929', '082153598446'),
(41, 14, 46, 3, '15130151', 'ABDUL KARIM', 'karyawans/default-150x150.png', '2026-05-09 09:24:32', '2026-05-09 09:24:32', 'abdul-karim-2885', ''),
(42, 14, 1, 3, '01.C.24.539', 'SUMARJI', 'karyawans/default-150x150.png', '2026-05-09 09:24:32', '2026-05-09 09:24:32', 'sumarji-4785', '085716037905'),
(43, 17, 61, 4, '01.C.24.919', 'WAHYU IMAM BAHTIYAR', 'karyawans/default-150x150.png', '2026-05-09 09:24:32', '2026-05-09 09:24:32', 'wahyu-imam-bahtiyar-3280', '085850637112'),
(44, 84, 91, 7, '26.A.22.1234', 'HAFIDZ AGUSTILLAH', 'karyawans/default-150x150.png', '2026-05-09 09:24:32', '2026-05-09 09:24:32', 'hafidz-agustillah-1779', '085705901478'),
(45, 21, 88, 5, 'PST.2458', 'MUSTOFA', 'karyawans/default-150x150.png', '2026-05-09 09:24:32', '2026-05-09 09:24:32', 'mustofa-2726', '082151840244'),
(46, 21, 88, 5, 'PST.3915', 'NASRUL WIBOWO', 'karyawans/default-150x150.png', '2026-05-09 09:24:32', '2026-05-09 09:24:32', 'nasrul-wibowo-4163', '+62 822-5511-9987'),
(47, 22, 108, 5, '01.B.24.059', 'TOMY AGUNG NURROKHIM', 'karyawans/default-150x150.png', '2026-05-09 09:24:32', '2026-05-09 09:24:32', 'tomy-agung-nurrokhim-9667', '085893602225'),
(48, 13, 48, 3, '01.B.23.493', 'MUHAMMAD IQBAL', 'karyawans/default-150x150.png', '2026-05-09 09:24:32', '2026-06-09 13:43:01', 'muhammad-iqbal-2380', '085820862602'),
(49, 2, 108, 5, '01.C.23.613', 'FARID YAMAN', 'karyawans/default-150x150.png', '2026-05-09 09:24:32', '2026-05-09 09:24:32', 'farid-yaman-5569', '08125012805'),
(50, 21, 88, 5, '01.B.24.937', 'ANDIK RUDIANTO', 'karyawans/default-150x150.png', '2026-05-09 09:24:32', '2026-05-09 09:24:32', 'andik-rudianto-9682', '081233439391'),
(51, 21, 88, 5, '01.C.17.459', 'DENNI', 'karyawans/default-150x150.png', '2026-05-09 09:24:32', '2026-05-09 09:24:32', 'denni-6817', '081254420011'),
(52, 21, 88, 5, '30.A.25.685', 'JAENI', 'karyawans/default-150x150.png', '2026-05-09 09:24:32', '2026-05-09 09:24:32', 'jaeni-7992', '081350114413'),
(53, 21, 88, 5, '01.C.23.587', 'SUNARSO', 'karyawans/default-150x150.png', '2026-05-09 09:24:32', '2026-05-09 09:24:32', 'sunarso-8506', '082154082489'),
(54, 22, 85, 5, '01.B.21.455', 'ARDENTRA SAMANTHANO AL AFGHANI', 'karyawans/default-150x150.png', '2026-05-09 09:24:32', '2026-05-09 09:24:32', 'ardentra-samanthano-al-afghani-4404', '085337569183'),
(55, 22, 85, 5, '01.C.23.354', 'MOCHAMMAD AL AMIN', 'karyawans/default-150x150.png', '2026-05-09 09:24:32', '2026-05-09 09:24:32', 'mochammad-al-amin-4657', '081244484115'),
(56, 46, 40, 5, '01.C.24.161', 'FAJRI MUBARAQ', 'karyawans/default-150x150.png', '2026-05-09 09:24:32', '2026-05-09 09:24:32', 'fajri-mubaraq-4871', '081298624448'),
(57, 50, 87, 5, '01.C.23.775', 'ABDUL SYAHID', 'karyawans/default-150x150.png', '2026-05-09 09:24:32', '2026-05-09 09:24:32', 'abdul-syahid-5435', '085348540139'),
(58, 50, 87, 5, '01.E.18.0104', 'RISKIANTO', 'karyawans/default-150x150.png', '2026-05-09 09:24:32', '2026-05-09 09:24:32', 'riskianto-5824', '081255235797'),
(59, 46, 87, 5, '01.B.22.682', 'santoko', 'karyawans/default-150x150.png', '2026-05-09 09:24:32', '2026-05-09 09:24:32', 'santoko-1548', '083141155144'),
(60, 52, 87, 5, '01.C.23.724', 'USMAN BIRRUL WALIDAIN', 'karyawans/default-150x150.png', '2026-05-09 09:24:32', '2026-05-09 09:24:32', 'usman-birrul-walidain-1241', '087721264563'),
(61, 46, 87, 5, 'PST.1527', 'ISMONO', 'karyawans/default-150x150.png', '2026-05-09 09:24:32', '2026-05-09 09:24:32', 'ismono-5526', '0813-48099767'),
(62, 50, 87, 5, '01.C.24.683', 'FRANS DADY NANDA TARIGAN', 'karyawans/default-150x150.png', '2026-05-09 09:24:32', '2026-05-09 09:24:32', 'frans-dady-nanda-tarigan-4912', '08126396048'),
(63, 46, 4, 5, '01.C.23.380', 'IBNU ROWI MUBAROK', 'karyawans/default-150x150.png', '2026-05-09 09:24:32', '2026-05-09 09:24:32', 'ibnu-rowi-mubarok-9614', '081325881656'),
(64, 46, 87, 5, '01.C.22.1019', 'RYAN YAHYA', 'karyawans/default-150x150.png', '2026-05-09 09:24:32', '2026-05-09 09:24:32', 'ryan-yahya-2648', ''),
(65, 46, 87, 5, '01.B.25.612', 'MUHAMMAD AGUS HERY YANTO', 'karyawans/default-150x150.png', '2026-05-09 09:24:32', '2026-05-09 09:24:32', 'muhammad-agus-hery-yanto-5918', '082154728525'),
(66, 45, 109, 5, '01.B.23.744', 'MUHAMMAD SALEH', 'karyawans/default-150x150.png', '2026-05-09 09:24:32', '2026-05-09 09:24:32', 'muhammad-saleh-7403', '081253812389'),
(67, 52, 87, 5, '01.B.25.609', 'REAGEN SHANDY SASIA', 'karyawans/20260611170146_vJDzCZaNbi.jpg', '2026-05-09 09:24:32', '2026-06-11 17:01:46', 'reagen-shandy-sasia-1455', '082159091263'),
(68, 51, 87, 5, 'PST.2778', 'HERI WIDODO', 'karyawans/default-150x150.png', '2026-05-09 09:24:32', '2026-05-09 09:24:32', 'heri-widodo-2939', '082149075475'),
(69, 51, 87, 5, '01.B.23.689', 'MUHAMMAD HASYIM ASHARI', 'karyawans/default-150x150.png', '2026-05-09 09:24:32', '2026-05-09 09:24:32', 'muhammad-hasyim-ashari-9961', ''),
(70, 52, 113, 5, '01.B.21.572', 'DIDIK HARTANTO', 'karyawans/default-150x150.png', '2026-05-09 09:24:32', '2026-05-09 09:24:32', 'didik-hartanto-1438', '082261142181'),
(71, 45, 109, 5, '01.B.25.691', 'ASIA MAKHBUL', 'karyawans/default-150x150.png', '2026-05-09 09:24:32', '2026-05-09 09:24:32', 'asia-makhbul-4386', '085249528778'),
(72, 17, 61, 4, '01.C.25.780', 'PRIMA ALEXANDER BUTAR BUTAR', 'karyawans/default-150x150.png', '2026-05-09 09:24:32', '2026-05-09 09:24:32', 'prima-alexander-butar-butar-3891', '085353109117'),
(73, 17, 61, 4, '01.C.25.694', 'AGUNG INDRIA', 'karyawans/default-150x150.png', '2026-05-09 09:24:32', '2026-05-09 09:24:32', 'agung-indria-2273', '085719000322'),
(74, 17, 39, 4, '01.C.24.1083', 'M FADHIL SATRIAWAN', 'karyawans/default-150x150.png', '2026-05-09 09:24:32', '2026-05-09 09:24:32', 'm-fadhil-satriawan-8425', '087771808882'),
(75, 17, 61, 4, '01.C.25.224', 'WISNU HENDRA', 'karyawans/default-150x150.png', '2026-05-09 09:24:32', '2026-05-09 09:24:32', 'wisnu-hendra-1158', '085848226248'),
(76, 17, 61, 4, '29.A.23.731', 'DIMAS RIZKI ADITYA', 'karyawans/default-150x150.png', '2026-05-09 09:24:32', '2026-05-09 09:24:32', 'dimas-rizki-aditya-8107', '083153524555'),
(77, 18, 5, 7, '01.B.22.898', 'AHMAD JANURI', 'karyawans/default-150x150.png', '2026-05-09 09:24:32', '2026-05-09 09:24:32', 'ahmad-januri-3253', '082179466148'),
(78, 18, 90, 7, '01.B.21.204', 'BILKER SITUMORANG', 'karyawans/default-150x150.png', '2026-05-09 09:24:32', '2026-05-09 09:24:32', 'bilker-situmorang-7595', '082159349867'),
(79, 49, 107, 7, '01.D.21.1345', 'DIKA KRISNANDA', 'karyawans/default-150x150.png', '2026-05-09 09:24:32', '2026-05-09 09:24:32', 'dika-krisnanda-6254', '082244035957'),
(80, 78, 93, 7, '01.C.23.386', 'ROCHMAN WIJAYA', 'karyawans/default-150x150.png', '2026-05-09 09:24:32', '2026-05-09 09:24:32', 'rochman-wijaya-9579', '081345311171'),
(81, 77, 7, 7, '23.A.20.201', 'ISMANTO', 'karyawans/default-150x150.png', '2026-05-09 09:24:32', '2026-05-09 09:24:32', 'ismanto-6276', '082154478700'),
(82, 19, 7, 7, '23.A.20.086', 'EKO BUDIANTO', 'karyawans/default-150x150.png', '2026-05-09 09:24:32', '2026-05-09 09:24:32', 'eko-budianto-9691', '082154226402'),
(83, 78, 93, 7, '01.B.24.601', 'IBNU NURYANTO', 'karyawans/default-150x150.png', '2026-05-09 09:24:32', '2026-05-09 09:24:32', 'ibnu-nuryanto-5701', '082254545071'),
(84, 77, 93, 7, '01.B.21.170', 'JOKO SANTOSO', 'karyawans/default-150x150.png', '2026-05-09 09:24:32', '2026-05-09 09:24:32', 'joko-santoso-3737', '08115588708'),
(85, 49, 107, 7, '01.D.18.0507', 'JERRY RIZKI PRATAMA', 'karyawans/default-150x150.png', '2026-05-09 09:24:32', '2026-05-09 09:24:32', 'jerry-rizki-pratama-7091', '081249636606'),
(86, 82, 91, 7, '20.A.17.144', 'SUPRIYADI', 'karyawans/default-150x150.png', '2026-05-09 09:24:32', '2026-05-09 09:24:32', 'supriyadi-1523', '085348349509'),
(87, 81, 6, 7, '01.D.21.1216', 'RISKY SETIAWAN', 'karyawans/default-150x150.png', '2026-05-09 09:24:32', '2026-05-09 09:24:32', 'risky-setiawan-2102', '085704088435'),
(88, 83, 91, 7, '01.C.24.142', 'ALWAN', 'karyawans/default-150x150.png', '2026-05-09 09:24:32', '2026-05-09 09:24:32', 'alwan-6506', '082279130007'),
(89, 20, 92, 7, '01.C.25.362', 'EKSAN TOHARI', 'karyawans/default-150x150.png', '2026-05-09 09:24:32', '2026-05-09 09:24:32', 'eksan-tohari-8677', '082142504991'),
(90, 84, 91, 7, '01.B.22.275', 'BAYU ANDRI PRAYITNO', 'karyawans/default-150x150.png', '2026-05-09 09:24:32', '2026-05-09 09:24:32', 'bayu-andri-prayitno-8450', '081346207153'),
(91, 82, 91, 7, '01.C.25.095', 'EKO BUDHI MURTOMO ADI', 'karyawans/default-150x150.png', '2026-05-09 09:24:32', '2026-05-09 09:24:32', 'eko-budhi-murtomo-adi-8399', '081229929185'),
(92, 84, 6, 7, '01.B.21.212', 'BENI NAINGGOLAN', 'karyawans/default-150x150.png', '2026-05-09 09:24:32', '2026-05-09 09:24:32', 'beni-nainggolan-7738', '082350118020'),
(93, 83, 91, 7, '01.B.25.383', 'FAUZIN', 'karyawans/default-150x150.png', '2026-05-09 09:24:32', '2026-05-09 09:24:32', 'fauzin-1179', '081351800849'),
(94, 83, 91, 7, '01.B.25.529', 'JENTAYU HENDRO PURNOMO', 'karyawans/default-150x150.png', '2026-05-09 09:24:32', '2026-05-09 09:24:32', 'jentayu-hendro-purnomo-7629', '085249333148'),
(95, 82, 91, 7, '01.C.22.511', 'SUKIRNO', 'karyawans/default-150x150.png', '2026-05-09 09:24:32', '2026-05-09 09:24:32', 'sukirno-5655', '082180241199'),
(96, 84, 91, 7, '01.D.21.1349', 'MOH. FAJAR SHIDDIQ', 'karyawans/default-150x150.png', '2026-05-09 09:24:32', '2026-05-09 09:24:32', 'moh.-fajar-shiddiq-5553', ''),
(97, 20, 91, 7, '01.D.18.0513', 'SUBARKAH DARMAWAN', 'karyawans/default-150x150.png', '2026-05-09 09:24:32', '2026-05-09 09:24:32', 'subarkah-darmawan-6435', '085729020911'),
(98, 80, 91, 7, '01.B.24.128', 'ENDANG SUPARMAN', 'karyawans/default-150x150.png', '2026-05-09 09:24:32', '2026-05-09 09:24:32', 'endang-suparman-7710', '081254384243'),
(99, 84, 6, 7, '25.A.23.022', 'ARIP PADILAH', 'karyawans/3JO7iVv5XbweOtWkajHcJ7o7AtenXwslrvHjRxir.png', '2026-05-09 09:24:32', '2026-06-07 08:43:45', 'arip-padilah-4362', '085369414677'),
(100, 81, 91, 7, '24.A.18.465', 'APRIYANTO PUJI SAID', 'karyawans/default-150x150.png', '2026-05-09 09:24:32', '2026-05-09 09:24:32', 'apriyanto-puji-said-3071', '085246720034'),
(101, 80, 6, 7, '25.A.21.296', 'MARSUKI IRWAN', 'karyawans/default-150x150.png', '2026-05-09 09:24:32', '2026-05-09 09:24:32', 'marsuki-irwan-7678', '082149836233'),
(102, 80, 91, 7, '01.D.18.0508', 'WAHYUHADI PRASETIO', 'karyawans/default-150x150.png', '2026-05-09 09:24:32', '2026-05-09 09:24:32', 'wahyuhadi-prasetio-5503', ''),
(103, 20, 91, 7, '01.B.25.795', 'EDY SANTOSO', 'karyawans/default-150x150.png', '2026-05-09 09:24:32', '2026-05-09 09:24:32', 'edy-santoso-8120', '082354306047'),
(104, 83, 91, 7, '01.C.24.162', 'ARRMANDHA ALGHIFARI', 'karyawans/default-150x150.png', '2026-05-09 09:24:32', '2026-05-09 09:24:32', 'arrmandha-alghifari-5962', '081517980137'),
(105, 82, 91, 7, '01.C.25.663', 'MUHAMMAD KAISYA HIDAYAT', 'karyawans/default-150x150.png', '2026-05-09 09:24:32', '2026-05-09 09:24:32', 'muhammad-kaisya-hidayat-4709', '085693116503'),
(106, 20, 91, 7, '01.D.21.1127', 'TRI GUSTORO', 'karyawans/default-150x150.png', '2026-05-09 09:24:32', '2026-05-09 09:24:32', 'tri-gustoro-3601', '081248237606'),
(107, 81, 6, 7, '01.B.21.528', 'AHMAD MUSAWIR', 'karyawans/default-150x150.png', '2026-05-09 09:24:32', '2026-05-09 09:24:32', 'ahmad-musawir-9264', '081241868981'),
(108, 81, 6, 7, '01.B.19.276', 'ARIS PRIYANTO', 'karyawans/default-150x150.png', '2026-05-09 09:24:32', '2026-05-09 09:24:32', 'aris-priyanto-4786', '085346300803'),
(109, 49, 107, 7, '01.D.18.0207', 'JOKO SUPRIONO', 'karyawans/default-150x150.png', '2026-05-09 09:24:32', '2026-05-09 09:24:32', 'joko-supriono-8391', '082233848136'),
(110, NULL, 91, 7, '01.B.25.721', 'HARUN AL RASID', 'karyawans/default-150x150.png', '2026-05-09 09:24:32', '2026-05-09 09:24:32', 'harun-al-rasid-1927', ''),
(111, 2, 37, 3, '01.C.25.252', 'RAFI ZAKY RAYOGA', 'karyawans/default-150x150.png', '2026-05-09 09:24:32', '2026-05-09 09:24:32', 'rafi-zaky-rayoga-1236', '081319106443'),
(112, 23, 69, 2, '01.C.22.1161', 'MUHAMMAD PAISAL', 'karyawans/default-150x150.png', '2026-05-09 09:24:32', '2026-05-09 09:24:32', 'muhammad-paisal-7461', '081329023051'),
(113, 23, 68, 2, '01.C.22.1159', 'AHMAD MANGGALA GANDIYASA', 'karyawans/default-150x150.png', '2026-05-09 09:24:32', '2026-05-09 09:24:32', 'ahmad-manggala-gandiyasa-4107', '0895391961922'),
(114, 23, 67, 2, '01.C.22.1008', 'DODI CAHYO SAPUTRO', 'karyawans/default-150x150.png', '2026-05-09 09:24:32', '2026-05-09 09:24:32', 'dodi-cahyo-saputro-4072', '082234021618'),
(115, 24, 69, 2, '01.C.26.105', 'RIJAL ADITYA PRASETYA', 'karyawans/default-150x150.png', '2026-05-09 09:24:32', '2026-05-09 09:24:32', 'rijal-aditya-prasetya-9853', '082111297568'),
(116, 24, 38, 2, '01.C.25.256', 'KUMAIL ATHTHAARIQ ZUHRI ACHMAD', 'karyawans/default-150x150.png', '2026-05-09 09:24:32', '2026-05-09 09:24:32', 'kumail-aththaariq-zuhri-achmad-1719', '082300191195'),
(117, 25, 101, 2, '01.B.26.159', 'MUHAMAD FAISAL', 'karyawans/default-150x150.png', '2026-05-09 09:24:32', '2026-05-09 09:24:32', 'muhamad-faisal-5238', '082352740490'),
(118, 26, 15, 2, '01.B.26.080', 'ENDRA PURNAMA', 'karyawans/default-150x150.png', '2026-05-09 09:24:32', '2026-05-09 09:24:32', 'endra-purnama-9577', '082265432818'),
(119, 27, 15, 2, '01.B.22.455', 'MUHAMMAD ALI MUDDIN', 'karyawans/default-150x150.png', '2026-05-09 09:24:32', '2026-05-09 09:24:32', 'muhammad-ali-muddin-7146', '+62 822-5372-0291'),
(120, 27, 15, 2, '30.A.24.207', 'GINASENG', 'karyawans/default-150x150.png', '2026-05-09 09:24:32', '2026-05-09 09:24:32', 'ginaseng-2485', '081350806674'),
(121, 27, 15, 2, '30.A.25.029', 'BAGAS LANDUNG WIJAYANTO', 'karyawans/default-150x150.png', '2026-05-09 09:24:32', '2026-05-09 09:24:32', 'bagas-landung-wijayanto-2783', '089504664921'),
(122, 26, 15, 2, '01.B.26.052', 'ALYU NOVAUL KARIM', 'karyawans/default-150x150.png', '2026-05-09 09:24:32', '2026-05-09 09:24:32', 'alyu-novaul-karim-7585', '083140455265'),
(123, 28, 57, 2, '30.A.24.577', 'FAKHREZA', 'karyawans/default-150x150.png', '2026-05-09 09:24:32', '2026-05-09 09:24:32', 'fakhreza-4643', '082254455515'),
(124, 25, 57, 2, '30.A.24.923', 'STEVANUS BELAWING', 'karyawans/default-150x150.png', '2026-05-09 09:24:32', '2026-05-09 09:24:32', 'stevanus-belawing-4133', '085319040412'),
(125, 25, 57, 2, '30.A.24.894', 'SAHRUL RAMADHAN', 'karyawans/default-150x150.png', '2026-05-09 09:24:32', '2026-05-09 09:24:32', 'sahrul-ramadhan-5365', '087766623112'),
(126, 30, 57, 2, '30.A.24.1033', 'JOLANDA SAPUTRA', 'karyawans/default-150x150.png', '2026-05-09 09:24:32', '2026-05-09 09:24:32', 'jolanda-saputra-7456', '085355609889'),
(127, 25, 57, 2, '30.A.25.035', 'EMANUEL LASAN', 'karyawans/default-150x150.png', '2026-05-09 09:24:32', '2026-05-09 09:24:32', 'emanuel-lasan-2041', '081353413621'),
(128, 30, 57, 2, '30.A.25.629', 'DIMAS ANGGA PRAYUGI', 'karyawans/default-150x150.png', '2026-05-09 09:24:32', '2026-05-09 09:24:32', 'dimas-angga-prayugi-1037', '083895684156'),
(129, 28, 57, 2, '30.A.25.637', 'PERDI', 'karyawans/default-150x150.png', '2026-05-09 09:24:32', '2026-05-09 09:24:32', 'perdi-5244', '082277184493'),
(131, 30, 101, 2, '25.A.23.562', 'DELHI CANDRA', 'karyawans/default-150x150.png', '2026-05-09 09:24:32', '2026-05-09 09:24:32', 'delhi-candra-4543', '082211376608'),
(132, 30, 101, 2, '30.A.25.038', 'NORMANSYAH', 'karyawans/default-150x150.png', '2026-05-09 09:24:32', '2026-05-09 09:24:32', 'normansyah-8122', '081350488348'),
(133, 30, 57, 2, '30.A.26.211', 'M MEIZYA RADAFFA', 'karyawans/default-150x150.png', '2026-05-09 09:24:32', '2026-05-09 09:24:32', 'm-meizya-radaffa-8960', '081242675930'),
(134, 31, 53, 2, '30.A.24.987', 'BRYAN DE  MERVEIL', 'karyawans/default-150x150.png', '2026-05-09 09:24:32', '2026-05-09 09:24:32', 'bryan-de--merveil-8422', '081258728564'),
(135, 31, 53, 2, '30.A.24.1108', 'VARREL MADE BINTANG L', 'karyawans/default-150x150.png', '2026-05-09 09:24:32', '2026-05-09 09:24:32', 'varrel-made-bintang-l-6228', '082229062606'),
(136, 32, 53, 2, '30.A.25.543', 'JULIANDI SAPUTRA', 'karyawans/default-150x150.png', '2026-05-09 09:24:32', '2026-05-09 09:24:32', 'juliandi-saputra-3576', '085247796454'),
(137, 33, 11, 8, '01.B.24.545', 'KURNIA HIMAWAN SANDY', 'karyawans/default-150x150.png', '2026-05-09 09:24:32', '2026-05-09 09:24:32', 'kurnia-himawan-sandy-4754', '081255093470'),
(138, 34, 11, 8, '01.B.25.632', 'Rizqan Anhar Attoriq', 'karyawans/default-150x150.png', '2026-05-09 09:24:32', '2026-05-09 09:24:32', 'rizqan-anhar-attoriq-3800', '+62 852-4664-7226'),
(139, 35, 95, 8, '30.A.25.649', 'JUARI IVAN HOE', 'karyawans/default-150x150.png', '2026-05-09 09:24:32', '2026-05-09 09:24:32', 'juari-ivan-hoe-1252', '082211033594'),
(140, 36, 56, 8, '30.A.24.1130', 'AMZAL JAYADI', 'karyawans/default-150x150.png', '2026-05-09 09:24:32', '2026-05-09 09:24:32', 'amzal-jayadi-1585', '082147708187'),
(141, 35, 56, 8, '30.A.26.214', 'SYAHRUL RAMADHAN', 'karyawans/default-150x150.png', '2026-05-09 09:24:32', '2026-05-09 09:24:32', 'syahrul-ramadhan-5154', '082224259089'),
(142, 36, 56, 8, '30.A.25.320', 'Kevin Pratama', 'karyawans/default-150x150.png', '2026-05-09 09:24:32', '2026-05-09 09:24:32', 'kevin-pratama-5443', '+62 822-9144-4437'),
(143, 37, 56, 8, '30.A.25.393', 'ANDIKA BAGAS PRATAMA', 'karyawans/default-150x150.png', '2026-05-09 09:24:32', '2026-05-09 09:24:32', 'andika-bagas-pratama-6566', '082210315998'),
(144, 38, 83, 8, '01.B.26.084', 'MUHAMMAD INDRA', 'karyawans/default-150x150.png', '2026-05-09 09:24:32', '2026-05-09 09:24:32', 'muhammad-indra-7593', '081935403108'),
(145, 38, 83, 8, '01.B.25.668', 'HERI KISWANTO.,S.KEP,NS', 'karyawans/default-150x150.png', '2026-05-09 09:24:32', '2026-05-09 09:24:32', 'heri-kiswanto.,s.kep,ns-6211', '085332559558'),
(146, 38, 83, 8, '30.A.26.209', 'SYAILHAM MONDALIKA', 'karyawans/default-150x150.png', '2026-05-09 09:24:32', '2026-05-09 09:24:32', 'syailham-mondalika-7081', '082243407725'),
(147, 39, 47, 3, '01.B.24.982', 'MUHAMMAD MIFTAH SYAKIR', 'karyawans/default-150x150.png', '2026-05-09 09:24:32', '2026-05-09 09:24:32', 'muhammad-miftah-syakir-3599', '0857-0597-6315'),
(148, 48, 47, 3, '01.B.25.675', 'INDANUSIA', 'karyawans/20260611170652_awxEdi7Jao.jpg', '2026-05-09 09:24:32', '2026-06-11 17:06:52', 'danu-dwi-wibowo-1580', '085821911109'),
(149, 908, 45, 3, '30.A.24.085', 'HENDRA IRAWAN', 'karyawans/default-150x150.png', '2026-05-09 09:24:32', '2026-06-11 11:24:22', 'hendra-irawan-5586', '082323383806'),
(150, 41, 45, 3, '30.A.25.517', 'CELVIN NETANIEL SALU', 'karyawans/default-150x150.png', '2026-05-09 09:24:32', '2026-05-09 09:24:32', 'celvin-netaniel-salu-8444', '081350296520'),
(151, 41, 45, 3, '01.B.25.633', 'FIDEL LIMBONG TANDI KALUA ', 'karyawans/default-150x150.png', '2026-05-09 09:24:32', '2026-05-09 09:24:32', 'fidel-limbong-tandi-kalua--8124', '082259922477'),
(152, 908, 104, 3, '01.B.26.070', 'GUYUB DWI SUSANTO', 'karyawans/default-150x150.png', '2026-05-09 09:24:32', '2026-06-11 11:24:43', 'guyub-dwi-susanto-9737', '08152011566'),
(153, 908, 104, 3, '01.C.25.779', 'ADE JULIANTO', 'karyawans/default-150x150.png', '2026-05-09 09:24:32', '2026-06-11 11:24:59', 'ade-julianto-1815', '085643844232'),
(154, 908, 28, 3, '30.A.24.244', 'IVAN HAGI KRISDIYANTO', 'karyawans/default-150x150.png', '2026-05-09 09:24:32', '2026-05-09 09:24:32', 'ivan-hagi-krisdiyanto-7313', '+62 878-4167-5560'),
(155, 43, 28, 3, '01.B.24.432', 'DANIEL SINAGA', 'karyawans/default-150x150.png', '2026-05-09 09:24:32', '2026-05-09 09:24:32', 'daniel-sinaga-1557', '081717307722'),
(156, 44, 28, 3, '01.B.24.640', 'YUDI', 'karyawans/default-150x150.png', '2026-05-09 09:24:32', '2026-05-09 09:24:32', 'yudi-7042', '085757578065'),
(157, 908, 28, 3, '30.A.24.720', 'MARSONI', 'karyawans/default-150x150.png', '2026-05-09 09:24:32', '2026-05-09 09:24:32', 'marsoni-9933', '082133155103'),
(158, 47, 28, 3, '01.B.24.858', 'MAULANA', 'karyawans/default-150x150.png', '2026-05-09 09:24:32', '2026-05-09 09:24:32', 'maulana-6107', '089517590601'),
(159, 28, 28, 3, '01.B.25.518', 'MUHAMMAD ZAINURI', 'karyawans/default-150x150.png', '2026-05-09 09:24:32', '2026-05-09 09:24:32', 'muhammad-zainuri-7275', '+62 821-2582-2557'),
(160, 47, 28, 3, '30.A.25.643', 'ILHAM WIDYATMOKO', 'karyawans/default-150x150.png', '2026-05-09 09:24:32', '2026-05-09 09:24:32', 'ilham-widyatmoko-7699', '081282892632'),
(161, 42, 28, 3, '30.A.26.155', 'ELDI MEWENGKANG', 'karyawans/default-150x150.png', '2026-05-09 09:24:32', '2026-05-09 09:24:32', 'eldi-mewengkang-7850', '082358679932'),
(162, 908, 65, 3, '25.A.23.656', 'ILHAM RIFALDI', 'karyawans/default-150x150.png', '2026-05-09 09:24:32', '2026-05-09 09:24:32', 'ilham-rifaldi-7231', '083140081007'),
(163, 908, 54, 3, '01.B.24.879', 'MUHAMMAD ASNANOR RIDWAN', 'karyawans/default-150x150.png', '2026-05-09 09:24:32', '2026-05-09 09:24:32', 'muhammad-asnanor-ridwan-8716', '081520484362'),
(164, 41, 43, 3, '30.A.25.542', 'JULIANSYAH', 'karyawans/default-150x150.png', '2026-05-09 09:24:32', '2026-05-09 09:24:32', 'juliansyah-7763', '082150198215'),
(165, 41, 43, 3, '30.A.25.714', 'MUHAMMAD RIDWAN', 'karyawans/default-150x150.png', '2026-05-09 09:24:32', '2026-05-09 09:24:32', 'muhammad-ridwan-9707', '081348233403'),
(166, 41, 43, 3, 'H065 GBU', 'DANIEL OBAJA BRIA', 'karyawans/default-150x150.png', '2026-05-09 09:24:32', '2026-05-09 09:24:32', 'daniel-obaja-bria-2424', '082285356598'),
(167, 41, 43, 3, 'H071 CAM', 'PURNAMA PUTRA', 'karyawans/default-150x150.png', '2026-05-09 09:24:32', '2026-05-09 09:24:32', 'purnama-putra-3040', '081346465441'),
(168, 42, 63, 3, '01.B.26.027', 'TUBAGUS FERDY PUTRA ERMANDA', 'karyawans/default-150x150.png', '2026-05-09 09:24:32', '2026-05-09 09:24:32', 'tubagus-ferdy-putra-ermanda-7627', '085155277795'),
(169, 42, 19, 3, '01.B.24.1099', 'SATI AH', 'karyawans/default-150x150.png', '2026-05-09 09:24:32', '2026-05-09 09:24:32', 'sati-ah-4200', '082213516493'),
(170, 42, 19, 3, '30.A.24.1085', 'NAH', 'karyawans/default-150x150.png', '2026-05-09 09:24:32', '2026-05-09 09:24:32', 'nah-3924', '085218160776'),
(171, 42, 19, 3, '30.A.24.1084', 'GUNARTI WINDASARI', 'karyawans/default-150x150.png', '2026-05-09 09:24:32', '2026-05-09 09:24:32', 'gunarti-windasari-4926', '+62 852-1087-7461'),
(172, 42, 19, 3, '30.A.25.532', 'ENI MULYANI', 'karyawans/default-150x150.png', '2026-05-09 09:24:32', '2026-05-09 09:24:32', 'eni-mulyani-1769', '+62 877-5819-7276'),
(173, 42, 19, 3, '01.B.25.533', 'SUMINI', 'karyawans/default-150x150.png', '2026-05-09 09:24:32', '2026-05-09 09:24:32', 'sumini-4263', '+62 812-3935-7332'),
(174, 42, 19, 3, 'COOKER36 GBU', 'ARDIYANTO MAUS', 'karyawans/default-150x150.png', '2026-05-09 09:24:32', '2026-05-09 09:24:32', 'ardiyanto-maus-4731', '081351269875'),
(175, 42, 19, 3, 'COOKER43 CAM', 'TEWAN', 'karyawans/default-150x150.png', '2026-05-09 09:24:32', '2026-05-09 09:24:32', 'tewan-7879', '082156256719'),
(176, 42, 52, 3, '30.A.24.1087', 'SUSI SUSANTI', 'karyawans/default-150x150.png', '2026-05-09 09:24:32', '2026-05-09 09:24:32', 'susi-susanti-9718', '+62 822-5218-1548'),
(177, 908, 52, 3, '30.A.25.536', 'ASTI', 'karyawans/default-150x150.png', '2026-05-09 09:24:32', '2026-05-09 09:24:32', 'asti-6789', '081347467226'),
(178, 908, 52, 3, '30.A.24.1088', 'BIYES', 'karyawans/default-150x150.png', '2026-05-09 09:24:32', '2026-05-09 09:24:32', 'biyes-8352', '+62 822-7901-0625'),
(179, 908, 52, 3, '30.A.24.1090', 'MARIANA', 'karyawans/default-150x150.png', '2026-05-09 09:24:32', '2026-05-09 09:24:32', 'mariana-5003', '082225709621'),
(180, 42, 52, 3, 'COOKER16 GBU', 'IMEL', 'karyawans/default-150x150.png', '2026-05-09 09:24:32', '2026-05-09 09:24:32', 'imel-4985', '081289283264'),
(181, 42, 52, 3, '30.A.24.1086', 'NURIWATI', 'karyawans/default-150x150.png', '2026-05-09 09:24:32', '2026-05-09 09:24:32', 'nuriwati-1315', '085390221019'),
(182, 42, 52, 3, '30.A.25.535', 'KAROLITA', 'karyawans/default-150x150.png', '2026-05-09 09:24:32', '2026-05-09 09:24:32', 'karolita-6609', '082148262661'),
(183, 42, 52, 3, 'COOKER22 GBU', 'MELKEOR JENO', 'karyawans/default-150x150.png', '2026-05-09 09:24:32', '2026-05-09 09:24:32', 'melkeor-jeno-4379', '087870948382'),
(185, 908, 52, 3, 'H051 GBU', 'EMILIANA', 'karyawans/default-150x150.png', '2026-05-09 09:24:32', '2026-05-09 09:24:32', 'emiliana-2395', '082252850049'),
(186, 42, 52, 3, 'COOKER37 GBU', 'ROHANI BECEK', 'karyawans/default-150x150.png', '2026-05-09 09:24:32', '2026-05-09 09:24:32', 'rohani-becek-5992', '081254806623'),
(187, 42, 52, 3, '30.A.25.711', 'FRANSISCO OKTARIAN FADLI', 'karyawans/default-150x150.png', '2026-05-09 09:24:32', '2026-05-09 09:24:32', 'fransisco-oktarian-fadli-7268', '081250997978'),
(188, 908, 52, 3, 'H066 CAM', 'FASCALIS RAMOND ', 'karyawans/default-150x150.png', '2026-05-09 09:24:32', '2026-05-09 09:24:32', 'fascalis-ramond--4412', '082284352494'),
(189, 42, 52, 3, 'COOKER39 CAM', 'FEBILIA', 'karyawans/default-150x150.png', '2026-05-09 09:24:32', '2026-05-09 09:24:32', 'febilia-6338', '081253342322'),
(190, 42, 52, 3, 'COOKER40 CAM', 'CHRISTY DILEZA', 'karyawans/default-150x150.png', '2026-05-09 09:24:32', '2026-05-09 09:24:32', 'christy-dileza-5757', '082298629210'),
(191, 908, 52, 3, 'COOKER42 CAM', 'ELMIYATI', 'karyawans/default-150x150.png', '2026-05-09 09:24:32', '2026-05-09 09:24:32', 'elmiyati-8411', '085246690699'),
(192, 908, 71, 3, '30.A.24.1092', 'MARIA ANGELINA', 'karyawans/default-150x150.png', '2026-05-09 09:24:32', '2026-05-09 09:24:32', 'maria-angelina-5475', '085222978711'),
(193, 908, 71, 3, '30.A.24.1093', 'MARTIANA', 'karyawans/default-150x150.png', '2026-05-09 09:24:32', '2026-05-09 09:24:32', 'martiana-5969', '081213222900'),
(194, 41, 71, 3, '30.A.25.712', 'WIWIN', 'karyawans/default-150x150.png', '2026-05-09 09:24:32', '2026-05-09 09:24:32', 'wiwin-4232', '082154059966'),
(195, 41, 71, 3, 'H043 GBU', 'MARDENI', 'karyawans/default-150x150.png', '2026-05-09 09:24:32', '2026-05-09 09:24:32', 'mardeni-6263', '085246185854'),
(196, 41, 71, 3, '30.A.25.541', 'RISKI', 'karyawans/default-150x150.png', '2026-05-09 09:24:32', '2026-05-09 09:24:32', 'riski-6973', '081355238838'),
(197, 41, 71, 3, 'H041 GBU', 'AYUSAPITRI', 'karyawans/default-150x150.png', '2026-05-09 09:24:32', '2026-05-09 09:24:32', 'ayusapitri-4527', '085317108728'),
(198, 41, 71, 3, 'H047 GBU', 'YOSA NATALIA', 'karyawans/default-150x150.png', '2026-05-09 09:24:32', '2026-05-09 09:24:32', 'yosa-natalia-8417', '082255486360'),
(199, 908, 71, 3, '30.A.25.713', 'JANURIAH', 'karyawans/default-150x150.png', '2026-05-09 09:24:32', '2026-05-09 09:24:32', 'januriah-6650', '081231364489'),
(200, 41, 71, 3, 'H064 GBU', 'EKA NUR SELA D', 'karyawans/default-150x150.png', '2026-05-09 09:24:32', '2026-05-09 09:24:32', 'eka-nur-sela-d-1946', '081349535914'),
(202, 41, 71, 3, 'H072 CAM', ' MARGARETHA WILIS', 'karyawans/default-150x150.png', '2026-05-09 09:24:32', '2026-05-09 09:24:32', '-margaretha-wilis-1099', '082352054984'),
(203, 41, 43, 3, 'H067 CAM', 'PAULINUS NDATUNG', 'karyawans/default-150x150.png', '2026-05-09 09:24:32', '2026-05-09 09:24:32', 'paulinus-ndatung-3914', '081246604728'),
(204, 41, 62, 3, '30.A.25.538', 'NADILA', 'karyawans/default-150x150.png', '2026-05-09 09:24:32', '2026-05-09 09:24:32', 'nadila-3601', '081256542152'),
(205, 41, 62, 3, '30.A.24.1097', 'MAGDALENA', 'karyawans/default-150x150.png', '2026-05-09 09:24:32', '2026-05-09 09:24:32', 'magdalena-9195', '082237628298'),
(206, 908, 62, 3, '30.A.25.537', 'YUMIMA', 'karyawans/default-150x150.png', '2026-05-09 09:24:32', '2026-05-09 09:24:32', 'yumima-9811', '082243660458'),
(207, 41, 62, 3, 'H069 CAM', 'ARISMAN MENDROFA', 'karyawans/default-150x150.png', '2026-05-09 09:24:32', '2026-05-09 09:24:32', 'arisman-mendrofa-6281', '085372601803'),
(208, 41, 62, 3, 'H073 CAM', 'SILVANUS JALUNG', 'karyawans/default-150x150.png', '2026-05-09 09:24:32', '2026-05-09 09:24:32', 'silvanus-jalung-4289', '0822-1094-9213'),
(209, 48, 98, 3, '30.A.24.439', 'WINARSO PRASTYO JENSONB', 'karyawans/default-150x150.png', '2026-05-09 09:24:32', '2026-05-09 09:24:32', 'winarso-prastyo-jensonb-9323', '085319521112'),
(210, 39, 98, 3, '30.A.24.440', 'MULYADI SECURITY', 'karyawans/default-150x150.png', '2026-05-09 09:24:32', '2026-05-09 09:24:32', 'mulyadi-security-9766', '081250134712'),
(211, 39, 98, 3, '30.A.24.441', 'SAMIJAN', 'karyawans/default-150x150.png', '2026-05-09 09:24:32', '2026-05-09 09:24:32', 'samijan-8058', '081346314149'),
(212, 48, 98, 3, '30.A.24.714', 'HENGKY', 'karyawans/default-150x150.png', '2026-05-09 09:24:32', '2026-05-09 09:24:32', 'hengky-2643', '081250405014'),
(213, 48, 98, 3, '30.A.24.728', 'YULIUS', 'karyawans/default-150x150.png', '2026-05-09 09:24:32', '2026-05-09 09:24:32', 'yulius-3112', '082247678972'),
(214, 48, 98, 3, '30.A.25.023', 'MEDY KURNIAWAN', 'karyawans/default-150x150.png', '2026-05-09 09:24:32', '2026-05-09 09:24:32', 'medy-kurniawan-1746', '085245204982'),
(215, 48, 98, 3, '30.A.25.055', 'MUHAMMAD HENDRI', 'karyawans/default-150x150.png', '2026-05-09 09:24:32', '2026-05-09 09:24:32', 'muhammad-hendri-2762', '+62 822-4627-6572'),
(216, 48, 98, 3, '30.A.25.235', 'FERNANDUS HARUT', 'karyawans/default-150x150.png', '2026-05-09 09:24:32', '2026-05-09 09:24:32', 'fernandus-harut-5993', '081348280602'),
(217, 47, 28, 3, '30.A.26.229', 'VENTADI ARISONA PUTRO', 'karyawans/default-150x150.png', '2026-05-09 09:24:32', '2026-05-09 09:24:32', 'ventadi-arisona-putro-4810', '081312100105'),
(218, 908, 14, 3, '30.A.25.209', 'BERTUS BOBY', 'karyawans/default-150x150.png', '2026-05-09 09:24:32', '2026-05-09 09:24:32', 'bertus-boby-5783', '082158401027'),
(219, 44, 28, 7, '30.A.25.251', 'RUDI SUGIARTO ', 'karyawans/default-150x150.png', '2026-05-09 09:24:32', '2026-05-09 09:24:32', 'rudi-sugiarto--9885', '085822750184'),
(220, 49, 108, 5, '01.C.25.667', 'ILHAM WINDU SAPUTRA', 'karyawans/default-150x150.png', '2026-05-09 09:24:32', '2026-05-09 09:24:32', 'ilham-windu-saputra-1599', '085397973211'),
(221, 49, 108, 5, '01.C.25.670', 'MUHAMMAD MIROZUL ANAM', 'karyawans/default-150x150.png', '2026-05-09 09:24:32', '2026-05-09 09:24:32', 'muhammad-mirozul-anam-7986', '081329812306'),
(222, 53, 13, 5, '01.B.24.016', 'KUSWANTO', 'karyawans/default-150x150.png', '2026-05-09 09:24:32', '2026-05-09 09:24:32', 'kuswanto-7331', '+62 821-5478-1014'),
(223, 47, 40, 5, '01.C.25.258', 'DIMAS ZAINUL FATHONI', 'karyawans/default-150x150.png', '2026-05-09 09:24:32', '2026-05-09 09:24:32', 'dimas-zainul-fathoni-2357', '082333058685'),
(225, 47, 97, 5, '01.B.24.226', 'HERY FEBRIANTO', 'karyawans/default-150x150.png', '2026-05-09 09:24:32', '2026-05-09 09:24:32', 'hery-febrianto-2797', '087841567566'),
(226, 54, 9, 5, '01.B.26.198', 'PUPUT WAHONO', 'karyawans/default-150x150.png', '2026-05-09 09:24:32', '2026-05-09 09:24:32', 'puput-wahono-1808', '085249868668'),
(228, 55, 16, 5, '30.A.24.736', 'FARID ZEIN ROMDANI', 'karyawans/default-150x150.png', '2026-05-09 09:24:32', '2026-05-09 09:24:32', 'farid-zein-romdani-6967', '081366519681'),
(229, 54, 9, 5, '27.A.24.726', 'RYAN ADI RIZKI RAMDANI', 'karyawans/default-150x150.png', '2026-05-09 09:24:32', '2026-05-09 09:24:32', 'ryan-adi-rizki-ramdani-7336', '085237353699'),
(230, 54, 16, 5, '30.A.25.757', 'SANTHO RISKO', 'karyawans/default-150x150.png', '2026-05-09 09:24:32', '2026-05-09 09:24:32', 'santho-risko-7061', '+62 812-4567-6973'),
(231, 56, 105, 5, '30.A.24.1125', 'ALOYSIUS MATHIAS JHONISON HANYEQ', 'karyawans/default-150x150.png', '2026-05-09 09:24:32', '2026-05-09 09:24:32', 'aloysius-mathias-jhonison-hanyeq-6413', '082157100294'),
(232, 54, 105, 5, '30.A.25.408', 'MUHAMMAD ARDHAN FAZRI', 'karyawans/default-150x150.png', '2026-05-09 09:24:32', '2026-05-09 09:24:32', 'muhammad-ardhan-fazri-8861', '081350410366'),
(233, 57, 34, 5, '01.B.24.658', 'NUR KHABIB', 'karyawans/default-150x150.png', '2026-05-09 09:24:32', '2026-05-09 09:24:32', 'nur-khabib-4559', '081227488533'),
(234, 58, 64, 5, '01.B.23.244', 'BAGAS FIRMAN SAPUTRA', 'karyawans/default-150x150.png', '2026-05-09 09:24:32', '2026-05-09 09:24:32', 'bagas-firman-saputra-9842', '085731590394'),
(235, 59, 64, 5, '01.B.23.478', 'AHMAD NIZAL FAZARI', 'karyawans/default-150x150.png', '2026-05-09 09:24:32', '2026-05-09 09:24:32', 'ahmad-nizal-fazari-9781', '083198129495'),
(236, 60, 64, 5, '01.B.23.477', 'FAJAR SIDIK', 'karyawans/default-150x150.png', '2026-05-09 09:24:32', '2026-05-09 09:24:32', 'fajar-sidik-3435', '085742244315'),
(237, 57, 64, 5, '01.B.24.437', 'HARIYANTO', 'karyawans/default-150x150.png', '2026-05-09 09:24:32', '2026-05-09 09:24:32', 'hariyanto-4907', '081347598181'),
(238, 61, 64, 5, '01.B.24.551', 'MUHAMMAD IRVAN', 'karyawans/default-150x150.png', '2026-05-09 09:24:32', '2026-05-09 09:24:32', 'muhammad-irvan-1629', '082256515419'),
(240, 57, 64, 5, '30.A.24.863', 'ICA MARSUNI', 'karyawans/default-150x150.png', '2026-05-09 09:24:32', '2026-05-09 09:24:32', 'ica-marsuni-4709', '081250358055'),
(241, 57, 64, 5, '01.B.24.1005', 'WAHYUDI', 'karyawans/default-150x150.png', '2026-05-09 09:24:32', '2026-05-09 09:24:32', 'wahyudi-2506', '081336765175'),
(242, 62, 64, 5, '01.B.24.1072', 'BAGUS RUDIYANTO', 'karyawans/default-150x150.png', '2026-05-09 09:24:32', '2026-05-09 09:24:32', 'bagus-rudiyanto-9842', '082155086860'),
(243, 59, 64, 5, '01.B.24.1073', 'NUR AWALDY', 'karyawans/default-150x150.png', '2026-05-09 09:24:32', '2026-05-09 09:24:32', 'nur-awaldy-1786', '081250678418'),
(244, 60, 64, 5, '01.C.23.716', 'RESTU MURTOPO', 'karyawans/default-150x150.png', '2026-05-09 09:24:32', '2026-05-09 09:24:32', 'restu-murtopo-6002', '081255035623'),
(245, 59, 34, 5, '01.B.26.072', 'MUHAMMAD FADLI', 'karyawans/default-150x150.png', '2026-05-09 09:24:32', '2026-05-09 09:24:32', 'muhammad-fadli-3239', '082250584057'),
(246, 61, 64, 5, '01.B.25.176', 'IRFAN SURAHMAN', 'karyawans/default-150x150.png', '2026-05-09 09:24:32', '2026-05-09 09:24:32', 'irfan-surahman-8477', '085759623558'),
(247, 62, 64, 5, '01.B.25.293', 'DEKY SYIA FAUD', 'karyawans/default-150x150.png', '2026-05-09 09:24:32', '2026-05-09 09:24:32', 'deky-syia-faud-4951', '0882008636102'),
(248, 62, 64, 5, '01.B.25.292', 'SLAMET', 'karyawans/default-150x150.png', '2026-05-09 09:24:32', '2026-05-09 09:24:32', 'slamet-7809', '083879795930'),
(249, 62, 64, 5, '01.B.25.323', 'Firman Adi Pratama', 'karyawans/default-150x150.png', '2026-05-09 09:24:32', '2026-05-09 09:24:32', 'firman-adi-pratama-3268', '081232709200'),
(250, 57, 64, 5, '01.B.25.311', 'NUR AMIN', 'karyawans/default-150x150.png', '2026-05-09 09:24:32', '2026-05-09 09:24:32', 'nur-amin-5269', '083863285432'),
(251, 63, 64, 5, '01.B.25.388', 'MUHAMMAD SAPERI HIDAYAT', 'karyawans/default-150x150.png', '2026-05-09 09:24:32', '2026-05-09 09:24:32', 'muhammad-saperi-hidayat-7610', '082240588276'),
(252, 65, 64, 5, '01.B.25.384', 'RAFIQUL ULA', 'karyawans/default-150x150.png', '2026-05-09 09:24:32', '2026-05-09 09:24:32', 'rafiqul-ula-5965', '087818080081'),
(253, 63, 64, 5, '01.B.25.379', 'MUHAMMAD HAIRUL', 'karyawans/default-150x150.png', '2026-05-09 09:24:32', '2026-05-09 09:24:32', 'muhammad-hairul-4090', '085175402226'),
(254, 57, 64, 5, '18.B.17.139', 'ANGGIAT TAMBUNAN', 'karyawans/default-150x150.png', '2026-05-09 09:24:32', '2026-05-09 09:24:32', 'anggiat-tambunan-1367', '081271018079'),
(255, 61, 64, 5, '01.B.25.502', 'DIDIK KISWANTO', 'karyawans/default-150x150.png', '2026-05-09 09:24:32', '2026-05-09 09:24:32', 'didik-kiswanto-4481', '085726445319'),
(256, 61, 64, 5, '01.B.25.501', 'FIO WAHYU JATMIKO', 'karyawans/default-150x150.png', '2026-05-09 09:24:32', '2026-05-20 14:22:16', 'fio-wahyu-jatmiko-7292', '081259948113'),
(257, 65, 64, 5, '01.B.25.545', 'DICKY MAULANA SAPUTRA', 'karyawans/default-150x150.png', '2026-05-09 09:24:32', '2026-05-09 09:24:32', 'dicky-maulana-saputra-8625', '0895369842010'),
(258, 65, 64, 5, '01.B.25.546', 'MOCH NUR AQIRIYAN', 'karyawans/default-150x150.png', '2026-05-09 09:24:32', '2026-05-09 09:24:32', 'moch-nur-aqiriyan-4186', '085707463900'),
(259, 59, 64, 5, '01.B.25.587', ' SAKTI SIMATUPANG', 'karyawans/default-150x150.png', '2026-05-09 09:24:32', '2026-05-09 09:24:32', '-sakti-simatupang-8013', '082276755410'),
(261, 57, 64, 5, '01.B.25.595', 'ROHMADIN KRISWANTO', 'karyawans/default-150x150.png', '2026-05-09 09:24:32', '2026-05-09 09:24:32', 'rohmadin-kriswanto-4254', '081283682429'),
(262, 61, 64, 5, '01.E.21.1342', 'ARIF AGUNG WIBISONO', 'karyawans/default-150x150.png', '2026-05-09 09:24:32', '2026-05-09 09:24:32', 'arif-agung-wibisono-7633', '085349954187'),
(263, 57, 64, 5, '01.B.25.665', 'YOHANES GENGGOT', 'karyawans/default-150x150.png', '2026-05-09 09:24:32', '2026-05-09 09:24:32', 'yohanes-genggot-2994', '081549225465'),
(267, 60, 73, 5, '01.E.22.1626', 'DAVA FIBIANTO IRAWAN', 'karyawans/default-150x150.png', '2026-05-09 09:24:32', '2026-05-09 09:24:32', 'dava-fibianto-irawan-7989', '085230668921'),
(268, 61, 73, 5, '01.E.22.1424', 'DANI SETIAWAN', 'karyawans/default-150x150.png', '2026-05-09 09:24:32', '2026-05-09 09:24:32', 'dani-setiawan-1007', '085754245084'),
(269, 57, 73, 5, '01.E.22.1671', 'VICKY ROCHMADONI', 'karyawans/default-150x150.png', '2026-05-09 09:24:32', '2026-05-09 09:24:32', 'vicky-rochmadoni-8810', '082140574465'),
(271, 66, 73, 5, '25.A.23.526', 'FADLI', 'karyawans/default-150x150.png', '2026-05-09 09:24:32', '2026-05-09 09:24:32', 'fadli-8174', '08125564172'),
(272, 66, 73, 5, '25.A.23.647', 'DEVI SETIAWAN', 'karyawans/default-150x150.png', '2026-05-09 09:24:32', '2026-05-09 09:24:32', 'devi-setiawan-1477', '082358217375'),
(273, 58, 73, 5, '01.E.22.1417', 'FREDY NICHO LAURENT FAHREZY ', 'karyawans/default-150x150.png', '2026-05-09 09:24:32', '2026-05-09 09:24:32', 'fredy-nicho-laurent-fahrezy--2043', '081345565608'),
(274, 61, 73, 5, '01.E.22.1405', 'PRASASTI WAHYU EKO WICAKSONO', 'karyawans/default-150x150.png', '2026-05-09 09:24:32', '2026-05-09 09:24:32', 'prasasti-wahyu-eko-wicaksono-3834', '085787358629'),
(275, 62, 73, 5, '01.E.22.1670', 'SONY IRAWAN ', 'karyawans/default-150x150.png', '2026-05-09 09:24:32', '2026-05-09 09:24:32', 'sony-irawan--7190', '085749547204'),
(276, 60, 74, 5, '01.E.23.1907', 'MUHAMMAD AINNUDIN LATIF', 'karyawans/default-150x150.png', '2026-05-09 09:24:32', '2026-05-09 09:24:32', 'muhammad-ainnudin-latif-1360', '08819015830'),
(277, 57, 73, 5, '01.E.22.1402', 'ANGGI FACTUR ROCHIM', 'karyawans/default-150x150.png', '2026-05-09 09:24:32', '2026-05-09 09:24:32', 'anggi-factur-rochim-5868', '085735757718'),
(278, 61, 73, 5, '01.E.22.1505', 'DONY DWI PRADANA', 'karyawans/default-150x150.png', '2026-05-09 09:24:32', '2026-05-09 09:24:32', 'dony-dwi-pradana-7444', '082132176758'),
(279, 67, 73, 5, '01.E.23.2003', 'MAULANA DANANG SATRIA', 'karyawans/default-150x150.png', '2026-05-09 09:24:32', '2026-05-09 09:24:32', 'maulana-danang-satria-9029', '083150435855'),
(280, 60, 73, 5, '01.E.23.2002', 'KURNIALIS DIONI', 'karyawans/default-150x150.png', '2026-05-09 09:24:32', '2026-05-09 09:24:32', 'kurnialis-dioni-4092', '081240566733'),
(281, 60, 73, 5, '01.E.23.2004', 'RIZKI AKBAR SYAPUTRA', 'karyawans/default-150x150.png', '2026-05-09 09:24:32', '2026-05-09 09:24:32', 'rizki-akbar-syaputra-3586', '082157179351'),
(282, 60, 73, 5, '01.E.23.2005', 'ROBI', 'karyawans/default-150x150.png', '2026-05-09 09:24:32', '2026-05-09 09:24:32', 'robi-5965', '083875864804'),
(283, 57, 73, 5, '01.B.22.1089', 'WAHYU KHOIRUN NI AM', 'karyawans/default-150x150.png', '2026-05-09 09:24:32', '2026-05-09 09:24:32', 'wahyu-khoirun-ni-am-3789', '0'),
(284, 56, 74, 5, '01.E.24.2104', 'ANDIKA PUTRA LIANTOKO ', 'karyawans/default-150x150.png', '2026-05-09 09:24:32', '2026-05-09 09:24:32', 'andika-putra-liantoko--8411', '081232617041'),
(285, 67, 74, 5, '01.E.24.2108', 'DENNY BAYU ANDIKA', 'karyawans/default-150x150.png', '2026-05-09 09:24:32', '2026-05-09 09:24:32', 'denny-bayu-andika-6242', '085645958379'),
(286, 56, 74, 5, '01.E.24.2109', 'ERICK FIRNANDA PRADANA', 'karyawans/default-150x150.png', '2026-05-09 09:24:32', '2026-05-09 09:24:32', 'erick-firnanda-pradana-8487', '081515418594'),
(287, 56, 74, 5, '01.E.24.2110', 'FAHRUL HIDAYATULLOH', 'karyawans/default-150x150.png', '2026-05-09 09:24:32', '2026-05-09 09:24:32', 'fahrul-hidayatulloh-9857', '082154772745'),
(288, 59, 74, 5, '01.E.24.2112', 'GAVA ADE NUGRAHA ', 'karyawans/default-150x150.png', '2026-05-09 09:24:32', '2026-05-09 09:24:32', 'gava-ade-nugraha--4572', '+62 815-5377-4855'),
(289, 56, 74, 5, '01.E.24.2113', 'HAFIS ALAMSYAH', 'karyawans/default-150x150.png', '2026-05-09 09:24:32', '2026-05-09 09:24:32', 'hafis-alamsyah-1128', '08987529299'),
(290, 56, 74, 5, '01.E.24.2114', 'HIKMAL AFANDI ', 'karyawans/default-150x150.png', '2026-05-09 09:24:32', '2026-05-09 09:24:32', 'hikmal-afandi--4132', '+62 858-1541-4973'),
(291, 63, 74, 5, '01.E.24.2117', 'MISBHACUL BICHARIL NGULUM', 'karyawans/default-150x150.png', '2026-05-09 09:24:32', '2026-05-09 09:24:32', 'misbhacul-bicharil-ngulum-9641', '085236621468'),
(292, 55, 74, 5, '01.E.24.2119', 'MUHAMMAD HAYKAL DAFFA ROMADHON', 'karyawans/default-150x150.png', '2026-05-09 09:24:32', '2026-05-09 09:24:32', 'muhammad-haykal-daffa-romadhon-7136', '088237044233'),
(293, 59, 74, 5, '01.E.24.2120', 'MUHAMMAD KHOMARUL HUDA', 'karyawans/default-150x150.png', '2026-05-09 09:24:32', '2026-05-09 09:24:32', 'muhammad-khomarul-huda-5458', '081252416642'),
(294, 62, 74, 5, '01.E.24.2122', 'RENDY JANUARTA', 'karyawans/default-150x150.png', '2026-05-09 09:24:32', '2026-05-09 09:24:32', 'rendy-januarta-9023', '085856263538'),
(295, 59, 74, 5, '01.E.24.2123', 'RIFQI RIHHADATUL  AISY', 'karyawans/default-150x150.png', '2026-05-09 09:24:32', '2026-05-09 09:24:32', 'rifqi-rihhadatul--aisy-8764', '+62 812-4182-4721'),
(296, 63, 74, 5, '01.E.24.2125', 'YAVENDI KRISTIANTO', 'karyawans/default-150x150.png', '2026-05-09 09:24:32', '2026-05-09 09:24:32', 'yavendi-kristianto-8754', '081515907948'),
(297, 62, 74, 5, '01.E.24.2164', 'MUHIDDIN', 'karyawans/default-150x150.png', '2026-05-09 09:24:32', '2026-05-09 09:24:32', 'muhiddin-5833', '081909392560'),
(298, 67, 74, 5, '01.E.24.2115', 'JEPRI PRASETYA', 'karyawans/default-150x150.png', '2026-05-09 09:24:32', '2026-05-09 09:24:32', 'jepri-prasetya-4693', '082131884409'),
(299, 58, 74, 5, '01.E.24.2201', 'ACHMAD FAHRUL RIZAL', 'karyawans/default-150x150.png', '2026-05-09 09:24:32', '2026-05-09 09:24:32', 'achmad-fahrul-rizal-1547', '081217595694'),
(300, 58, 74, 5, '01.E.24.2202', 'AAN RENALDI', 'karyawans/default-150x150.png', '2026-05-09 09:24:32', '2026-05-09 09:24:32', 'aan-renaldi-8341', '081231206358'),
(301, 58, 74, 5, '01.E.24.2204', 'ACHMA DANI SUJANA', 'karyawans/default-150x150.png', '2026-05-09 09:24:32', '2026-05-09 09:24:32', 'achma-dani-sujana-9487', '085219695653'),
(302, 56, 74, 5, '01.E.24.2207', 'ANDRIS DWI JATMIKO', 'karyawans/default-150x150.png', '2026-05-09 09:24:32', '2026-05-09 09:24:32', 'andris-dwi-jatmiko-7087', '085748191395'),
(303, 58, 74, 5, '01.E.24.2208', 'ANGGARA AJIE PANGESTU', 'karyawans/default-150x150.png', '2026-05-09 09:24:32', '2026-05-09 09:24:32', 'anggara-ajie-pangestu-6936', '081936606746'),
(304, 58, 74, 5, '01.E.24.2209', 'BRILIAN JAGULANTORO', 'karyawans/default-150x150.png', '2026-05-09 09:24:32', '2026-05-09 09:24:32', 'brilian-jagulantoro-1875', '083139461009'),
(305, 63, 74, 5, '01.E.24.2211', 'DHEO BAGASTYA HADI NUGROHO ', 'karyawans/default-150x150.png', '2026-05-09 09:24:32', '2026-05-09 09:24:32', 'dheo-bagastya-hadi-nugroho--6306', '085708170647'),
(306, 65, 74, 5, '01.E.24.2213', 'EKO PUJO HENDRA KUSUMA', 'karyawans/default-150x150.png', '2026-05-09 09:24:32', '2026-05-09 09:24:32', 'eko-pujo-hendra-kusuma-1186', '081336216511'),
(307, 60, 74, 5, '01.E.24.2214', 'FARHAN MAULDAN', 'karyawans/default-150x150.png', '2026-05-09 09:24:32', '2026-05-09 09:24:32', 'farhan-mauldan-7103', '081353565753');
INSERT INTO `karyawans` (`id`, `atasan_id`, `jabatan_id`, `departemen_id`, `nrp`, `nama`, `foto`, `created_at`, `updated_at`, `slug`, `no_hp`) VALUES
(308, 56, 74, 5, '01.E.24.2216', 'GALIH SANI ANGGA PRAKASA', 'karyawans/default-150x150.png', '2026-05-09 09:24:32', '2026-05-09 09:24:32', 'galih-sani-angga-prakasa-4357', '0878-1637-8407'),
(309, 59, 74, 5, '01.E.24.2217', 'IVAN ROMADHON', 'karyawans/default-150x150.png', '2026-05-09 09:24:32', '2026-05-09 09:24:32', 'ivan-romadhon-4554', '085730390637'),
(310, 63, 74, 5, '01.E.24.2219', 'NIZAR BAGAS PRATAMA', 'karyawans/default-150x150.png', '2026-05-09 09:24:32', '2026-05-09 09:24:32', 'nizar-bagas-pratama-9022', '081331549267'),
(311, 61, 74, 5, '01.E.24.2220', 'RACHMAD GILANG SAPUTRA', 'karyawans/default-150x150.png', '2026-05-09 09:24:32', '2026-05-09 09:24:32', 'rachmad-gilang-saputra-5965', '082142118415'),
(312, 58, 74, 5, '01.E.24.2221', 'VIKO GAALANG PANGESTU', 'karyawans/default-150x150.png', '2026-05-09 09:24:32', '2026-05-09 09:24:32', 'viko-gaalang-pangestu-5017', '082211505004'),
(313, 67, 74, 5, '01.E.24.2106', 'ARYA WIBAWA MONOARFA', 'karyawans/default-150x150.png', '2026-05-09 09:24:32', '2026-05-09 09:24:32', 'arya-wibawa-monoarfa-7529', '085746730780'),
(314, 67, 74, 5, '01.E.25.2301', 'AHMAD DANANG ROHMATULLOH ', 'karyawans/default-150x150.png', '2026-05-09 09:24:32', '2026-05-09 09:24:32', 'ahmad-danang-rohmatulloh--8735', '085706887995'),
(315, 63, 74, 5, '01.E.25.2302', 'ARJUNA DIAZ ARYA MAHENDRA ', 'karyawans/default-150x150.png', '2026-05-09 09:24:32', '2026-05-09 09:24:32', 'arjuna-diaz-arya-mahendra--8467', '083845526347'),
(316, 63, 74, 5, '01.E.25.2304', 'DICKY ANJAR BAGUS PRAYITNO ', 'karyawans/default-150x150.png', '2026-05-09 09:24:32', '2026-05-09 09:24:32', 'dicky-anjar-bagus-prayitno--1260', '087759019622'),
(317, 62, 74, 5, '01.E.25.2305', 'HAFIDZ WAHYU RAMADHANA ', 'karyawans/default-150x150.png', '2026-05-09 09:24:32', '2026-05-09 09:24:32', 'hafidz-wahyu-ramadhana--2539', '089509925504'),
(318, 67, 74, 5, '01.E.25.2306', 'M. DEWA SAPUTRA', 'karyawans/default-150x150.png', '2026-05-09 09:24:32', '2026-05-09 09:24:32', 'm.-dewa-saputra-6869', '081317441274'),
(319, 67, 74, 5, '01.E.25.2307', 'MOHAMAD SODIQIN ', 'karyawans/default-150x150.png', '2026-05-09 09:24:32', '2026-05-09 09:24:32', 'mohamad-sodiqin--1836', '082338506305'),
(320, 62, 74, 5, '01.E.25.2308', 'MUHAMMAD DICKY FATURROHMAN', 'karyawans/default-150x150.png', '2026-05-09 09:24:32', '2026-05-09 09:24:32', 'muhammad-dicky-faturrohman-1839', '081217661130'),
(321, 62, 74, 5, '01.E.25.2309', 'MUHAMMAD THORIQ FARHAN ', 'karyawans/default-150x150.png', '2026-05-09 09:24:32', '2026-05-09 09:24:32', 'muhammad-thoriq-farhan--2072', '+6285804650123'),
(322, 62, 74, 5, '01.E.25.2312', 'UBAIDULLOH ZAKI KOLUN IZZA RIZKY TSALITS', 'karyawans/default-150x150.png', '2026-05-09 09:24:32', '2026-05-09 09:24:32', 'ubaidulloh-zaki-kolun-izza-rizky-tsalits-8441', '085861088885'),
(323, 59, 74, 5, '01.E.25.2408', ' M. NUZULUL ALFANI', 'karyawans/default-150x150.png', '2026-05-09 09:24:32', '2026-05-09 09:24:32', '-m.-nuzulul-alfani-2661', '081234645090'),
(325, 67, 74, 5, '01.E.25.2416', ' SEPTIAN ANGGILANG GIANTORO', 'karyawans/default-150x150.png', '2026-05-09 09:24:32', '2026-05-09 09:24:32', '-septian-anggilang-giantoro-3920', '085860772551'),
(326, 59, 74, 5, '01.E.25.2411', ' RAFI APRILIANTO', 'karyawans/default-150x150.png', '2026-05-09 09:24:32', '2026-05-09 09:24:32', '-rafi-aprilianto-7278', '082221190577'),
(327, 67, 74, 5, '01.E.25.2413', ' RONI WIRA SANTOSO', 'karyawans/default-150x150.png', '2026-05-09 09:24:32', '2026-05-09 09:24:32', '-roni-wira-santoso-8621', '081240505711'),
(328, 59, 74, 5, '01.E.25.2409', ' MOH. FAKHRUR RAMADHANI', 'karyawans/default-150x150.png', '2026-05-09 09:24:32', '2026-05-09 09:24:32', '-moh.-fakhrur-ramadhani-8589', '087766713135'),
(329, 67, 74, 5, '01.E.25.2414', ' RULI ADI PRATAMA', 'karyawans/default-150x150.png', '2026-05-09 09:24:32', '2026-05-09 09:24:32', '-ruli-adi-pratama-6377', '085967213904'),
(330, 60, 74, 5, '01.B.22.1316', 'RIKI FADLI', 'karyawans/default-150x150.png', '2026-05-09 09:24:32', '2026-05-09 09:24:32', 'riki-fadli-5704', '081248634471'),
(331, 68, 74, 5, '01.E.25.2503', 'AJI PRIANTO', 'karyawans/default-150x150.png', '2026-05-09 09:24:32', '2026-05-09 09:24:32', 'aji-prianto-4334', '081226417194'),
(332, 68, 74, 5, '01.E.25.2531', 'RIZAL FATHU ROHMAN', 'karyawans/default-150x150.png', '2026-05-09 09:24:32', '2026-05-09 09:24:32', 'rizal-fathu-rohman-4119', '085701733039'),
(333, 65, 74, 5, '01.E.25.2525', 'NURUL UMAM', 'karyawans/default-150x150.png', '2026-05-09 09:24:32', '2026-05-09 09:24:32', 'nurul-umam-8786', '085226493702'),
(334, 67, 74, 5, '01.E.25.2518', 'ISMAIL', 'karyawans/default-150x150.png', '2026-05-09 09:24:32', '2026-05-09 09:24:32', 'ismail-8395', '088228885954'),
(335, 68, 74, 5, '01.E.25.2502', 'AGUS SEFULLOH', 'karyawans/default-150x150.png', '2026-05-09 09:24:32', '2026-05-09 09:24:32', 'agus-sefulloh-9613', '083151301803'),
(336, 65, 74, 5, '01.E.25.2505', 'ANDRIYANTO', 'karyawans/default-150x150.png', '2026-05-09 09:24:32', '2026-05-09 09:24:32', 'andriyanto-5764', '085713880792'),
(337, 65, 74, 5, '01.E.25.2524', 'NURUDIN RAHMAT HIDAYAT', 'karyawans/default-150x150.png', '2026-05-09 09:24:32', '2026-05-09 09:24:32', 'nurudin-rahmat-hidayat-7830', '085523908714'),
(338, 68, 74, 5, '01.E.25.2535', 'WILDAN IBADURRAHMAN', 'karyawans/default-150x150.png', '2026-05-09 09:24:32', '2026-05-09 09:24:32', 'wildan-ibadurrahman-8803', '085225704799'),
(339, 65, 74, 5, '01.E.25.2527', 'RAHMAT ARIF WIBOWO', 'karyawans/default-150x150.png', '2026-05-09 09:24:32', '2026-05-09 09:24:32', 'rahmat-arif-wibowo-5244', '085600936145'),
(340, 68, 74, 5, '01.E.25.2528', 'RIKY BUDIANSYAH', 'karyawans/default-150x150.png', '2026-05-09 09:24:32', '2026-05-09 09:24:32', 'riky-budiansyah-7688', '082133042011'),
(341, 65, 74, 5, '01.E.25.2501', 'ADITYA RAYENDRA', 'karyawans/default-150x150.png', '2026-05-09 09:24:32', '2026-05-09 09:24:32', 'aditya-rayendra-8169', '088221103476'),
(342, 68, 74, 5, '01.E.25.2520', 'M HARUN ROSID', 'karyawans/default-150x150.png', '2026-05-09 09:24:32', '2026-05-09 09:24:32', 'm-harun-rosid-9335', '081927375060'),
(343, 65, 74, 5, '01.E.25.2507', 'AS RI PANGSTU', 'karyawans/default-150x150.png', '2026-05-09 09:24:32', '2026-05-09 09:24:32', 'as-ri-pangstu-2822', '08994161948'),
(344, 68, 74, 5, '01.E.25.2521', 'MOHAMAD HABLI MINASSOLIKHIN', 'karyawans/default-150x150.png', '2026-05-09 09:24:32', '2026-05-09 09:24:32', 'mohamad-habli-minassolikhin-2960', '085712967044'),
(345, 65, 74, 5, '01.E.25.2523', 'MUHAMMAD KHOSI IN', 'karyawans/default-150x150.png', '2026-05-09 09:24:32', '2026-05-09 09:24:32', 'muhammad-khosi-in-9785', '085961527658'),
(346, 68, 74, 5, '01.E.25.2516', 'ILHAM SAH DEWA', 'karyawans/default-150x150.png', '2026-05-09 09:24:32', '2026-05-09 09:24:32', 'ilham-sah-dewa-6515', '081918542575'),
(347, 61, 89, 5, '01.E.23.1906', 'MUH IRSANDI ROMADON', 'karyawans/default-150x150.png', '2026-05-09 09:24:32', '2026-05-09 09:24:32', 'muh-irsandi-romadon-4391', '082132713661'),
(348, 61, 89, 5, '01.E.23.1905', 'KRISNA LINGGA AJI PRADANA', 'karyawans/default-150x150.png', '2026-05-09 09:24:32', '2026-05-09 09:24:32', 'krisna-lingga-aji-pradana-5923', '081521621514'),
(349, 67, 64, 5, '01.B.26.057', 'ITOK SUMARSONO', 'karyawans/default-150x150.png', '2026-05-09 09:24:32', '2026-05-09 09:24:32', 'itok-sumarsono-6609', '082155958236'),
(350, 58, 74, 5, '01.E.25.2534', 'TEGUH SETYAWAN', 'karyawans/default-150x150.png', '2026-05-09 09:24:32', '2026-05-09 09:24:32', 'teguh-setyawan-4975', '082225185125'),
(351, 57, 74, 5, '01.E.25.2515', 'ILHAM NUR FIRMANSYAH', 'karyawans/default-150x150.png', '2026-05-09 09:24:32', '2026-05-09 09:24:32', 'ilham-nur-firmansyah-4835', '085800358327'),
(352, 60, 74, 5, '01.E.25.2512', 'GILANG SATRIA EKA PERWIRA', 'karyawans/default-150x150.png', '2026-05-09 09:24:32', '2026-05-09 09:24:32', 'gilang-satria-eka-perwira-2513', '081311339918'),
(353, 66, 110, 5, '01.C.24.077', 'HENRI. B', 'karyawans/default-150x150.png', '2026-05-09 09:24:32', '2026-05-09 09:24:32', 'henri.-b-5996', '081244045831'),
(354, 70, 77, 5, '30.A.26.061', 'RIO MINGGU NAINGGOLAN', 'karyawans/default-150x150.png', '2026-05-09 09:24:32', '2026-05-09 09:24:32', 'rio-minggu-nainggolan-1033', '082148981330'),
(356, 71, 110, 5, '01.B.23.528', 'ARIS YANTO', 'karyawans/default-150x150.png', '2026-05-09 09:24:32', '2026-05-09 09:24:32', 'aris-yanto-9492', '081256482495'),
(357, 71, 110, 5, '30.A.24.1121', 'SULFAJRI', 'karyawans/default-150x150.png', '2026-05-09 09:24:32', '2026-05-09 09:24:32', 'sulfajri-3040', '081390751626'),
(358, 66, 110, 5, '30.A.25.010', 'IRWANSYAH', 'karyawans/default-150x150.png', '2026-05-09 09:24:32', '2026-05-09 09:24:32', 'irwansyah-9114', '085347333730'),
(359, 71, 110, 5, '01.B.23.543', 'YOGI APRIANTO SAPUTRA', 'karyawans/default-150x150.png', '2026-05-09 09:24:32', '2026-05-09 09:24:32', 'yogi-aprianto-saputra-6110', '085654190571'),
(360, 66, 110, 5, '01.B.25.060', 'MUHAMMAD RANGGA ARIES', 'karyawans/default-150x150.png', '2026-05-09 09:24:32', '2026-05-09 09:24:32', 'muhammad-rangga-aries-5713', '0895705095428'),
(361, 71, 110, 5, '01.B.25.448', 'ROBERT LOLI', 'karyawans/default-150x150.png', '2026-05-09 09:24:32', '2026-05-09 09:24:32', 'robert-loli-3308', '081347170100'),
(362, 71, 110, 5, '30.A.25.468', 'DARWIS', 'karyawans/default-150x150.png', '2026-05-09 09:24:32', '2026-05-09 09:24:32', 'darwis-6936', '082252661044'),
(363, 66, 110, 5, '20.A.18.230', 'GAFUR', 'karyawans/default-150x150.png', '2026-05-09 09:24:32', '2026-05-09 09:24:32', 'gafur-7130', '085845645733'),
(364, 70, 112, 5, '12.B.16.153', 'CONY CONDARUS COI ASA', 'karyawans/default-150x150.png', '2026-05-09 09:24:32', '2026-05-09 09:24:32', 'cony-condarus-coi-asa-4802', '082153019779'),
(365, 70, 112, 5, '30.A.24.904', 'ANDRI SUCITO', 'karyawans/default-150x150.png', '2026-05-09 09:24:32', '2026-05-09 09:24:32', 'andri-sucito-1450', '082353096800'),
(366, 70, 112, 5, '30.A.25.185', 'DWI HARRIYANTO', 'karyawans/default-150x150.png', '2026-05-09 09:24:32', '2026-05-09 09:24:32', 'dwi-harriyanto-5558', '081246124548'),
(367, 70, 112, 5, '01.B.25.437', 'ERICK VIANDISTIRA', 'karyawans/default-150x150.png', '2026-05-09 09:24:32', '2026-05-09 09:24:32', 'erick-viandistira-2407', '01351029679'),
(369, 70, 112, 5, '01.B.25.641', 'DIDIK SETIAWAN', 'karyawans/default-150x150.png', '2026-05-09 09:24:32', '2026-05-09 09:24:32', 'didik-setiawan-2573', '081524926254'),
(370, 70, 112, 5, '01.B.25.766', 'RIO AKBAR FAHREZI', 'karyawans/default-150x150.png', '2026-05-09 09:24:32', '2026-05-09 09:24:32', 'rio-akbar-fahrezi-7512', '081255738206'),
(371, 70, 112, 5, '01.B.26.141', 'RAIHAN AKBAR FAHREZI', 'karyawans/default-150x150.png', '2026-05-09 09:24:32', '2026-05-09 09:24:32', 'raihan-akbar-fahrezi-4803', '082211181498'),
(373, 65, 55, 5, '30.A.24.071', 'YUDISTIRA PRATAMA PUTRA', 'karyawans/default-150x150.png', '2026-05-09 09:24:32', '2026-05-09 09:24:32', 'yudistira-pratama-putra-6123', '082157604158'),
(374, 71, 55, 5, '30.A.24.106', 'STEFANUS GERSON', 'karyawans/default-150x150.png', '2026-05-09 09:24:32', '2026-05-09 09:24:32', 'stefanus-gerson-1082', '081390238355'),
(375, 56, 55, 5, '30.A.24.113', 'MEDIANSYAH', 'karyawans/default-150x150.png', '2026-05-09 09:24:32', '2026-05-09 09:24:32', 'mediansyah-9937', '083152028798'),
(376, 68, 55, 5, '30.A.24.510', 'ANDREAS ADE', 'karyawans/default-150x150.png', '2026-05-09 09:24:32', '2026-05-09 09:24:32', 'andreas-ade-4783', '081224411926'),
(378, 68, 55, 5, '30.A.24.1009', 'BAYU OKTABARA', 'karyawans/default-150x150.png', '2026-05-09 09:24:32', '2026-05-09 09:24:32', 'bayu-oktabara-7647', '085147694973'),
(379, 68, 55, 5, '30.A.24.1010', 'DEDI CHRISTIADI', 'karyawans/default-150x150.png', '2026-05-09 09:24:32', '2026-05-09 09:24:32', 'dedi-christiadi-2828', '082352385812'),
(380, 68, 55, 5, '30.A.24.1012', 'MAICHAL', 'karyawans/default-150x150.png', '2026-05-09 09:24:32', '2026-05-09 09:24:32', 'maichal-5579', '082210938145'),
(381, 66, 58, 5, '30.A.24.834', 'ZACKYANSAH JOSHWA SYUDA', 'karyawans/default-150x150.png', '2026-05-09 09:24:32', '2026-05-09 09:24:32', 'zackyansah-joshwa-syuda-3551', '082255466976'),
(382, 71, 58, 5, '30.A.25.447', 'RIYAN HAMIT', 'karyawans/default-150x150.png', '2026-05-09 09:24:32', '2026-05-09 09:24:32', 'riyan-hamit-3250', '6285247793929'),
(383, 55, 111, 5, '30.A.24.898', 'MERUN', 'karyawans/default-150x150.png', '2026-05-09 09:24:32', '2026-05-09 09:24:32', 'merun-7073', '082358679797'),
(384, 71, 58, 5, '30.A.25.395', 'DELI', 'karyawans/default-150x150.png', '2026-05-09 09:24:32', '2026-05-09 09:24:32', 'deli-2185', '082282848179'),
(385, 55, 111, 5, '30.A.25.655', 'GORDINUS PANTANG', 'karyawans/default-150x150.png', '2026-05-09 09:24:32', '2026-05-09 09:24:32', 'gordinus-pantang-7918', '081238545767'),
(386, 62, 31, 5, '01.D.24.2158', 'RAHMAD ANGGI SAPUTRO', 'karyawans/default-150x150.png', '2026-05-09 09:24:32', '2026-05-09 09:24:32', 'rahmad-anggi-saputro-7584', '+62 858-1276-6613'),
(387, 57, 31, 5, '01.D.24.2141', 'FITO FERDI TRI KURNIAWAN', 'karyawans/default-150x150.png', '2026-05-09 09:24:32', '2026-05-09 09:24:32', 'fito-ferdi-tri-kurniawan-6977', '085606339643'),
(388, 57, 31, 5, '30.A.25.104', 'KRISTIAN NATANAEL JUWI', 'karyawans/default-150x150.png', '2026-05-09 09:24:32', '2026-05-09 09:24:32', 'kristian-natanael-juwi-5476', '082237185926'),
(389, 58, 27, 5, '30.A.24.933', 'HENDRI SAPUTRA', 'karyawans/default-150x150.png', '2026-05-09 09:24:32', '2026-05-09 09:24:32', 'hendri-saputra-7796', '081349844316'),
(390, 58, 27, 5, '30.A.24.1109', 'AMLI RAHAB', 'karyawans/default-150x150.png', '2026-05-09 09:24:32', '2026-05-09 09:24:32', 'amli-rahab-6102', '085387568804'),
(391, 58, 27, 5, '01.D.24.2139', 'FADHILAH ABU HASAN', 'karyawans/default-150x150.png', '2026-05-09 09:24:32', '2026-05-09 09:24:32', 'fadhilah-abu-hasan-2684', '085714456906'),
(392, 58, 27, 5, '30.A.25.101', 'DIELFIT AGENG DEWATA', 'karyawans/default-150x150.png', '2026-05-09 09:24:32', '2026-05-09 09:24:32', 'dielfit-ageng-dewata-1808', '081258732151'),
(393, 58, 27, 5, '30.A.24.807', 'YASNIK', 'karyawans/default-150x150.png', '2026-05-09 09:24:32', '2026-05-09 09:24:32', 'yasnik-8615', '085344121667'),
(394, 70, 24, 5, '01.B.24.1015', 'GUNTORO', 'karyawans/default-150x150.png', '2026-05-09 09:24:32', '2026-05-09 09:24:32', 'guntoro-3309', '085752664718'),
(395, 62, 27, 5, '01.B.25.467', 'ARIS MUNANDAR', 'karyawans/default-150x150.png', '2026-05-09 09:24:32', '2026-05-09 09:24:32', 'aris-munandar-1258', '081222042435'),
(397, 57, 106, 5, '30.A.26.110', 'CANDRA SARONGALLO', 'karyawans/default-150x150.png', '2026-05-09 09:24:32', '2026-05-09 09:24:32', 'candra-sarongallo-9072', '085751437824'),
(398, 62, 55, 5, '30.A.26.171', 'RIEL TANDI BARANA', 'karyawans/default-150x150.png', '2026-05-09 09:24:32', '2026-05-09 09:24:32', 'riel-tandi-barana-6361', '085399610521'),
(399, 60, 64, 5, '01.B.26.185', 'SESA PAYUNG ALLO', 'karyawans/default-150x150.png', '2026-05-09 09:24:32', '2026-05-09 09:24:32', 'sesa-payung-allo-8758', '085796879890'),
(400, 58, 64, 5, '01.B.23.538', 'ANUGRAH DWI PEKERTI', 'karyawans/default-150x150.png', '2026-05-09 09:24:32', '2026-05-09 09:24:32', 'anugrah-dwi-pekerti-9078', '082131946099'),
(401, 68, 64, 5, '01.B.24.590', 'M. FATHURRAHMAN', 'karyawans/default-150x150.png', '2026-05-09 09:24:32', '2026-05-09 09:24:32', 'm.-fathurrahman-2529', '081257967687'),
(402, 57, 73, 5, '01.E.24.2121', 'NYARIYO MAHENDRA', 'karyawans/default-150x150.png', '2026-05-09 09:24:32', '2026-05-09 09:24:32', 'nyariyo-mahendra-6438', '081216062011'),
(403, 62, 64, 5, '01.B.24.492', 'JOHAN PRASTYO', 'karyawans/default-150x150.png', '2026-05-09 09:24:32', '2026-05-09 09:24:32', 'johan-prastyo-2382', '087756157812'),
(404, 57, 66, 5, '01.B.26.225', 'SATRIYO PAMBUDI', 'karyawans/default-150x150.png', '2026-05-09 09:24:32', '2026-05-09 09:24:32', 'satriyo-pambudi-2285', '085346142657'),
(405, 58, 64, 5, '01.B.25.246', 'ROY SURIDIWI SIBARANI', 'karyawans/default-150x150.png', '2026-05-09 09:24:32', '2026-05-09 09:24:32', 'roy-suridiwi-sibarani-7324', '082130061686'),
(407, 63, 66, 5, '01.B.26.226', 'ADVENTRIUS DESIDERIUS PAKPAHAN', 'karyawans/default-150x150.png', '2026-05-09 09:24:32', '2026-05-09 09:24:32', 'adventrius-desiderius-pakpahan-2619', '082167980247'),
(408, 56, 66, 5, '01.B.26.224', 'RONALDO DAPOT TUA ARITONANG', 'karyawans/default-150x150.png', '2026-05-09 09:24:32', '2026-05-09 09:24:32', 'ronaldo-dapot-tua-aritonang-9729', '087812407887'),
(409, 63, 66, 5, '01.B.26.220', 'HERMAWAN RANTO PANJAITAN ', 'karyawans/default-150x150.png', '2026-05-09 09:24:32', '2026-05-09 09:24:32', 'hermawan-ranto-panjaitan--3865', '085261474345'),
(410, 72, 42, 4, '30.A.24.254', 'DANIUS DAYU', 'karyawans/default-150x150.png', '2026-05-09 09:24:32', '2026-05-09 09:24:32', 'danius-dayu-4326', '+62 822-9895-0084'),
(411, 72, 42, 4, '30.A.24.256', 'ANDIANSYAH', 'karyawans/default-150x150.png', '2026-05-09 09:24:32', '2026-05-09 09:24:32', 'andiansyah-4335', '085248641701'),
(412, 73, 42, 4, '30.A.24.506', 'RUDELIS ABEDNEGO', 'karyawans/default-150x150.png', '2026-05-09 09:24:32', '2026-05-09 09:24:32', 'rudelis-abednego-1809', '082273855416'),
(413, 72, 42, 4, '30.A.24.886', 'ADI YULIUS', 'karyawans/default-150x150.png', '2026-05-09 09:24:32', '2026-05-09 09:24:32', 'adi-yulius-9815', '082213697252'),
(414, 73, 42, 4, '30.A.25.113', 'BENCA RAJA', 'karyawans/default-150x150.png', '2026-05-09 09:24:32', '2026-05-09 09:24:32', 'benca-raja-8390', '0822-5999-8710'),
(415, 74, 42, 4, '30.A.25.114', 'MUHAMMAD DWI ADITYA', 'karyawans/default-150x150.png', '2026-05-09 09:24:32', '2026-05-09 09:24:32', 'muhammad-dwi-aditya-9750', '082324892529'),
(416, 72, 42, 4, '30.A.25.215', 'MUHAMMAD IRFAN', 'karyawans/default-150x150.png', '2026-05-09 09:24:32', '2026-05-09 09:24:32', 'muhammad-irfan-9353', '082154261242'),
(417, 75, 42, 4, '30.A.25.270', 'YUDHA PANGESTU ', 'karyawans/default-150x150.png', '2026-05-09 09:24:32', '2026-05-09 09:24:32', 'yudha-pangestu--2193', '087803597208'),
(418, 73, 42, 4, '30.A.26.051', 'MUHAMMAD RUDIANSYAH', 'karyawans/default-150x150.png', '2026-05-09 09:24:32', '2026-05-09 09:24:32', 'muhammad-rudiansyah-9508', '082247256251'),
(419, 75, 42, 4, '30.A.26.071', 'ALVIAN BENI PRATAMA', 'karyawans/default-150x150.png', '2026-05-09 09:24:32', '2026-05-09 09:24:32', 'alvian-beni-pratama-9745', '085875336821'),
(420, 73, 42, 4, '30.A.25.709', 'MUHAMMAD MAHDI', 'karyawans/default-150x150.png', '2026-05-09 09:24:32', '2026-05-09 09:24:32', 'muhammad-mahdi-9915', '085822027029'),
(421, 76, 42, 4, '30.A.26.138', 'SUKRIANTO', 'karyawans/default-150x150.png', '2026-05-09 09:24:32', '2026-05-09 09:24:32', 'sukrianto-9777', '082393132498'),
(422, 72, 42, 4, '30.A.26.091', 'NURIKSAN', 'karyawans/default-150x150.png', '2026-05-09 09:24:32', '2026-05-09 09:24:32', 'nuriksan-5477', '085787072084'),
(423, 72, 42, 4, '30.A.25.716', 'ALDI SYAHPUTRA', 'karyawans/default-150x150.png', '2026-05-09 09:24:32', '2026-05-09 09:24:32', 'aldi-syahputra-9800', '082341130724'),
(424, 43, 42, 4, '30.A.25.784', 'AKBAR MAULANA', 'karyawans/default-150x150.png', '2026-05-09 09:24:32', '2026-05-09 09:24:32', 'akbar-maulana-9260', '082396431766'),
(425, 72, 42, 4, '30.A.26.108', 'DA WATUL HUSAIN', 'karyawans/default-150x150.png', '2026-05-09 09:24:32', '2026-05-09 09:24:32', 'da-watul-husain-2552', '085752035257'),
(426, 74, 42, 4, '30.A.26.109', 'KRISTIANTO EKO SIMA', 'karyawans/default-150x150.png', '2026-05-09 09:24:32', '2026-05-09 09:24:32', 'kristianto-eko-sima-4386', '085258510955'),
(427, 74, 72, 4, '01.B.23.669', 'FAHREZA FARHAN PUTRA WARDHANA', 'karyawans/default-150x150.png', '2026-05-09 09:24:32', '2026-05-09 09:24:32', 'fahreza-farhan-putra-wardhana-3849', '082338726980'),
(428, 76, 42, 4, '30.A.26.221', 'HELIDORUS', 'karyawans/default-150x150.png', '2026-05-09 09:24:32', '2026-05-09 09:24:32', 'helidorus-8313', '081257609308'),
(429, 76, 59, 4, '01.B.24.192', 'RANGGA DEWA ONGGO SATOPO', 'karyawans/default-150x150.png', '2026-05-09 09:24:32', '2026-05-09 09:24:32', 'rangga-dewa-onggo-satopo-4914', '0895700303166'),
(430, 76, 59, 4, '30.A.25.803', 'SARWINUS FELIK LAUDA', 'karyawans/default-150x150.png', '2026-05-09 09:24:32', '2026-05-09 09:24:32', 'sarwinus-felik-lauda-4239', '08214979828'),
(432, 43, 59, 4, '01.B.25.782', 'AHMAD FADIL AL FARISYI', 'karyawans/default-150x150.png', '2026-05-09 09:24:32', '2026-05-09 09:24:32', 'ahmad-fadil-al-farisyi-1487', '085183334225'),
(433, 76, 59, 4, '01.B.24.557', 'RIZKI PERNANDI PUTRA', 'karyawans/default-150x150.png', '2026-05-09 09:24:32', '2026-05-09 09:24:32', 'rizki-pernandi-putra-8654', '085894133634'),
(434, 43, 59, 4, '01.B.25.182', 'MUHAMMAD ATHFI BADALI RAHMAN', 'karyawans/default-150x150.png', '2026-05-09 09:24:32', '2026-05-09 09:24:32', 'muhammad-athfi-badali-rahman-6644', '0851-9066-9909'),
(435, 75, 59, 4, '01.B.24.247', 'MUHAMMAD JARKASI', 'karyawans/default-150x150.png', '2026-05-09 09:24:32', '2026-05-09 09:24:32', 'muhammad-jarkasi-3597', '081256839033'),
(436, 75, 59, 4, '01.B.23.723', 'AMIN BAHTIAR', 'karyawans/default-150x150.png', '2026-05-09 09:24:32', '2026-05-09 09:24:32', 'amin-bahtiar-9417', '0895373799996'),
(437, 74, 59, 4, '30.A.25.686', 'EDO KRISTIANTO', 'karyawans/default-150x150.png', '2026-05-09 09:24:32', '2026-05-09 09:24:32', 'edo-kristianto-1197', '089677000771'),
(438, 75, 26, 4, '01.B.24.120', 'M ZAINAL ARIFIN', 'karyawans/default-150x150.png', '2026-05-09 09:24:32', '2026-05-09 09:24:32', 'm-zainal-arifin-3199', '081351192280'),
(439, 73, 26, 4, '30.A.24.251', 'HERLIANSYAH', 'karyawans/default-150x150.png', '2026-05-09 09:24:32', '2026-05-09 09:24:32', 'herliansyah-9448', '+62 852-4996-0908'),
(440, 74, 59, 4, '01.B.26.038', 'M. NAZMI IHSAN', 'karyawans/default-150x150.png', '2026-05-09 09:24:32', '2026-05-09 09:24:32', 'm.-nazmi-ihsan-4217', '083142336806'),
(441, 43, 26, 4, '01.D.23.2009', 'DIMAS RAMA DHANI', 'karyawans/default-150x150.png', '2026-05-09 09:24:32', '2026-05-09 09:24:32', 'dimas-rama-dhani-7825', '081350477834'),
(442, 73, 26, 4, '30.A.25.174', 'WANCE', 'karyawans/default-150x150.png', '2026-05-09 09:24:32', '2026-05-09 09:24:32', 'wance-8831', '082191058450'),
(443, 76, 26, 4, '01.B.25.272', 'MUHAMMAD SYAHRIZAL', 'karyawans/default-150x150.png', '2026-05-09 09:24:32', '2026-05-09 09:24:32', 'muhammad-syahrizal-6034', '085754296398'),
(444, 73, 26, 4, '30.A.25.271', 'FRENDY SADENNI ', 'karyawans/default-150x150.png', '2026-05-09 09:24:32', '2026-05-09 09:24:32', 'frendy-sadenni--8262', '081350472392'),
(445, 76, 42, 4, '30.A.26.137', 'MUHAMMAD HARDI YANSYAH', 'karyawans/default-150x150.png', '2026-05-09 09:24:32', '2026-05-09 09:24:32', 'muhammad-hardi-yansyah-6981', '085651320475'),
(446, NULL, 41, 7, '01.C.25.259', 'FAD AQ MUHAMMAD NAUFAL', 'karyawans/default-150x150.png', '2026-05-09 09:24:32', '2026-05-09 09:24:32', 'fad-aq-muhammad-naufal-6467', '081216835443'),
(447, 20, 91, 7, '25.A.23.422', 'IWAN SETIAWAN', 'karyawans/default-150x150.png', '2026-05-09 09:24:32', '2026-05-09 09:24:32', 'iwan-setiawan-5505', '082217620158'),
(448, 85, 12, 7, '01.B.22.327', 'MUHAMMAD YANUAR TYO NUGROHO', 'karyawans/default-150x150.png', '2026-05-09 09:24:32', '2026-05-09 09:24:32', 'muhammad-yanuar-tyo-nugroho-9989', '082345619565'),
(449, 44, 10, 7, '25.A.22.1317', 'ROHIM SAPUTRA PANE', 'karyawans/default-150x150.png', '2026-05-09 09:24:32', '2026-05-09 09:24:32', 'rohim-saputra-pane-3145', '085156249414'),
(450, 80, 91, 7, '01.C.26.223', 'BENI IRAWAN', 'karyawans/default-150x150.png', '2026-05-09 09:24:32', '2026-05-09 09:24:32', 'beni-irawan-4065', '081282302810'),
(451, 44, 10, 7, '01.B.25.599', 'RULLY AGUSTIAN GUNAWAN', 'karyawans/default-150x150.png', '2026-05-09 09:24:32', '2026-05-09 09:24:32', 'rully-agustian-gunawan-6203', '082229782477'),
(452, 44, 10, 7, '01.B.23.681', 'FEBRY GAMALIEL', 'karyawans/default-150x150.png', '2026-05-09 09:24:32', '2026-05-09 09:24:32', 'febry-gamaliel-8933', '082225538315'),
(453, 44, 70, 7, '01.B.24.727', 'MUHAMMAD TAMIMY', 'karyawans/default-150x150.png', '2026-05-09 09:24:32', '2026-05-09 09:24:32', 'muhammad-tamimy-7111', '088258212975'),
(454, 44, 70, 7, '30.A.24.899', 'AINUN ZUNNUR', 'karyawans/default-150x150.png', '2026-05-09 09:24:32', '2026-05-09 09:24:32', 'ainun-zunnur-6035', '082235981643'),
(455, 86, 25, 7, '30.A.24.011', 'EKO KRISTIANTO', 'karyawans/default-150x150.png', '2026-05-09 09:24:32', '2026-05-09 09:24:32', 'eko-kristianto-6594', '085249400950'),
(456, 87, 25, 7, '30.A.24.014', 'RIANUS', 'karyawans/default-150x150.png', '2026-05-09 09:24:32', '2026-05-09 09:24:32', 'rianus-5786', '0850188792'),
(457, 87, 25, 7, '30.A.24.043', 'SELANI', 'karyawans/default-150x150.png', '2026-05-09 09:24:32', '2026-05-09 09:24:32', 'selani-2266', '081345408641'),
(458, 87, 25, 7, '01.B.21.206', 'MAHDI IDRIS', 'karyawans/default-150x150.png', '2026-05-09 09:24:32', '2026-05-09 09:24:32', 'mahdi-idris-5502', '085240788187'),
(459, 88, 25, 7, '25.A.19.249', 'SURATMIN', 'karyawans/default-150x150.png', '2026-05-09 09:24:32', '2026-05-09 09:24:32', 'suratmin-2423', '0812299259119'),
(460, 87, 25, 7, '30.A.24.329', 'PETRUS KUWER', 'karyawans/default-150x150.png', '2026-05-09 09:24:32', '2026-05-09 09:24:32', 'petrus-kuwer-1396', '082154711979'),
(461, 86, 25, 7, '30.A.24.378', 'RODI', 'karyawans/default-150x150.png', '2026-05-09 09:24:32', '2026-05-09 09:24:32', 'rodi-1638', '+62 853-8776-0659'),
(462, 88, 25, 7, '30.A.24.384', 'SAMUEL SAILO', 'karyawans/default-150x150.png', '2026-05-09 09:24:32', '2026-05-09 09:24:32', 'samuel-sailo-8160', '+62 821-9654-8176'),
(463, 95, 25, 7, '30.A.24.420', 'M. ROMLI', 'karyawans/default-150x150.png', '2026-05-09 09:24:32', '2026-05-09 09:24:32', 'm.-romli-8456', '085346451654'),
(464, 88, 25, 7, '01.B.24.443', 'SOFYAN', 'karyawans/default-150x150.png', '2026-05-09 09:24:32', '2026-05-09 09:24:32', 'sofyan-2969', '082323075098'),
(465, 88, 25, 7, '30.A.24.461', 'HERNU SASONGKO', 'karyawans/default-150x150.png', '2026-05-09 09:24:32', '2026-05-09 09:24:32', 'hernu-sasongko-1083', '082251469943'),
(466, 86, 25, 7, '01.B.24.475', 'ARI HIDAYAT', 'karyawans/default-150x150.png', '2026-05-09 09:24:32', '2026-05-09 09:24:32', 'ari-hidayat-4877', '+62 857-5954-0342'),
(467, 87, 25, 7, '30.A.24.564', 'JUNEDI', 'karyawans/default-150x150.png', '2026-05-09 09:24:32', '2026-05-09 09:24:32', 'junedi-7866', '+62 822-8711-5097'),
(468, 88, 25, 7, '01.B.25.417', 'MUHAMMAD FARIS FATHILLAH', 'karyawans/default-150x150.png', '2026-05-09 09:24:32', '2026-05-09 09:24:32', 'muhammad-faris-fathillah-7659', '082357594024 (WA)/08'),
(469, 86, 25, 7, '30.A.24.747', 'HENDRIANSYAH', 'karyawans/default-150x150.png', '2026-05-09 09:24:32', '2026-05-09 09:24:32', 'hendriansyah-1521', '082299549850'),
(470, 70, 25, 7, '30.A.24.777', 'ENGELBERTUS SARMON', 'karyawans/default-150x150.png', '2026-05-09 09:24:32', '2026-05-09 09:24:32', 'engelbertus-sarmon-6990', '082254387922'),
(471, 106, 25, 7, '30.A.24.809', 'DONIEL SUSILO', 'karyawans/default-150x150.png', '2026-05-09 09:24:32', '2026-05-09 09:24:32', 'doniel-susilo-4623', '082253363330'),
(472, 86, 25, 7, '30.A.24.826', 'ABUL DIANTO', 'karyawans/default-150x150.png', '2026-05-09 09:24:32', '2026-05-09 09:24:32', 'abul-dianto-3625', '082158121267'),
(473, 88, 25, 7, '30.A.24.839', 'THARIQ KEMAL MASSALISI', 'karyawans/default-150x150.png', '2026-05-09 09:24:32', '2026-05-09 09:24:32', 'thariq-kemal-massalisi-2485', '082345679599'),
(474, 106, 25, 7, '30.A.24.841', 'DWI KURNIAWAN', 'karyawans/default-150x150.png', '2026-05-09 09:24:32', '2026-05-09 09:24:32', 'dwi-kurniawan-3138', '085727726708'),
(475, 87, 25, 7, '30.A.24.890', 'AKIM', 'karyawans/default-150x150.png', '2026-05-09 09:24:32', '2026-05-09 09:24:32', 'akim-2480', '085248265848'),
(476, 86, 25, 7, '30.A.24.891', 'ALI MAKSUM', 'karyawans/default-150x150.png', '2026-05-09 09:24:32', '2026-05-09 09:24:32', 'ali-maksum-2903', '082252665895'),
(477, 89, 25, 7, '30.A.24.931', 'NAHARUDDIN AL YUSUF', 'karyawans/default-150x150.png', '2026-05-09 09:24:32', '2026-05-09 09:24:32', 'naharuddin-al-yusuf-5412', '085348275691'),
(478, 90, 25, 7, '30.A.24.1036', 'SYAHRANI', 'karyawans/default-150x150.png', '2026-05-09 09:24:32', '2026-05-09 09:24:32', 'syahrani-6134', '081250951852'),
(479, 103, 25, 7, '30.A.26.213', 'PARULIAN TAMBA', 'karyawans/default-150x150.png', '2026-05-09 09:24:32', '2026-05-09 09:24:32', 'parulian-tamba-6809', '081315272295'),
(480, 95, 25, 7, '30.A.24.1122', 'WAHYU HIDAYAT', 'karyawans/default-150x150.png', '2026-05-09 09:24:32', '2026-05-09 09:24:32', 'wahyu-hidayat-7158', '085386412949'),
(481, 95, 25, 7, '30.A.24.1127', 'MUHAMMAD WIRAGUNAWAN', 'karyawans/default-150x150.png', '2026-05-09 09:24:32', '2026-05-09 09:24:32', 'muhammad-wiragunawan-5224', '087876075026'),
(482, 99, 25, 7, '30.A.24.1137', 'MUHAMMAD ROHIM', 'karyawans/default-150x150.png', '2026-05-09 09:24:32', '2026-05-09 09:24:32', 'muhammad-rohim-6988', '082157116944'),
(483, 89, 25, 7, '30.A.24.1139', 'MOH. HAFIPUDIN JUNAEDI', 'karyawans/default-150x150.png', '2026-05-09 09:24:32', '2026-05-09 09:24:32', 'moh.-hafipudin-junaedi-6488', '081350242285'),
(484, 92, 25, 7, '30.A.25.042', 'AGUSTINUS SULLE SANNANG', 'karyawans/default-150x150.png', '2026-05-09 09:24:32', '2026-05-09 09:24:32', 'agustinus-sulle-sannang-4329', '082155499384'),
(485, 74, 25, 7, '01.D.24.2142', 'GALIH PUTRA YUWANTORO', 'karyawans/default-150x150.png', '2026-05-09 09:24:32', '2026-05-09 09:24:32', 'galih-putra-yuwantoro-9179', '082154668069'),
(486, 43, 25, 7, '01.D.24.2153', 'MUHAMMAD NUR QOLIS', 'karyawans/default-150x150.png', '2026-05-09 09:24:32', '2026-05-09 09:24:32', 'muhammad-nur-qolis-9945', '082244934622'),
(487, 450, 25, 7, '01.D.24.2130', 'ANDI YULIYANTO', 'karyawans/default-150x150.png', '2026-05-09 09:24:32', '2026-05-09 09:24:32', 'andi-yuliyanto-2277', '085640374087'),
(488, 879, 25, 7, '01.D.24.2133', 'ARIF CAHYO WICAKSONO ', 'karyawans/default-150x150.png', '2026-05-09 09:24:32', '2026-05-09 09:24:32', 'arif-cahyo-wicaksono--7958', '082257258869'),
(489, 72, 25, 7, '01.D.24.2143', 'HENDI KURNIAWAN', 'karyawans/default-150x150.png', '2026-05-09 09:24:32', '2026-05-09 09:24:32', 'hendi-kurniawan-4059', '085804575321'),
(490, 100, 25, 7, '01.D.23.1813', 'ALIV ALFARISI', 'karyawans/default-150x150.png', '2026-05-09 09:24:32', '2026-05-09 09:24:32', 'aliv-alfarisi-6601', '087700530817'),
(491, 87, 25, 7, '30.A.25.061', 'SURIANTO DT', 'karyawans/default-150x150.png', '2026-05-09 09:24:32', '2026-05-09 09:24:32', 'surianto-dt-2799', '082152257445'),
(492, 86, 25, 7, '30.A.25.110', 'RANDIKA PAYUNG', 'karyawans/default-150x150.png', '2026-05-09 09:24:32', '2026-05-09 09:24:32', 'randika-payung-4621', '082340961620'),
(493, 88, 25, 7, '30.A.25.116', 'RIFKI RONAL BELLA', 'karyawans/default-150x150.png', '2026-05-09 09:24:32', '2026-05-09 09:24:32', 'rifki-ronal-bella-6845', '085348201274'),
(494, 108, 25, 7, '01.B.25.175', 'YOAN PRATAMA', 'karyawans/default-150x150.png', '2026-05-09 09:24:32', '2026-05-09 09:24:32', 'yoan-pratama-9899', '082174109390'),
(495, 104, 25, 7, '01.B.19.107', 'MAHJUNAIDI', 'karyawans/default-150x150.png', '2026-05-09 09:24:32', '2026-05-09 09:24:32', 'mahjunaidi-2767', '085251170150'),
(497, 87, 25, 7, '01.B.25.274', 'RENDY SETYAWAN ', 'karyawans/default-150x150.png', '2026-05-09 09:24:32', '2026-05-09 09:24:32', 'rendy-setyawan--9559', '082297856343'),
(498, 88, 25, 7, '01.B.25.267', 'HERU', 'karyawans/default-150x150.png', '2026-05-09 09:24:32', '2026-05-09 09:24:32', 'heru-6522', '089522948096'),
(499, 88, 25, 7, '01.B.25.276', 'HERI SUPONO', 'karyawans/default-150x150.png', '2026-05-09 09:24:32', '2026-05-09 09:24:32', 'heri-supono-5641', '081345528972'),
(500, 98, 25, 7, '01.D.24.2129', 'AHMAD SYAIFUDDIN', 'karyawans/default-150x150.png', '2026-05-09 09:24:32', '2026-05-09 09:24:32', 'ahmad-syaifuddin-6044', '+62 851-5514-6911'),
(501, 87, 25, 7, '30.A.25.340', 'COROLUS HERIANTO ', 'karyawans/default-150x150.png', '2026-05-09 09:24:32', '2026-05-09 09:24:32', 'corolus-herianto--6121', '082148195025'),
(502, 86, 25, 7, '30.A.25.368', 'ANGGA CAHYONO', 'karyawans/default-150x150.png', '2026-05-09 09:24:32', '2026-05-09 09:24:32', 'angga-cahyono-6216', '082253163454'),
(503, 879, 25, 7, '01.D.24.2131', 'ANGGA SAPUTRA ', 'karyawans/default-150x150.png', '2026-05-09 09:24:32', '2026-05-09 09:24:32', 'angga-saputra--5297', '082142445490'),
(504, 86, 25, 7, '01.B.25.445', 'RUSDI', 'karyawans/default-150x150.png', '2026-05-09 09:24:32', '2026-05-09 09:24:32', 'rusdi-6261', '082333371212'),
(505, 88, 25, 7, '30.A.25.452', 'WAHYUDI', 'karyawans/default-150x150.png', '2026-05-09 09:24:32', '2026-05-09 09:24:32', 'wahyudi-3709', '082210176894'),
(506, 95, 25, 7, '01.B.25.767', 'INDRA KESUMA', 'karyawans/default-150x150.png', '2026-05-09 09:24:32', '2026-05-09 09:24:32', 'indra-kesuma-5357', '082246164840'),
(507, 95, 25, 7, '30.A.25.785', 'FATHUN NAZIRIN', 'karyawans/default-150x150.png', '2026-05-09 09:24:32', '2026-05-09 09:24:32', 'fathun-nazirin-7902', '085828471172'),
(508, 106, 116, 7, '01.B.25.805', 'RAJA DOLY SILITONGA', 'karyawans/default-150x150.png', '2026-05-09 09:24:32', '2026-05-09 09:24:32', 'raja-doly-silitonga-8943', '082213101279'),
(509, 95, 25, 7, '01.B.25.804', 'NANDA DEBERRY WEDNES', 'karyawans/default-150x150.png', '2026-05-09 09:24:32', '2026-05-09 09:24:32', 'nanda-deberry-wednes-4117', '082190370438'),
(510, 92, 29, 7, '01.B.24.403', 'AIDIL KURNIAWAN', 'karyawans/default-150x150.png', '2026-05-09 09:24:32', '2026-05-09 09:24:32', 'aidil-kurniawan-7949', '085240783271'),
(511, 92, 29, 7, '30.A.24.265', 'ANWAR', 'karyawans/default-150x150.png', '2026-05-09 09:24:32', '2026-05-09 09:24:32', 'anwar-3885', '085751512641'),
(512, 91, 29, 7, '01.B.24.300', 'ARIF SANGGONO', 'karyawans/default-150x150.png', '2026-05-09 09:24:32', '2026-05-09 09:24:32', 'arif-sanggono-6042', '081943333772'),
(513, 100, 29, 7, '30.A.24.427', 'AVDAL JANDO', 'karyawans/default-150x150.png', '2026-05-09 09:24:32', '2026-05-09 09:24:32', 'avdal-jando-7519', '081274114440'),
(514, 94, 29, 7, '30.A.24.433', 'AWALUDDIN', 'karyawans/default-150x150.png', '2026-05-09 09:24:32', '2026-05-09 09:24:32', 'awaluddin-1072', '082348891087'),
(515, 100, 29, 7, '30.A.24.372', 'BASILIUS BHARA', 'karyawans/default-150x150.png', '2026-05-09 09:24:32', '2026-05-09 09:24:32', 'basilius-bhara-2708', '082189159637'),
(516, 108, 29, 7, '30.A.24.386', 'DANIL ISWANDI', 'karyawans/default-150x150.png', '2026-05-09 09:24:32', '2026-05-09 09:24:32', 'danil-iswandi-6000', '+62 822-4222-0229'),
(517, 105, 29, 7, '30.A.24.215', 'DEDI SETIAWAN', 'karyawans/default-150x150.png', '2026-05-09 09:24:32', '2026-05-09 09:24:32', 'dedi-setiawan-1369', '081253258226'),
(520, 100, 29, 7, '01.B.24.473', 'FIRMAN', 'karyawans/default-150x150.png', '2026-05-09 09:24:32', '2026-05-09 09:24:32', 'firman-8031', '081310884737'),
(521, 92, 30, 7, '01.B.24.402', 'KAHARUDDIN', 'karyawans/default-150x150.png', '2026-05-09 09:24:32', '2026-05-09 09:24:32', 'kaharuddin-9541', '085398423525'),
(522, 91, 29, 7, '01.B.24.426', 'MARKUS SANNANG', 'karyawans/default-150x150.png', '2026-05-09 09:24:32', '2026-05-09 09:24:32', 'markus-sannang-2767', '081248761370'),
(523, 93, 29, 7, '30.A.24.385', 'MISRANI', 'karyawans/default-150x150.png', '2026-05-09 09:24:32', '2026-05-09 09:24:32', 'misrani-7619', '+62 853-4997-6840'),
(524, 450, 29, 7, '30.A.24.286', 'MUSTAKING', 'karyawans/default-150x150.png', '2026-05-09 09:24:32', '2026-05-09 09:24:32', 'mustaking-5767', '+62 815-2388-2502'),
(525, 94, 29, 7, '01.B.26.215', 'TERRY PRADIKTA', 'karyawans/default-150x150.png', '2026-05-09 09:24:32', '2026-05-09 09:24:32', 'terry-pradikta-6510', '082171534443'),
(526, 75, 29, 7, '30.A.24.517', 'RAFI', 'karyawans/default-150x150.png', '2026-05-09 09:24:32', '2026-05-09 09:24:32', 'rafi-5320', '081545737579'),
(527, 107, 29, 7, '30.A.24.190', 'SIMEON TEFAMNASI', 'karyawans/default-150x150.png', '2026-05-09 09:24:32', '2026-05-09 09:24:32', 'simeon-tefamnasi-2065', '081344141772'),
(529, 87, 29, 7, '30.A.24.209', 'ZULFAJRI', 'karyawans/default-150x150.png', '2026-05-09 09:24:32', '2026-05-09 09:24:32', 'zulfajri-2481', '081244940161'),
(530, 86, 29, 7, '30.A.24.034', 'ANTONIUS STEVEN RAMPAN', 'karyawans/default-150x150.png', '2026-05-09 09:24:32', '2026-05-09 09:24:32', 'antonius-steven-rampan-5459', '082250900604'),
(531, 86, 29, 7, '30.A.24.035', 'KAMILIUS CHRISTIAN', 'karyawans/default-150x150.png', '2026-05-09 09:24:32', '2026-05-09 09:24:32', 'kamilius-christian-8038', '082148504445'),
(532, 92, 29, 7, '30.A.24.594', 'PAULUS PYAN', 'karyawans/default-150x150.png', '2026-05-09 09:24:32', '2026-05-09 09:24:32', 'paulus-pyan-6353', '081389402477'),
(533, 90, 29, 7, '30.A.24.595', 'FAHRUROZI ABDI GUNAWAN', 'karyawans/default-150x150.png', '2026-05-09 09:24:32', '2026-05-09 09:24:32', 'fahrurozi-abdi-gunawan-7263', '085391263163'),
(534, 103, 29, 7, '30.A.24.603', 'AGUS BUDIANTO', 'karyawans/default-150x150.png', '2026-05-09 09:24:32', '2026-05-09 09:24:32', 'agus-budianto-5637', '081258698735'),
(535, 97, 29, 7, '30.A.24.631', 'ABD WAHID AL FAIZIN', 'karyawans/default-150x150.png', '2026-05-09 09:24:32', '2026-05-09 09:24:32', 'abd-wahid-al-faizin-9364', '085821974465'),
(536, 107, 29, 7, '30.A.24.632', 'PERLI IDRIS APANDI', 'karyawans/default-150x150.png', '2026-05-09 09:24:32', '2026-05-09 09:24:32', 'perli-idris-apandi-4028', '082237419141'),
(537, 108, 29, 7, '30.A.24.644', 'JONI SAPUTRA', 'karyawans/default-150x150.png', '2026-05-09 09:24:32', '2026-05-09 09:24:32', 'joni-saputra-3867', '085283029701'),
(538, 94, 29, 7, '30.A.24.649', 'NASFA MADANI', 'karyawans/default-150x150.png', '2026-05-09 09:24:32', '2026-05-09 09:24:32', 'nasfa-madani-1820', '085386609461'),
(539, 101, 29, 7, '30.A.24.655', 'MUJITO', 'karyawans/default-150x150.png', '2026-05-09 09:24:32', '2026-05-09 09:24:32', 'mujito-3424', '081230061602'),
(540, 94, 29, 7, '01.B.24.657', 'TEGUH RIONO', 'karyawans/default-150x150.png', '2026-05-09 09:24:32', '2026-05-09 09:24:32', 'teguh-riono-4503', '083120490886'),
(541, 108, 29, 7, '30.A.24.671', 'WAWAN', 'karyawans/default-150x150.png', '2026-05-09 09:24:32', '2026-05-09 09:24:32', 'wawan-7633', '082121993301'),
(542, 92, 29, 7, '30.A.24.673', 'YUDIAN SUNOMO', 'karyawans/default-150x150.png', '2026-05-09 09:24:32', '2026-05-09 09:24:32', 'yudian-sunomo-7250', '082232463628'),
(543, 90, 29, 7, '30.A.24.674', 'MEXICO', 'karyawans/default-150x150.png', '2026-05-09 09:24:32', '2026-05-09 09:24:32', 'mexico-6802', '082290739351'),
(544, 90, 29, 7, '01.B.24.675', 'UMAR', 'karyawans/default-150x150.png', '2026-05-09 09:24:32', '2026-05-09 09:24:32', 'umar-5823', '085397524644'),
(545, 94, 29, 7, '30.A.24.681', 'RAHMAT SKT', 'karyawans/default-150x150.png', '2026-05-09 09:24:32', '2026-05-09 09:24:32', 'rahmat-skt-4548', '082393022388'),
(546, 93, 29, 7, '30.A.24.682', 'RONALD HARYANTO', 'karyawans/default-150x150.png', '2026-05-09 09:24:32', '2026-05-09 09:24:32', 'ronald-haryanto-7690', '081247370356'),
(547, 100, 29, 7, '25.A.23.173', 'SAMSUDIN', 'karyawans/default-150x150.png', '2026-05-09 09:24:32', '2026-05-09 09:24:32', 'samsudin-1566', '085806076203'),
(548, 90, 29, 7, '25.A.23.381', 'SUPRIADI MALIK', 'karyawans/default-150x150.png', '2026-05-09 09:24:32', '2026-05-09 09:24:32', 'supriadi-malik-6545', '082397767979'),
(549, 92, 29, 7, '30.A.24.695', 'SANTONIUS TULAK', 'karyawans/default-150x150.png', '2026-05-09 09:24:32', '2026-05-09 09:24:32', 'santonius-tulak-4912', '085315728217'),
(550, 91, 29, 7, '30.A.24.744', 'NOVA HERU SETIAWAN', 'karyawans/default-150x150.png', '2026-05-09 09:24:32', '2026-05-09 09:24:32', 'nova-heru-setiawan-9579', '082154859772'),
(551, 92, 29, 7, '30.A.24.775', 'TRI SUTRISNO', 'karyawans/default-150x150.png', '2026-05-09 09:24:32', '2026-05-09 09:24:32', 'tri-sutrisno-1077', '083863622963'),
(552, 94, 29, 7, '01.B.24.808', 'WAHID KURNIAWAN SYACHRUL', 'karyawans/default-150x150.png', '2026-05-09 09:24:32', '2026-05-09 09:24:32', 'wahid-kurniawan-syachrul-1997', '081916641795'),
(553, 107, 29, 7, '30.A.24.1076', 'PAULUS ROWE MUDA', 'karyawans/default-150x150.png', '2026-05-09 09:24:32', '2026-05-09 09:24:32', 'paulus-rowe-muda-2502', '081366348765'),
(554, 90, 29, 7, '01.D.24.2128', 'AGUS JULYARTO', 'karyawans/default-150x150.png', '2026-05-09 09:24:32', '2026-05-09 09:24:32', 'agus-julyarto-9343', '082213751205'),
(555, 97, 29, 7, '01.D.24.2144', 'IHSAN BAHARI ', 'karyawans/default-150x150.png', '2026-05-09 09:24:32', '2026-05-09 09:24:32', 'ihsan-bahari--7996', '081393743060'),
(556, 879, 29, 7, '01.D.24.2151', 'MUHAMMAD BAHRUR RIZKI ', 'karyawans/default-150x150.png', '2026-05-09 09:24:32', '2026-05-09 09:24:32', 'muhammad-bahrur-rizki--9171', '089505595825'),
(557, 101, 29, 7, '01.D.24.2157', 'NUGRAHA SULIH TRIANTARA', 'karyawans/default-150x150.png', '2026-05-09 09:24:32', '2026-05-09 09:24:32', 'nugraha-sulih-triantara-1933', '085735937873'),
(558, 101, 29, 7, '01.D.22.1701', 'ABDUL SHOLEH', 'karyawans/default-150x150.png', '2026-05-09 09:24:32', '2026-05-09 09:24:32', 'abdul-sholeh-6409', '085229484053'),
(559, 879, 29, 7, '01.D.22.1427', 'ADAM MULYA', 'karyawans/default-150x150.png', '2026-05-09 09:24:32', '2026-05-09 09:24:32', 'adam-mulya-4249', '085855365736'),
(560, 107, 29, 7, '01.D.22.1645', 'AHMAD FAUZI', 'karyawans/default-150x150.png', '2026-05-09 09:24:32', '2026-05-09 09:24:32', 'ahmad-fauzi-6560', '082233943024'),
(561, 99, 29, 7, '01.D.22.1623', 'AHMAD KURNIAWAN', 'karyawans/default-150x150.png', '2026-05-09 09:24:32', '2026-05-09 09:24:32', 'ahmad-kurniawan-3723', '081249986713'),
(562, 104, 29, 7, '01.D.22.1646', 'AHMAD RAFLI ADI FAHRIZAL', 'karyawans/default-150x150.png', '2026-05-09 09:24:32', '2026-05-09 09:24:32', 'ahmad-rafli-adi-fahrizal-5761', '082334083822'),
(563, 89, 29, 7, '01.D.22.1702', 'AJAI SAPUTRO', 'karyawans/default-150x150.png', '2026-05-09 09:24:32', '2026-05-09 09:24:32', 'ajai-saputro-7124', '085876127875'),
(564, 90, 29, 7, '01.D.22.1703', 'AJI AGUNG AMIN SAPUTRO', 'karyawans/default-150x150.png', '2026-05-09 09:24:32', '2026-05-09 09:24:32', 'aji-agung-amin-saputro-3339', '085524818037'),
(565, 105, 29, 7, '01.D.21.1304', 'ALDY OKTAPRIA', 'karyawans/default-150x150.png', '2026-05-09 09:24:32', '2026-05-09 09:24:32', 'aldy-oktapria-4663', '085816481025'),
(566, 447, 29, 7, '01.D.22.1624', 'ALFAN NUR SEPTIWIANTO', 'karyawans/default-150x150.png', '2026-05-09 09:24:32', '2026-05-09 09:24:32', 'alfan-nur-septiwianto-2176', '082254605379'),
(567, 450, 29, 7, '01.D.22.1649', 'ANANG MUKHLIS', 'karyawans/default-150x150.png', '2026-05-09 09:24:32', '2026-05-09 09:24:32', 'anang-mukhlis-5059', '085850379407'),
(568, 879, 29, 7, '01.D.22.1416', 'ANDIKA KRISNA PRATAMA', 'karyawans/default-150x150.png', '2026-05-09 09:24:32', '2026-05-09 09:24:32', 'andika-krisna-pratama-3914', '081216693412'),
(569, 107, 29, 7, '01.D.21.1103', 'ANDRIYAN SYAH IMAMMY', 'karyawans/default-150x150.png', '2026-05-09 09:24:32', '2026-05-09 09:24:32', 'andriyan-syah-imammy-5452', '085849329840'),
(570, 447, 29, 7, '01.D.22.1650', 'ANDY FATKHUL QORIB', 'karyawans/default-150x150.png', '2026-05-09 09:24:32', '2026-05-09 09:24:32', 'andy-fatkhul-qorib-6917', '0895385308311'),
(571, 44, 29, 7, '01.D.22.1603', 'ANGGA PRADANA PUTRA', 'karyawans/default-150x150.png', '2026-05-09 09:24:32', '2026-05-09 09:24:32', 'angga-pradana-putra-3594', '085132241972'),
(572, 108, 29, 7, '25.A.23.084', 'ANGGA SAPUTRA', 'karyawans/default-150x150.png', '2026-05-09 09:24:32', '2026-05-09 09:24:32', 'angga-saputra-4150', '081217991347'),
(574, 108, 29, 7, '01.D.22.1651', 'ARI HANDIKA TRITAMA', 'karyawans/default-150x150.png', '2026-05-09 09:24:32', '2026-05-09 09:24:32', 'ari-handika-tritama-9457', '083119045336'),
(575, 97, 29, 7, '25.A.22.316', 'ASKAR', 'karyawans/default-150x150.png', '2026-05-09 09:24:32', '2026-05-09 09:24:32', 'askar-5860', '088294527030'),
(576, 450, 29, 7, '25.A.23.094', 'BAMBANG M SALEH', 'karyawans/default-150x150.png', '2026-05-09 09:24:32', '2026-05-09 09:24:32', 'bambang-m-saleh-5762', '085338020032'),
(577, 450, 29, 7, '01.D.22.1604', 'BENNY SETIAWAN', 'karyawans/default-150x150.png', '2026-05-09 09:24:32', '2026-05-09 09:24:32', 'benny-setiawan-1528', '082131459489'),
(578, 107, 29, 7, '25.A.22.563', 'BUSRAN JALIL', 'karyawans/default-150x150.png', '2026-05-09 09:24:32', '2026-05-09 09:24:32', 'busran-jalil-2911', '085347779505'),
(579, 97, 29, 7, '01.D.22.1533', 'DANDY KURNIA SAPUTRA', 'karyawans/default-150x150.png', '2026-05-09 09:24:32', '2026-05-09 09:24:32', 'dandy-kurnia-saputra-6815', '085648804245'),
(580, 101, 29, 7, '26.A.22.865', 'DAPOT TAMBA', 'karyawans/default-150x150.png', '2026-05-09 09:24:32', '2026-05-09 09:24:32', 'dapot-tamba-4786', '+62 812-9297-1349'),
(581, 100, 29, 7, '01.D.22.1606', 'DAV MICH KELVIN KRESNA', 'karyawans/default-150x150.png', '2026-05-09 09:24:32', '2026-05-09 09:24:32', 'dav-mich-kelvin-kresna-8244', '082334749000'),
(582, 98, 29, 7, '01.B.23.471', 'DIMAS ADJI PRASETYO', 'karyawans/default-150x150.png', '2026-05-09 09:24:32', '2026-05-09 09:24:32', 'dimas-adji-prasetyo-4935', '085642298698'),
(583, 101, 29, 7, '01.D.22.1534', 'FAISAL AHMADIFASA PUTRA ', 'karyawans/default-150x150.png', '2026-05-09 09:24:32', '2026-05-09 09:24:32', 'faisal-ahmadifasa-putra--7641', '082155558843'),
(584, 103, 29, 7, '01.D.22.1426', 'FERDIAN ARFANIA PURWADI', 'karyawans/default-150x150.png', '2026-05-09 09:24:32', '2026-05-09 09:24:32', 'ferdian-arfania-purwadi-9777', '082245437483'),
(585, 44, 29, 7, '01.D.22.1630', 'FIRDO DUWI KUSUMA ', 'karyawans/default-150x150.png', '2026-05-09 09:24:32', '2026-05-09 09:24:32', 'firdo-duwi-kusuma--4984', '081558853675'),
(586, 107, 29, 7, '01.D.22.1656', 'GILANG BUDI SANTOSO', 'karyawans/default-150x150.png', '2026-05-09 09:24:32', '2026-05-09 09:24:32', 'gilang-budi-santoso-2869', '085732289308'),
(587, 101, 29, 7, '01.D.22.1708', 'GILANG NUGRAHA', 'karyawans/default-150x150.png', '2026-05-09 09:24:32', '2026-05-09 09:24:32', 'gilang-nugraha-2995', '082354961102'),
(588, 99, 29, 7, '30.A.24.172', 'GILANG RAMADHAN', 'karyawans/default-150x150.png', '2026-05-09 09:24:32', '2026-05-09 09:24:32', 'gilang-ramadhan-4609', '089685546756'),
(589, 100, 29, 7, '01.D.21.1313', 'HENDIK MULYO HERMAWAN', 'karyawans/default-150x150.png', '2026-05-09 09:24:32', '2026-05-09 09:24:32', 'hendik-mulyo-hermawan-7058', '081259976088'),
(590, 450, 29, 7, '01.B.23.253', 'HENDRA PERMANA AFHAR', 'karyawans/default-150x150.png', '2026-05-09 09:24:32', '2026-05-09 09:24:32', 'hendra-permana-afhar-7848', '081779862137'),
(591, 90, 29, 7, '01.B.23.246', 'INDRA PURWANTO', 'karyawans/default-150x150.png', '2026-05-09 09:24:32', '2026-05-09 09:24:32', 'indra-purwanto-6094', '081259689067'),
(592, 44, 29, 7, '25.A.22.1124', 'IRSAN', 'karyawans/default-150x150.png', '2026-05-09 09:24:32', '2026-05-09 09:24:32', 'irsan-5231', '085342270371'),
(593, 73, 29, 7, '25.A.22.817', 'JHON RICHARD', 'karyawans/default-150x150.png', '2026-05-09 09:24:32', '2026-05-09 09:24:32', 'jhon-richard-5101', '082112489874'),
(594, 450, 29, 7, '01.D.22.1711', 'KHOIRUL UMAM ', 'karyawans/default-150x150.png', '2026-05-09 09:24:32', '2026-05-09 09:24:32', 'khoirul-umam--3295', '085725040129'),
(596, 101, 29, 7, '01.B.23.250', 'MARGO TUSTIANTO', 'karyawans/default-150x150.png', '2026-05-09 09:24:32', '2026-05-09 09:24:32', 'margo-tustianto-9030', '08152050455'),
(597, 103, 29, 7, '01.D.22.1422', 'MOCH FAHREZA ABDULAH ', 'karyawans/default-150x150.png', '2026-05-09 09:24:32', '2026-05-09 09:24:32', 'moch-fahreza-abdulah--6879', '085706399987'),
(598, 97, 29, 7, '25.A.22.1215', 'MUH ARIS', 'karyawans/default-150x150.png', '2026-05-09 09:24:32', '2026-05-09 09:24:32', 'muh-aris-5972', '081311954945'),
(599, 99, 29, 7, '01.D.22.1612', 'MUHAMAD RIZKY DWI IQWANI', 'karyawans/default-150x150.png', '2026-05-09 09:24:32', '2026-05-09 09:24:32', 'muhamad-rizky-dwi-iqwani-7485', '0895399291739'),
(600, 44, 29, 7, '01.D.22.1661', 'MUHAMAD WAHYU SEJATI ', 'karyawans/default-150x150.png', '2026-05-09 09:24:32', '2026-05-09 09:24:32', 'muhamad-wahyu-sejati--3696', '082257657489'),
(601, 44, 29, 7, '01.D.22.1662', 'MUHAMMAD AN IM KAVABIH', 'karyawans/default-150x150.png', '2026-05-09 09:24:32', '2026-05-09 09:24:32', 'muhammad-an-im-kavabih-8477', '085877771700'),
(602, 105, 30, 7, '30.A.24.143', 'MUHAMMAD FAHMI', 'karyawans/default-150x150.png', '2026-05-09 09:24:32', '2026-05-09 09:24:32', 'muhammad-fahmi-6173', '082353005082'),
(604, 450, 29, 7, '01.B.23.251', 'MUHAMMAD MUKLIS', 'karyawans/default-150x150.png', '2026-05-09 09:24:32', '2026-05-09 09:24:32', 'muhammad-muklis-2703', '081334864151'),
(605, 95, 29, 7, '25.A.22.565', 'MUHAMMAD RAMADHANI', 'karyawans/default-150x150.png', '2026-05-09 09:24:32', '2026-05-09 09:24:32', 'muhammad-ramadhani-6747', '082252207343'),
(606, 99, 29, 7, '25.A.22.1393', 'MUHAMMAD RIDWAN ', 'karyawans/default-150x150.png', '2026-05-09 09:24:32', '2026-05-09 09:24:32', 'muhammad-ridwan--3781', '085337478659'),
(607, 447, 29, 7, '01.D.22.1664', 'MUHAMMAD RIZQI SASONGKO', 'karyawans/default-150x150.png', '2026-05-09 09:24:32', '2026-05-09 09:24:32', 'muhammad-rizqi-sasongko-7258', '083845468454'),
(608, 95, 29, 7, '01.B.21.017', 'NORAINI', 'karyawans/default-150x150.png', '2026-05-09 09:24:32', '2026-05-09 09:24:32', 'noraini-8457', '085349988084'),
(609, 90, 29, 7, '30.A.24.230', 'PAMUNGKAS', 'karyawans/default-150x150.png', '2026-05-09 09:24:32', '2026-05-09 09:24:32', 'pamungkas-3654', '081231540008'),
(610, 44, 29, 7, '01.D.22.1407', 'RAJU PRADANA', 'karyawans/default-150x150.png', '2026-05-09 09:24:32', '2026-05-09 09:24:32', 'raju-pradana-8640', '082228118765'),
(612, 103, 29, 7, '01.D.22.1540', 'RICKI EKA SAPUTRA', 'karyawans/default-150x150.png', '2026-05-09 09:24:32', '2026-05-09 09:24:32', 'ricki-eka-saputra-9765', '082131779950'),
(613, 44, 29, 7, '01.D.22.1636', 'RICO DIVA PRANATA', 'karyawans/default-150x150.png', '2026-05-09 09:24:32', '2026-05-09 09:24:32', 'rico-diva-pranata-5442', '081230024688'),
(614, 44, 29, 7, '01.D.21.1351', 'RIZKY APRILIA A', 'karyawans/default-150x150.png', '2026-05-09 09:24:32', '2026-05-09 09:24:32', 'rizky-aprilia-a-5722', '08567337202'),
(615, 91, 29, 7, '01.D.22.1639', 'RONI DWI SEPTIAWAN', 'karyawans/default-150x150.png', '2026-05-09 09:24:32', '2026-05-09 09:24:32', 'roni-dwi-septiawan-8621', '083134824456');
INSERT INTO `karyawans` (`id`, `atasan_id`, `jabatan_id`, `departemen_id`, `nrp`, `nama`, `foto`, `created_at`, `updated_at`, `slug`, `no_hp`) VALUES
(616, 89, 29, 7, '30.A.24.210', 'SANGKALA', 'karyawans/default-150x150.png', '2026-05-09 09:24:32', '2026-05-09 09:24:32', 'sangkala-6268', '+62 813-4984-7633'),
(617, 107, 30, 7, '30.A.24.194', 'SARMIN', 'karyawans/default-150x150.png', '2026-05-09 09:24:32', '2026-05-09 09:24:32', 'sarmin-2801', '+62 823-5731-9187'),
(618, 44, 29, 7, '01.D.22.1413', 'SUBKAN JAUHARI', 'karyawans/default-150x150.png', '2026-05-09 09:24:32', '2026-05-09 09:24:32', 'subkan-jauhari-3398', '082131954632'),
(619, 101, 29, 7, '01.D.22.1723', 'SUPARJO RUSTAM', 'karyawans/default-150x150.png', '2026-05-09 09:24:32', '2026-05-09 09:24:32', 'suparjo-rustam-9191', '085786470519'),
(620, 89, 29, 7, '01.D.22.1724', 'SURYA HAMDANU', 'karyawans/default-150x150.png', '2026-05-09 09:24:32', '2026-05-09 09:24:32', 'surya-hamdanu-5709', '085717372441'),
(621, 91, 29, 7, '01.D.22.1725', 'TEGAR GALIH PRASETYO', 'karyawans/default-150x150.png', '2026-05-09 09:24:32', '2026-05-09 09:24:32', 'tegar-galih-prasetyo-6196', '0895358163348'),
(622, 92, 29, 7, '01.D.21.1334', 'TSABITUL AZMI', 'karyawans/default-150x150.png', '2026-05-09 09:24:32', '2026-05-09 09:24:32', 'tsabitul-azmi-6258', '082331224160'),
(623, 108, 29, 7, '01.D.22.1421', 'VANNES RICKI ARDIANSYAH', 'karyawans/default-150x150.png', '2026-05-09 09:24:32', '2026-05-09 09:24:32', 'vannes-ricki-ardiansyah-4801', '082228421703'),
(624, 90, 29, 7, '01.D.22.1641', 'VASCO DAGAMA', 'karyawans/default-150x150.png', '2026-05-09 09:24:32', '2026-05-09 09:24:32', 'vasco-dagama-3421', '+62 852-4966-0367'),
(625, 99, 29, 7, '01.D.22.1726', 'VINO WAHYU IBRAHIM ', 'karyawans/default-150x150.png', '2026-05-09 09:24:32', '2026-05-09 09:24:32', 'vino-wahyu-ibrahim--8957', '087700038088'),
(626, 450, 29, 7, '01.D.22.1727', 'WAHIB SUJUDI', 'karyawans/default-150x150.png', '2026-05-09 09:24:32', '2026-05-09 09:24:32', 'wahib-sujudi-9566', '085879559821'),
(627, 105, 29, 7, '01.D.21.1336', 'WANDA YELSI YULIANTO', 'karyawans/default-150x150.png', '2026-05-09 09:24:32', '2026-05-09 09:24:32', 'wanda-yelsi-yulianto-7866', '082257424197'),
(628, 100, 29, 7, '25.A.23.013', 'WIKI WARDANA ADITYA', 'karyawans/default-150x150.png', '2026-05-09 09:24:32', '2026-05-09 09:24:32', 'wiki-wardana-aditya-4413', '082141568838'),
(629, 44, 29, 7, '01.D.22.1620', 'YOGA PRATAMA PUTRA', 'karyawans/default-150x150.png', '2026-05-09 09:24:32', '2026-05-09 09:24:32', 'yoga-pratama-putra-5567', '081555883564'),
(630, 105, 29, 7, '01.D.22.1542', 'YOGA RIZKI ALFANDA ', 'karyawans/default-150x150.png', '2026-05-09 09:24:32', '2026-05-09 09:24:32', 'yoga-rizki-alfanda--1683', '082228544124'),
(631, 101, 29, 7, '01.B.22.032', 'YULIUS BRIA', 'karyawans/default-150x150.png', '2026-05-09 09:24:32', '2026-05-09 09:24:32', 'yulius-bria-3841', '081352318581'),
(632, 94, 29, 7, '25.A.22.232', 'AKBAR', 'karyawans/default-150x150.png', '2026-05-09 09:24:32', '2026-05-09 09:24:32', 'akbar-9036', '085298682052'),
(633, 95, 29, 7, '25.A.21.294', 'HERMANSYAH', 'karyawans/default-150x150.png', '2026-05-09 09:24:32', '2026-05-09 09:24:32', 'hermansyah-8843', '085346844617'),
(634, 43, 29, 7, '25.A.23.186', 'PAJRI', 'karyawans/default-150x150.png', '2026-05-09 09:24:32', '2026-05-09 09:24:32', 'pajri-8874', '081253265284'),
(635, 88, 29, 7, '25.A.21.537', 'SUDIRMAN', 'karyawans/default-150x150.png', '2026-05-09 09:24:32', '2026-05-09 09:24:32', 'sudirman-9763', '081998232010'),
(636, 85, 29, 7, '01.D.25.2562', 'DIMAS TEGAR SAPUTRA', 'karyawans/default-150x150.png', '2026-05-09 09:24:32', '2026-05-09 09:24:32', 'dimas-tegar-saputra-7651', '085936125485'),
(638, 100, 29, 7, '01.B.24.1054', 'ALIM MUHTADIN', 'karyawans/default-150x150.png', '2026-05-09 09:24:32', '2026-05-09 09:24:32', 'alim-muhtadin-1506', '081390320608'),
(639, 105, 29, 7, '01.D.21.1332', 'SYAIFUL NUR AFANDI', 'karyawans/default-150x150.png', '2026-05-09 09:24:32', '2026-05-09 09:24:32', 'syaiful-nur-afandi-7232', '0895331272409'),
(640, 99, 29, 7, '01.D.21.1221', 'SHOFFAN AL AZIZ ', 'karyawans/default-150x150.png', '2026-05-09 09:24:32', '2026-05-09 09:24:32', 'shoffan-al-aziz--4317', '082141810255'),
(641, 107, 29, 7, '01.B.25.171', 'MUHAMMAD ARIFIN', 'karyawans/default-150x150.png', '2026-05-09 09:24:32', '2026-05-09 09:24:32', 'muhammad-arifin-3738', '082235103672'),
(642, 108, 29, 7, '01.B.25.214', 'M. SYAIFUDIN ZUHRI', 'karyawans/default-150x150.png', '2026-05-09 09:24:32', '2026-05-09 09:24:32', 'm.-syaifudin-zuhri-4800', '085856262599'),
(643, 90, 29, 7, '30.A.25.237', 'SARMAN', 'karyawans/default-150x150.png', '2026-05-09 09:24:32', '2026-05-09 09:24:32', 'sarman-6014', '085251509624'),
(644, 92, 29, 7, '01.B.25.225', 'LUKMAN', 'karyawans/default-150x150.png', '2026-05-09 09:24:32', '2026-05-09 09:24:32', 'lukman-7162', '085250004044'),
(645, 93, 29, 7, '01.B.25.208', 'BERNANDUS AGUNG WIBOWO', 'karyawans/default-150x150.png', '2026-05-09 09:24:32', '2026-05-09 09:24:32', 'bernandus-agung-wibowo-8417', '082251697942'),
(646, 450, 29, 7, '26.A.22.381', 'YANUARIUS GABRIEL LARA LENGARI', 'karyawans/default-150x150.png', '2026-05-09 09:24:32', '2026-05-09 09:24:32', 'yanuarius-gabriel-lara-lengari-1012', '081345434499'),
(647, 104, 29, 7, '01.D.24.2228', 'ALDIANSYAH', 'karyawans/default-150x150.png', '2026-05-09 09:24:32', '2026-05-09 09:24:32', 'aldiansyah-2420', '082328108422'),
(649, 99, 29, 7, '01.D.24.2236', 'DIKI BUDI WINAHYU', 'karyawans/default-150x150.png', '2026-05-09 09:24:32', '2026-05-09 09:24:32', 'diki-budi-winahyu-8668', '081944632867'),
(650, 99, 29, 7, '01.D.24.2237', 'EDO ANDIKA WIDYANTORO', 'karyawans/default-150x150.png', '2026-05-09 09:24:32', '2026-05-09 09:24:32', 'edo-andika-widyantoro-1270', '085606977236'),
(651, 93, 29, 7, '01.D.24.2241', 'KENFA ATTALARIC PANCA NUGROHO ', 'karyawans/default-150x150.png', '2026-05-09 09:24:32', '2026-05-09 09:24:32', 'kenfa-attalaric-panca-nugroho--1677', '081232756232'),
(652, 101, 29, 7, '01.D.24.2246', 'MUCHAMAD WAFIQ SAHAL', 'karyawans/default-150x150.png', '2026-05-09 09:24:32', '2026-05-09 09:24:32', 'muchamad-wafiq-sahal-2133', '085933621087'),
(653, 95, 25, 7, '01.B.25.738', 'SELAMET HARIYADI', 'karyawans/default-150x150.png', '2026-05-09 09:24:32', '2026-05-09 09:24:32', 'selamet-hariyadi-5219', '081545554925'),
(654, 98, 29, 7, '01.B.25.268', 'JUNIARDI', 'karyawans/default-150x150.png', '2026-05-09 09:24:32', '2026-05-09 09:24:32', 'juniardi-1899', '082253858871'),
(655, 98, 29, 7, '01.B.25.286', 'DARMAJI', 'karyawans/default-150x150.png', '2026-05-09 09:24:32', '2026-05-09 09:24:32', 'darmaji-4649', '082150685204'),
(656, 98, 29, 7, '30.A.25.298', 'JORGI', 'karyawans/default-150x150.png', '2026-05-09 09:24:32', '2026-05-09 09:24:32', 'jorgi-8887', '082148844995'),
(657, 44, 29, 7, '01.B.26.190', 'REZA JAYADI MAHMUD', 'karyawans/default-150x150.png', '2026-05-09 09:24:32', '2026-05-09 09:24:32', 'reza-jayadi-mahmud-3070', '082152004436'),
(659, 98, 29, 7, '01.B.25.305', 'TRIO SAPUTRA', 'karyawans/default-150x150.png', '2026-05-09 09:24:32', '2026-05-09 09:24:32', 'trio-saputra-4223', '082191568165'),
(660, 98, 29, 7, '01.B.25.327', 'Herry Yohanis', 'karyawans/default-150x150.png', '2026-05-09 09:24:32', '2026-05-09 09:24:32', 'herry-yohanis-8983', '082251813678'),
(661, 104, 29, 7, '01.B.25.337', 'ACHMAD DIAN ARIE PUTRANTO', 'karyawans/default-150x150.png', '2026-05-09 09:24:32', '2026-05-09 09:24:32', 'achmad-dian-arie-putranto-1006', '085381824662'),
(662, 98, 29, 7, '01.B.25.336', 'RANO SAPUTRA', 'karyawans/default-150x150.png', '2026-05-09 09:24:32', '2026-05-09 09:24:32', 'rano-saputra-5234', '085268359977'),
(664, 98, 29, 7, '01.B.25.333', 'ARIF B', 'karyawans/default-150x150.png', '2026-05-09 09:24:32', '2026-05-09 09:24:32', 'arif-b-3793', '082259521617'),
(665, 103, 29, 7, '01.B.25.355', 'ANDRIYANTO', 'karyawans/default-150x150.png', '2026-05-09 09:24:32', '2026-05-09 09:24:32', 'andriyanto-7168', '082269998889'),
(666, 94, 29, 7, '01.B.25.363', 'GUNAWAN', 'karyawans/default-150x150.png', '2026-05-09 09:24:32', '2026-05-09 09:24:32', 'gunawan-8741', '083842505445'),
(668, 104, 30, 7, '01.B.25.413', 'TONI HARYANTO', 'karyawans/default-150x150.png', '2026-05-09 09:24:32', '2026-05-09 09:24:32', 'toni-haryanto-1330', '081333803020'),
(669, 93, 30, 7, '30.A.25.411', 'KRISTANIO TWOREDO', 'karyawans/default-150x150.png', '2026-05-09 09:24:32', '2026-05-09 09:24:32', 'kristanio-tworedo-1663', '082258545148'),
(670, 879, 30, 7, '01.B.25.394', 'ANGGI DWI SURYA', 'karyawans/default-150x150.png', '2026-05-09 09:24:32', '2026-05-09 09:24:32', 'anggi-dwi-surya-6786', '082217823846'),
(671, 93, 30, 7, '30.A.25.392', 'YOSIAS', 'karyawans/default-150x150.png', '2026-05-09 09:24:32', '2026-05-09 09:24:32', 'yosias-2769', '082292772125'),
(672, 104, 30, 7, '01.B.25.390', 'MUSAKKIR', 'karyawans/default-150x150.png', '2026-05-09 09:24:32', '2026-05-09 09:24:32', 'musakkir-4492', '082347468469'),
(673, 104, 29, 7, '01.D.25.2418', 'ACHMAD FERDY EMILLUL', 'karyawans/default-150x150.png', '2026-05-09 09:24:32', '2026-05-09 09:24:32', 'achmad-ferdy-emillul-6335', '081333339496'),
(674, 879, 29, 7, '01.D.25.2420', 'AHMAD AGIL PRATAMA', 'karyawans/default-150x150.png', '2026-05-09 09:24:32', '2026-05-09 09:24:32', 'ahmad-agil-pratama-5727', '082132932074'),
(675, 93, 29, 7, '01.D.25.2425', 'ARYA SULTAN RAMADHAN', 'karyawans/default-150x150.png', '2026-05-09 09:24:32', '2026-05-09 09:24:32', 'arya-sultan-ramadhan-6375', '0895389004695'),
(676, 104, 29, 7, '01.D.25.2421', 'AJI MARTA BAHTIYAR', 'karyawans/default-150x150.png', '2026-05-09 09:24:32', '2026-05-09 09:24:32', 'aji-marta-bahtiyar-4684', '087840313488'),
(677, 104, 29, 7, '01.D.25.2427', 'CHOYRUL SAYFRUDIN', 'karyawans/default-150x150.png', '2026-05-09 09:24:32', '2026-05-09 09:24:32', 'choyrul-sayfrudin-4721', '+852 6216 4137'),
(678, 93, 29, 7, '01.D.25.2447', 'WAHYU HARDIYANTO', 'karyawans/default-150x150.png', '2026-05-09 09:24:32', '2026-05-09 09:24:32', 'wahyu-hardiyanto-9021', '089674313849'),
(679, 879, 29, 7, '01.D.25.2448', 'WAHYU SETIAWAN', 'karyawans/default-150x150.png', '2026-05-09 09:24:32', '2026-05-09 09:24:32', 'wahyu-setiawan-9461', '085189923294'),
(680, 98, 29, 7, '01.D.25.2443', 'RIZZAL IZZA ALFARISI', 'karyawans/default-150x150.png', '2026-05-09 09:24:32', '2026-05-09 09:24:32', 'rizzal-izza-alfarisi-6706', '+62 898-9761-051'),
(681, 104, 29, 7, '01.D.25.2419', 'AFINAS SEFTIAWAN', 'karyawans/default-150x150.png', '2026-05-09 09:24:32', '2026-05-09 09:24:32', 'afinas-seftiawan-6340', '085707181191'),
(682, 93, 29, 7, '25.A.22.1263', 'ASWAN', 'karyawans/default-150x150.png', '2026-05-09 09:24:32', '2026-05-09 09:24:32', 'aswan-7490', '085348782274'),
(683, 879, 29, 7, '01.B.25.446', 'NASRUDIN', 'karyawans/default-150x150.png', '2026-05-09 09:24:32', '2026-05-09 09:24:32', 'nasrudin-5931', '081256759310'),
(685, 93, 29, 7, '01.B.25.725', 'MUHAMMAD MAIZI ALFAHMI', 'karyawans/default-150x150.png', '2026-05-09 09:24:32', '2026-05-09 09:24:32', 'muhammad-maizi-alfahmi-4640', '082357408083'),
(686, 447, 29, 7, '01.B.25.726', 'TIYAS AAN ARIYANTO', 'karyawans/default-150x150.png', '2026-05-09 09:24:32', '2026-05-09 09:24:32', 'tiyas-aan-ariyanto-8797', '082251697009'),
(687, 105, 81, 7, '01.B.21.364', 'AMBO MEWA', 'karyawans/default-150x150.png', '2026-05-09 09:24:32', '2026-05-09 09:24:32', 'ambo-mewa-3585', '081242646821'),
(688, 107, 81, 7, '25.A.21.423', 'SAFRUDDIN', 'karyawans/default-150x150.png', '2026-05-09 09:24:32', '2026-05-09 09:24:32', 'safruddin-5550', '085395615607'),
(689, 95, 81, 7, '25.A.20.054', 'ACHMAD HUSAINI', 'karyawans/default-150x150.png', '2026-05-09 09:24:32', '2026-05-09 09:24:32', 'achmad-husaini-4363', '081350242400'),
(690, 108, 81, 7, '01.D.21.0909', 'INDRA NURHIDAYAT', 'karyawans/default-150x150.png', '2026-05-09 09:24:32', '2026-05-09 09:24:32', 'indra-nurhidayat-4970', '082235122610'),
(691, 94, 81, 7, '30.A.24.167', 'ARDIUS ANDUT', 'karyawans/default-150x150.png', '2026-05-09 09:24:32', '2026-05-09 09:24:32', 'ardius-andut-6424', '082191215162'),
(692, 91, 81, 7, '30.A.24.177', 'PETRUS TIMO UKAT', 'karyawans/default-150x150.png', '2026-05-09 09:24:32', '2026-05-09 09:24:32', 'petrus-timo-ukat-5703', '+62 812-5128-3592'),
(693, 107, 81, 7, '01.D.21.1224', 'TRI NUROHMAN SAH', 'karyawans/default-150x150.png', '2026-05-09 09:24:32', '2026-05-09 09:24:32', 'tri-nurohman-sah-3590', '085730615240'),
(694, 450, 81, 7, '01.D.21.1220', 'SANDI BAGUS PRADHANA', 'karyawans/default-150x150.png', '2026-05-09 09:24:32', '2026-05-09 09:24:32', 'sandi-bagus-pradhana-9905', '085190008482'),
(695, 105, 81, 7, '01.D.21.1217', 'RISZAL SETIAWAN', 'karyawans/default-150x150.png', '2026-05-09 09:24:32', '2026-05-09 09:24:32', 'riszal-setiawan-2799', '08563058807'),
(696, 108, 81, 7, '01.D.21.1017', 'MUHAMMAD THIESWAN IRSANDI', 'karyawans/default-150x150.png', '2026-05-09 09:24:32', '2026-05-09 09:24:32', 'muhammad-thieswan-irsandi-2797', '085900339201'),
(697, 105, 81, 7, '01.D.21.1205', 'FRINDI NOVIANTO', 'karyawans/default-150x150.png', '2026-05-09 09:24:32', '2026-05-09 09:24:32', 'frindi-novianto-8797', '085174999558'),
(698, 105, 81, 7, '01.D.21.1025', 'DIAN TARUK KENDEK', 'karyawans/default-150x150.png', '2026-05-09 09:24:32', '2026-05-09 09:24:32', 'dian-taruk-kendek-1721', '082346418518'),
(699, 105, 81, 7, '01.D.21.1033', 'CHANDRA RAMADHANY', 'karyawans/default-150x150.png', '2026-05-09 09:24:32', '2026-05-09 09:24:32', 'chandra-ramadhany-8632', '081254931701'),
(700, 105, 81, 7, '30.A.25.170', 'MOCHAMMAD SALIM', 'karyawans/default-150x150.png', '2026-05-09 09:24:32', '2026-05-09 09:24:32', 'mochammad-salim-2298', '082332492828'),
(701, 91, 81, 7, '30.A.25.289', 'SONY EFFENDI', 'karyawans/default-150x150.png', '2026-05-09 09:24:32', '2026-05-09 09:24:32', 'sony-effendi-5836', '085247866890'),
(702, 91, 75, 7, '01.B.25.433', 'RUDI HARTONO', 'karyawans/default-150x150.png', '2026-05-09 09:24:32', '2026-05-09 09:24:32', 'rudi-hartono-6500', '081349474389'),
(703, 100, 81, 7, '30.A.26.216', 'YOHANIS JEPRI', 'karyawans/default-150x150.png', '2026-05-09 09:24:32', '2026-05-09 09:24:32', 'yohanis-jepri-8280', '082191921517'),
(704, 91, 81, 7, '30.A.25.521', 'BANGUN HUTABARAT', 'karyawans/default-150x150.png', '2026-05-09 09:24:32', '2026-05-09 09:24:32', 'bangun-hutabarat-6944', '082272994845'),
(705, 91, 81, 7, '30.A.25.520', 'MUH FIDA L', 'karyawans/default-150x150.png', '2026-05-09 09:24:32', '2026-05-09 09:24:32', 'muh-fida-l-1043', '085348763827'),
(706, 91, 81, 7, '01.B.25.576', 'TRISTIANDI ADRIANTO GUNAWAN', 'karyawans/default-150x150.png', '2026-05-09 09:24:32', '2026-05-09 09:24:32', 'tristiandi-adrianto-gunawan-1979', '081341216742'),
(707, 106, 80, 7, '01.D.22.1516', 'JOKO NUGROHO WIDI ', 'karyawans/default-150x150.png', '2026-05-09 09:24:32', '2026-05-09 09:24:32', 'joko-nugroho-widi--1667', '085706869358'),
(708, 106, 80, 7, '01.D.22.1418', 'ALEX RAHMAD', 'karyawans/default-150x150.png', '2026-05-09 09:24:32', '2026-05-09 09:24:32', 'alex-rahmad-5819', '081554501206'),
(709, 106, 80, 7, '01.D.22.1525', 'WAHYU IRVAN APRIANTO', 'karyawans/default-150x150.png', '2026-05-09 09:24:32', '2026-05-09 09:24:32', 'wahyu-irvan-aprianto-5868', '085859734685'),
(710, 106, 80, 7, '01.D.23.1819', 'DIKI MINALDI', 'karyawans/default-150x150.png', '2026-05-09 09:24:32', '2026-05-09 09:24:32', 'diki-minaldi-2131', '085799444039'),
(711, 103, 80, 7, '01.D.23.1827', 'M. AGUNG SOFIYULLOH ', 'karyawans/default-150x150.png', '2026-05-09 09:24:32', '2026-05-09 09:24:32', 'm.-agung-sofiyulloh--9229', '+62 821-5479-8190'),
(712, 103, 80, 7, '01.D.22.1521', 'SATRIO BAGUS CAHYONO', 'karyawans/default-150x150.png', '2026-05-09 09:24:32', '2026-05-09 09:24:32', 'satrio-bagus-cahyono-2152', '085972560654'),
(713, 106, 80, 7, '01.D.22.1520', 'MUHAMMAD NUR HAFIZ', 'karyawans/default-150x150.png', '2026-05-09 09:24:32', '2026-05-09 09:24:32', 'muhammad-nur-hafiz-7087', '081345565623'),
(714, 447, 80, 7, '01.D.24.2162', 'WAHYU FAJAR RISALDI', 'karyawans/default-150x150.png', '2026-05-09 09:24:32', '2026-05-09 09:24:32', 'wahyu-fajar-risaldi-7212', '081230957851'),
(715, 447, 80, 7, '01.D.25.2322', 'MUHAMMAD ZIDANE ARDIANSYAH', 'karyawans/default-150x150.png', '2026-05-09 09:24:32', '2026-05-09 09:24:32', 'muhammad-zidane-ardiansyah-8011', '089621641176'),
(716, 447, 80, 7, '01.B.25.547', 'BURHANUDIN', 'karyawans/default-150x150.png', '2026-05-09 09:24:32', '2026-05-09 09:24:32', 'burhanudin-5638', '+62 877-4102-9657'),
(717, 447, 80, 7, '01.D.25.2436', 'M. RYAN FAHRUR ROZI', 'karyawans/default-150x150.png', '2026-05-09 09:24:32', '2026-05-09 09:24:32', 'm.-ryan-fahrur-rozi-4488', '083853730913'),
(718, 447, 80, 7, '01.D.25.2449', 'ZAINUR ROSYID', 'karyawans/default-150x150.png', '2026-05-09 09:24:32', '2026-05-09 09:24:32', 'zainur-rosyid-3301', '082228353510'),
(719, 86, 75, 7, '01.D.22.1518', 'MUHAMMAD FAIZA RAHMA ', 'karyawans/default-150x150.png', '2026-05-09 09:24:32', '2026-05-09 09:24:32', 'muhammad-faiza-rahma--8151', '085607323680'),
(720, 99, 75, 7, '01.D.22.1718', 'MUHAMMAD FIRMAN ARDIYANSAH', 'karyawans/default-150x150.png', '2026-05-09 09:24:32', '2026-05-09 09:24:32', 'muhammad-firman-ardiyansah-6558', '085712671935'),
(721, 44, 75, 7, '01.D.22.1712', 'KHOLILUR ROKHMAN', 'karyawans/default-150x150.png', '2026-05-09 09:24:32', '2026-05-09 09:24:32', 'kholilur-rokhman-4116', '+62 819-5821-5770'),
(722, 87, 75, 7, '01.D.22.1720', 'MUHAMMAD IHZA SYAHRUL AZNI', 'karyawans/default-150x150.png', '2026-05-09 09:24:32', '2026-05-09 09:24:32', 'muhammad-ihza-syahrul-azni-8438', '089647024701'),
(723, 90, 75, 7, '01.D.22.1713', 'KUNTORO HADI WINOTO', 'karyawans/default-150x150.png', '2026-05-09 09:24:32', '2026-05-09 09:24:32', 'kuntoro-hadi-winoto-5004', '083838474441'),
(724, 103, 75, 7, '01.D.22.1705', 'ANDREAS FEBRIYANTO', 'karyawans/default-150x150.png', '2026-05-09 09:24:32', '2026-05-09 09:24:32', 'andreas-febriyanto-6590', '089666066282'),
(725, 879, 75, 7, '01.B.24.197', 'VICTOR HALOMOAN SIMANJUNTAK', 'karyawans/default-150x150.png', '2026-05-09 09:24:32', '2026-05-09 09:24:32', 'victor-halomoan-simanjuntak-2253', '082386583905'),
(726, 107, 75, 7, '30.A.24.266', 'FINSENSIUS', 'karyawans/default-150x150.png', '2026-05-09 09:24:32', '2026-05-09 09:24:32', 'finsensius-3013', '08125507606'),
(727, 101, 75, 7, '26.A.22.1167', 'ARDIANTO PANGGALO', 'karyawans/default-150x150.png', '2026-05-09 09:24:32', '2026-05-09 09:24:32', 'ardianto-panggalo-5523', '082252125415'),
(728, 101, 75, 7, '01.D.22.1704', 'AKHMAD ADIB HUSAIN', 'karyawans/default-150x150.png', '2026-05-09 09:24:32', '2026-05-09 09:24:32', 'akhmad-adib-husain-7451', '089501417584'),
(729, 92, 75, 7, '30.A.24.343', 'LUTHER LOT DIKE', 'karyawans/default-150x150.png', '2026-05-09 09:24:32', '2026-05-09 09:24:32', 'luther-lot-dike-7241', '+62 812-5319-0552'),
(730, 92, 75, 7, '30.A.24.436', 'LEKSI ALEXIUS AMAN', 'karyawans/default-150x150.png', '2026-05-09 09:24:32', '2026-05-09 09:24:32', 'leksi-alexius-aman-6819', '082255485822'),
(731, 89, 75, 7, '01.B.24.627', 'RIAN MARGANDATUA SIANIPAR', 'karyawans/default-150x150.png', '2026-05-09 09:24:32', '2026-05-09 09:24:32', 'rian-margandatua-sianipar-2261', '081348531380'),
(732, 92, 75, 7, '30.A.24.645', 'PATRISIUS LETA', 'karyawans/default-150x150.png', '2026-05-09 09:24:32', '2026-05-09 09:24:32', 'patrisius-leta-3438', '081312088378'),
(733, 108, 75, 7, '01.D.22.1717', 'MOHAMMAD ILHAM ', 'karyawans/default-150x150.png', '2026-05-09 09:24:32', '2026-05-09 09:24:32', 'mohammad-ilham--1232', '087791554294'),
(734, 107, 75, 7, '30.A.24.604', 'AGUS GUNAWAN', 'karyawans/default-150x150.png', '2026-05-09 09:24:32', '2026-05-09 09:24:32', 'agus-gunawan-9590', '085263558925'),
(735, 93, 75, 7, '01.B.24.605', 'WIRANTO SIHOTANG', 'karyawans/default-150x150.png', '2026-05-09 09:24:32', '2026-05-09 09:24:32', 'wiranto-sihotang-2000', '081270864197'),
(736, 879, 75, 7, '01.B.24.654', 'EKO HERIANTO', 'karyawans/default-150x150.png', '2026-05-09 09:24:32', '2026-05-09 09:24:32', 'eko-herianto-7054', '085246214869'),
(737, 879, 75, 7, '30.A.24.694', 'ROBI ANDRIAN', 'karyawans/default-150x150.png', '2026-05-09 09:24:32', '2026-05-09 09:24:32', 'robi-andrian-1462', '082180837566'),
(738, 92, 75, 7, '30.A.24.718', 'HENDI EKA SAPUTRA', 'karyawans/default-150x150.png', '2026-05-09 09:24:32', '2026-05-09 09:24:32', 'hendi-eka-saputra-4293', '082293112145'),
(739, 101, 75, 7, '30.A.24.976', 'FEBRIANTO NIKO', 'karyawans/default-150x150.png', '2026-05-09 09:24:32', '2026-05-09 09:24:32', 'febrianto-niko-9245', '085242427763'),
(740, 92, 75, 7, '01.D.24.2137', 'ELFA YANUARDA', 'karyawans/default-150x150.png', '2026-05-09 09:24:32', '2026-05-09 09:24:32', 'elfa-yanuarda-8840', '+62 895-3950-25035'),
(741, 879, 75, 7, '01.D.24.2163', 'ZAKA CHOIRUL ULUM', 'karyawans/default-150x150.png', '2026-05-09 09:24:32', '2026-05-09 09:24:32', 'zaka-choirul-ulum-4697', '0859175710800'),
(742, 100, 75, 7, '01.D.22.1512', 'FANINHAJRAN AJRAN', 'karyawans/default-150x150.png', '2026-05-09 09:24:32', '2026-05-09 09:24:32', 'faninhajran-ajran-9464', '081249449919'),
(743, 93, 75, 7, '30.A.25.213', 'HABEL LAMBI', 'karyawans/default-150x150.png', '2026-05-09 09:24:32', '2026-05-09 09:24:32', 'habel-lambi-7081', '0822-5575-7765'),
(744, 98, 75, 7, '01.B.25.277', 'AHMAD RIFAI', 'karyawans/default-150x150.png', '2026-05-09 09:24:32', '2026-05-09 09:24:32', 'ahmad-rifai-1941', '0821 5462 5982'),
(745, 106, 75, 7, '01.D.24.2245', 'MOHAMMAD SYAHRUL NIZAM', 'karyawans/default-150x150.png', '2026-05-09 09:24:32', '2026-05-09 09:24:32', 'mohammad-syahrul-nizam-1260', '085780022902'),
(746, 447, 75, 7, '01.D.24.2251', 'SANDI PRAMUDIKA ', 'karyawans/default-150x150.png', '2026-05-09 09:24:32', '2026-05-09 09:24:32', 'sandi-pramudika--3538', '087866205889'),
(747, 93, 75, 7, '25.A.23.136', 'MISLAN', 'karyawans/default-150x150.png', '2026-05-09 09:24:32', '2026-05-09 09:24:32', 'mislan-6897', '081253222580'),
(748, 97, 75, 7, '01.B.25.342', 'LUTER TANGALAYUK', 'karyawans/default-150x150.png', '2026-05-09 09:24:32', '2026-05-09 09:24:32', 'luter-tangalayuk-1795', '082154197596'),
(749, 98, 75, 7, '01.B.25.341', 'SUDARWANTO', 'karyawans/default-150x150.png', '2026-05-09 09:24:32', '2026-05-09 09:24:32', 'sudarwanto-4447', '085248009298'),
(750, 93, 75, 7, '01.B.25.358', 'FAHRUL ROZI', 'karyawans/default-150x150.png', '2026-05-09 09:24:32', '2026-05-09 09:24:32', 'fahrul-rozi-8641', '085322665019'),
(751, 91, 75, 7, '01.B.25.359', 'RONALD N. PRAMANA ', 'karyawans/default-150x150.png', '2026-05-09 09:24:32', '2026-05-09 09:24:32', 'ronald-n.-pramana--8326', '081253945372'),
(752, 91, 75, 7, '01.B.25.705', 'JONI R', 'karyawans/default-150x150.png', '2026-05-09 09:24:32', '2026-05-09 09:24:32', 'joni-r-9734', '082254327119'),
(753, 450, 79, 7, '27.A.24.1057', 'RIKKI MANSON PASRAIBU', 'karyawans/default-150x150.png', '2026-05-09 09:24:32', '2026-05-09 09:24:32', 'rikki-manson-pasraibu-3832', '081315535736'),
(754, 98, 75, 7, '25.A.22.1121', 'FENDI SUSANTO', 'karyawans/default-150x150.png', '2026-05-09 09:24:32', '2026-05-09 09:24:32', 'fendi-susanto-1216', '082393357321'),
(755, 91, 75, 7, '01.D.25.2317', 'FATKUL QORIEB', 'karyawans/default-150x150.png', '2026-05-09 09:24:32', '2026-05-09 09:24:32', 'fatkul-qorieb-1856', '085649200333'),
(756, 879, 75, 7, '01.D.25.2318', 'KRESTO FER ARI SAHAB', 'karyawans/default-150x150.png', '2026-05-09 09:24:32', '2026-05-09 09:24:32', 'kresto-fer-ari-sahab-4000', '085856304259'),
(758, 109, 75, 7, '01.D.25.2585', 'MUHAMMAD ABDULLAH SALIM', 'karyawans/default-150x150.png', '2026-05-09 09:24:32', '2026-05-09 09:24:32', 'muhammad-abdullah-salim-2554', '083162172166'),
(759, 91, 75, 7, '01.B.25.772', 'ROI RINGGI PAULUS', 'karyawans/default-150x150.png', '2026-05-09 09:24:32', '2026-05-09 09:24:32', 'roi-ringgi-paulus-8861', '082112450507'),
(760, 93, 75, 7, '01.B.26.077', 'CUHAYA SUMARNA', 'karyawans/default-150x150.png', '2026-05-09 09:24:32', '2026-05-09 09:24:32', 'cuhaya-sumarna-2945', '082115457812'),
(761, 101, 75, 7, '01.B.26.143', 'RAHMAD', 'karyawans/default-150x150.png', '2026-05-09 09:24:32', '2026-05-09 09:24:32', 'rahmad-7186', '085821973034'),
(763, 101, 103, 7, '01.D.23.1940', 'MOCHAMAD IRFAN MAULANA', 'karyawans/default-150x150.png', '2026-05-09 09:24:32', '2026-05-09 09:24:32', 'mochamad-irfan-maulana-7028', '083850570612'),
(764, 104, 75, 7, '01.B.26.037', 'PUJA LAKSANA', 'karyawans/default-150x150.png', '2026-05-09 09:24:32', '2026-05-09 09:24:32', 'puja-laksana-3250', '085210700773'),
(765, 98, 103, 7, '01.D.24.2127', 'ABELIO ANTALARIX SYAH', 'karyawans/default-150x150.png', '2026-05-09 09:24:32', '2026-05-09 09:24:32', 'abelio-antalarix-syah-9806', '085755433256'),
(766, 100, 79, 7, '01.D.21.1305', 'ALFAN YULIAS', 'karyawans/default-150x150.png', '2026-05-09 09:24:32', '2026-05-09 09:24:32', 'alfan-yulias-4820', '088234047998'),
(767, 90, 79, 7, '01.D.21.1213', 'REVANO EKA JANUFAR', 'karyawans/default-150x150.png', '2026-05-09 09:24:32', '2026-05-09 09:24:32', 'revano-eka-janufar-4646', '082254341510'),
(768, 88, 79, 7, '01.D.22.1618', 'SEVENLOKYA VERIS TERNANDO', 'karyawans/default-150x150.png', '2026-05-09 09:24:32', '2026-05-09 09:24:32', 'sevenlokya-veris-ternando-8326', '081393862175'),
(769, 108, 79, 7, '01.D.22.1647', 'ALDI SAFRIAGUNG ABIDIN', 'karyawans/default-150x150.png', '2026-05-09 09:24:32', '2026-05-09 09:24:32', 'aldi-safriagung-abidin-6935', '081357304422'),
(770, 107, 79, 7, '01.D.21.1009', 'FAISHAL IMANUDIN IHSAN', 'karyawans/default-150x150.png', '2026-05-09 09:24:32', '2026-05-09 09:24:32', 'faishal-imanudin-ihsan-1945', '081934582212'),
(771, 104, 79, 7, '01.D.21.1337', 'YOHAN EKO WIDIANTO', 'karyawans/default-150x150.png', '2026-05-09 09:24:32', '2026-05-09 09:24:32', 'yohan-eko-widianto-3147', '082252423968'),
(772, 450, 79, 7, '01.D.21.1212', 'RAHMAT HIMAWAN', 'karyawans/default-150x150.png', '2026-05-09 09:24:32', '2026-05-09 09:24:32', 'rahmat-himawan-8077', '085251765239'),
(773, 100, 79, 7, '01.D.22.1513', 'FATKHRULLROZI FEBRIARTANTO', 'karyawans/default-150x150.png', '2026-05-09 09:24:32', '2026-05-09 09:24:32', 'fatkhrullrozi-febriartanto-1566', '088226042451'),
(774, 99, 79, 7, '01.D.22.1653', 'DIMAS EKA ARDIANSYAH', 'karyawans/default-150x150.png', '2026-05-09 09:24:32', '2026-05-09 09:24:32', 'dimas-eka-ardiansyah-3989', '081997779834'),
(775, 94, 79, 7, '01.D.21.1303', 'AHMAD RIZKI SUBEKTI', 'karyawans/default-150x150.png', '2026-05-09 09:24:32', '2026-05-09 09:24:32', 'ahmad-rizki-subekti-6307', '085855535731'),
(776, 90, 79, 7, '01.D.21.1014', 'MUHAMMAD FIKRI AFANDI', 'karyawans/default-150x150.png', '2026-05-09 09:24:32', '2026-05-09 09:24:32', 'muhammad-fikri-afandi-3456', '085346332882'),
(777, 86, 79, 7, '30.A.24.068', 'ASRI', 'karyawans/default-150x150.png', '2026-05-09 09:24:32', '2026-05-09 09:24:32', 'asri-9425', '085787282893'),
(778, 87, 79, 7, '30.A.24.150', 'HENDRA PADATI', 'karyawans/default-150x150.png', '2026-05-09 09:24:32', '2026-05-09 09:24:32', 'hendra-padati-6764', '081347049191'),
(779, 99, 79, 7, '30.A.24.153', 'NANANG KURNIAWAN', 'karyawans/default-150x150.png', '2026-05-09 09:24:32', '2026-05-09 09:24:32', 'nanang-kurniawan-5919', '081359976842'),
(780, 107, 79, 7, '30.A.24.176', 'AHMAD', 'karyawans/default-150x150.png', '2026-05-09 09:24:32', '2026-05-09 09:24:32', 'ahmad-1754', '0'),
(781, 86, 79, 7, '30.A.24.186', 'LEONARDUS', 'karyawans/default-150x150.png', '2026-05-09 09:24:32', '2026-05-09 09:24:32', 'leonardus-5920', '082255795255'),
(783, 104, 79, 7, '01.D.21.1341', 'AMLI SULTHON MUAFFAN', 'karyawans/default-150x150.png', '2026-05-09 09:24:32', '2026-05-09 09:24:32', 'amli-sulthon-muaffan-6885', '+62 831-2908-4145'),
(784, 44, 79, 7, '01.D.22.1627', 'DHIMAS SAPUTRA', 'karyawans/default-150x150.png', '2026-05-09 09:24:32', '2026-05-09 09:24:32', 'dhimas-saputra-7910', '082143287922'),
(785, 450, 79, 7, '01.D.22.1601', 'ADITYA ALFAN RIZHAKY', 'karyawans/default-150x150.png', '2026-05-09 09:24:32', '2026-05-09 09:24:32', 'aditya-alfan-rizhaky-1780', '082142406413'),
(786, 87, 79, 7, '01.D.23.1810', 'ABDUR ROHMAN YUSUF ', 'karyawans/default-150x150.png', '2026-05-09 09:24:32', '2026-05-09 09:24:32', 'abdur-rohman-yusuf--8120', '089666921296'),
(788, 105, 79, 7, '01.D.23.1834', 'RISQON', 'karyawans/default-150x150.png', '2026-05-09 09:24:32', '2026-05-09 09:24:32', 'risqon-4052', '085743755560'),
(789, 106, 79, 7, '01.D.23.1830', 'MUHAMMAD FATIH ', 'karyawans/default-150x150.png', '2026-05-09 09:24:32', '2026-05-09 09:24:32', 'muhammad-fatih--2957', '088211520300'),
(791, 104, 79, 7, '30.A.24.267', 'NIWER SINURAT', 'karyawans/default-150x150.png', '2026-05-09 09:24:32', '2026-05-09 09:24:32', 'niwer-sinurat-7813', '082352317684'),
(792, 100, 79, 7, '30.A.24.281', 'SYAIFUL BAHRI', 'karyawans/default-150x150.png', '2026-05-09 09:24:32', '2026-05-09 09:24:32', 'syaiful-bahri-7561', '082393486856'),
(793, 87, 79, 7, '30.A.24.290', 'SUMARDI', 'karyawans/default-150x150.png', '2026-05-09 09:24:32', '2026-05-09 09:24:32', 'sumardi-7001', '082148881868'),
(794, 44, 79, 7, '26.A.22.1066', 'FRIDOLIUS FALLO', 'karyawans/default-150x150.png', '2026-05-09 09:24:32', '2026-05-09 09:24:32', 'fridolius-fallo-7783', '082352399799'),
(795, 108, 79, 7, '01.D.22.1652', 'BAGAS INDRA PERDANA PUTRA ', 'karyawans/default-150x150.png', '2026-05-09 09:24:32', '2026-05-09 09:24:32', 'bagas-indra-perdana-putra--4237', '082145898167'),
(796, 88, 79, 7, '01.D.22.1524', 'WAHYU EKA SAPUTRA', 'karyawans/default-150x150.png', '2026-05-09 09:24:32', '2026-05-09 09:24:32', 'wahyu-eka-saputra-5330', '082335078113'),
(797, 44, 79, 7, '01.D.22.1610', 'HERSUMA ADISALVA RAGIL CANGGIH WICAKSONO', 'karyawans/default-150x150.png', '2026-05-09 09:24:32', '2026-05-09 09:24:32', 'hersuma-adisalva-ragil-canggih-wicaksono-8295', '081326257924'),
(798, 94, 79, 7, '26.A.22.931', 'ANDIKA', 'karyawans/default-150x150.png', '2026-05-09 09:24:32', '2026-05-09 09:24:32', 'andika-3702', '+62 813-9310-8861'),
(799, 95, 79, 7, '30.A.24.396', 'YANUARIUS NGGO O', 'karyawans/default-150x150.png', '2026-05-09 09:24:32', '2026-05-09 09:24:32', 'yanuarius-nggo-o-7546', '082238863450'),
(800, 103, 79, 7, '30.A.24.397', 'IWAN SAPUTRA WIJAYA', 'karyawans/default-150x150.png', '2026-05-09 09:24:32', '2026-05-09 09:24:32', 'iwan-saputra-wijaya-6058', '085249040355'),
(801, 88, 79, 7, '30.A.24.693', 'JONI PARLIN SIANTURI', 'karyawans/default-150x150.png', '2026-05-09 09:24:32', '2026-05-09 09:24:32', 'joni-parlin-sianturi-2172', '082159016050'),
(802, 95, 79, 7, '01.B.24.781', 'ANTON MANULANG', 'karyawans/default-150x150.png', '2026-05-09 09:24:32', '2026-05-09 09:24:32', 'anton-manulang-7036', '081250087700'),
(803, 86, 79, 7, '30.A.24.812', 'ABD. JABBAR', 'karyawans/default-150x150.png', '2026-05-09 09:24:32', '2026-05-09 09:24:32', 'abd.-jabbar-4382', '082352314520'),
(804, 99, 79, 7, '30.A.24.932', 'MARCHEL RUPANG', 'karyawans/default-150x150.png', '2026-05-09 09:24:32', '2026-05-09 09:24:32', 'marchel-rupang-5991', '081270951039'),
(805, 109, 79, 7, '01.D.25.2581', 'M. TEUKU RIAN', 'karyawans/default-150x150.png', '2026-05-09 09:24:32', '2026-05-09 09:24:32', 'm.-teuku-rian-7001', '08975938122'),
(806, 109, 79, 7, '01.D.25.2539', 'ADI RAHMAN HIDAYAT', 'karyawans/default-150x150.png', '2026-05-09 09:24:32', '2026-05-09 09:24:32', 'adi-rahman-hidayat-7383', '085714904725'),
(807, 105, 79, 7, '30.A.25.039', 'SAIFUL JAMIL', 'karyawans/default-150x150.png', '2026-05-09 09:24:32', '2026-05-09 09:24:32', 'saiful-jamil-3221', '081345096818'),
(808, 447, 79, 7, '01.B.24.1077', 'MOCH ABDUL KHOIRON', 'karyawans/default-150x150.png', '2026-05-09 09:24:32', '2026-05-09 09:24:32', 'moch-abdul-khoiron-3270', '081359656138'),
(809, 31, 79, 7, '01.D.22.1522', 'STEVANO YURISTIAN', 'karyawans/default-150x150.png', '2026-05-09 09:24:32', '2026-05-09 09:24:32', 'stevano-yuristian-8659', '081291131730'),
(810, 88, 79, 7, '01.D.24.2140', 'FARIZKY DWI SAPUTRA ', 'karyawans/default-150x150.png', '2026-05-09 09:24:32', '2026-05-09 09:24:32', 'farizky-dwi-saputra--9394', '0852‑4986‑2487'),
(811, 103, 79, 7, '01.D.24.2149', 'MOCHAMAD SULTHON FARIS ZAMZAMI ', 'karyawans/default-150x150.png', '2026-05-09 09:24:32', '2026-05-09 09:24:32', 'mochamad-sulthon-faris-zamzami--2426', '081937223476'),
(812, 108, 79, 7, '01.D.24.2148', 'M FERNANDA RUDIANSYAH', 'karyawans/default-150x150.png', '2026-05-09 09:24:32', '2026-05-09 09:24:32', 'm-fernanda-rudiansyah-3846', '082197566587'),
(813, 106, 79, 7, '01.D.21.1019', 'MOHAMMAD IQBAL', 'karyawans/default-150x150.png', '2026-05-09 09:24:32', '2026-05-09 09:24:32', 'mohammad-iqbal-5612', '085156450933'),
(814, 97, 79, 7, '01.D.23.1814', 'ANDIKA OKTAOKTAFI ARDI', 'karyawans/default-150x150.png', '2026-05-09 09:24:32', '2026-05-09 09:24:32', 'andika-oktaoktafi-ardi-1921', '+6285712481923'),
(815, 108, 79, 7, '01.D.22.1660', 'MUCHAMMAD RIZKI AGUSTIYAN ', 'karyawans/default-150x150.png', '2026-05-09 09:24:32', '2026-05-09 09:24:32', 'muchammad-rizki-agustiyan--2311', '085232740891'),
(816, 44, 79, 7, '01.D.21.1222', 'SUHUL RIYADI', 'karyawans/default-150x150.png', '2026-05-09 09:24:32', '2026-05-09 09:24:32', 'suhul-riyadi-5659', '085755445468'),
(817, 44, 79, 7, '01.D.21.1302', 'ABDILLAH EISYA ARRIDHO', 'karyawans/default-150x150.png', '2026-05-09 09:24:32', '2026-05-09 09:24:32', 'abdillah-eisya-arridho-5134', '081257014615'),
(818, 107, 79, 7, '30.A.25.157', 'BELGI', 'karyawans/default-150x150.png', '2026-05-09 09:24:32', '2026-05-09 09:24:32', 'belgi-4961', '081250411909'),
(819, 90, 79, 7, '01.B.25.164', 'SIGIT WIBOWO', 'karyawans/default-150x150.png', '2026-05-09 09:24:32', '2026-05-09 09:24:32', 'sigit-wibowo-9220', '085235403143'),
(820, 94, 79, 7, '30.A.25.186', 'RENDY ETHAN', 'karyawans/default-150x150.png', '2026-05-09 09:24:32', '2026-05-09 09:24:32', 'rendy-ethan-9360', '081248373191'),
(821, 103, 79, 7, '01.B.25.199', 'HENDRIKA BANDANGAN', 'karyawans/default-150x150.png', '2026-05-09 09:24:32', '2026-05-09 09:24:32', 'hendrika-bandangan-9961', '0812-5505-4315'),
(822, 447, 79, 7, '30.A.25.198', 'FEBBY HERVIANSYAH', 'karyawans/default-150x150.png', '2026-05-09 09:24:32', '2026-05-09 09:24:32', 'febby-herviansyah-8691', '082127436165'),
(823, 97, 79, 7, '30.A.25.217', 'RUSLIADI', 'karyawans/default-150x150.png', '2026-05-09 09:24:32', '2026-05-09 09:24:32', 'rusliadi-9603', '082292762731'),
(824, 99, 79, 7, '01.D.22.1625', 'ARYA EKA PRASETYA', 'karyawans/default-150x150.png', '2026-05-09 09:24:32', '2026-05-09 09:24:32', 'arya-eka-prasetya-8129', '085392340621'),
(825, 97, 79, 7, '01.B.25.219', 'YOSIA TALLU KARAENG', 'karyawans/default-150x150.png', '2026-05-09 09:24:32', '2026-05-09 09:24:32', 'yosia-tallu-karaeng-8592', '085345140292'),
(826, 106, 79, 7, '30.A.25.216', 'PETRUS PALEBANGAN', 'karyawans/default-150x150.png', '2026-05-09 09:24:32', '2026-05-09 09:24:32', 'petrus-palebangan-7828', '082254640412'),
(827, 106, 79, 7, '01.B.25.234', 'ACHMAD CHOLIL BISRI', 'karyawans/default-150x150.png', '2026-05-09 09:24:32', '2026-05-09 09:24:32', 'achmad-cholil-bisri-2049', '082230072227'),
(828, 450, 79, 7, '01.B.25.211', 'DEDI NURNAEDI', 'karyawans/default-150x150.png', '2026-05-09 09:24:32', '2026-05-09 09:24:32', 'dedi-nurnaedi-7150', '082150944564'),
(829, 31, 78, 7, '01.D.22.1511', 'DONI SETIAWAN', 'karyawans/default-150x150.png', '2026-05-09 09:24:32', '2026-05-09 09:24:32', 'doni-setiawan-3666', '081779590347'),
(830, 97, 79, 7, '01.B.25.285', 'MARSEL TOSULI ', 'karyawans/default-150x150.png', '2026-05-09 09:24:32', '2026-05-09 09:24:32', 'marsel-tosuli--5671', '082293951270'),
(831, 95, 79, 7, '01.B.25.353', 'INDRA LESMANA ', 'karyawans/default-150x150.png', '2026-05-09 09:24:32', '2026-05-09 09:24:32', 'indra-lesmana--3510', '082154284727'),
(832, 105, 79, 7, '01.B.25.354', 'YULIUS SULU  SULE KALEMBANG', 'karyawans/default-150x150.png', '2026-05-09 09:24:32', '2026-05-09 09:24:32', 'yulius-sulu--sule-kalembang-4296', '082146649313'),
(833, 95, 79, 7, '01.B.25.422', 'HERU GUSFITRA', 'karyawans/default-150x150.png', '2026-05-09 09:24:32', '2026-05-09 09:24:32', 'heru-gusfitra-4690', '0821-7938-9828'),
(834, 103, 79, 7, '01.D.25.2323', 'TEGAR PRIO ANGGORO', 'karyawans/default-150x150.png', '2026-05-09 09:24:32', '2026-05-09 09:24:32', 'tegar-prio-anggoro-7514', '085604676957'),
(835, 86, 79, 7, '30.A.26.014', 'ANSELNUS NOBER BURRANG', 'karyawans/default-150x150.png', '2026-05-09 09:24:32', '2026-05-09 09:24:32', 'anselnus-nober-burrang-9659', '082264124595'),
(836, 88, 32, 7, '30.A.24.037', 'ONES', 'karyawans/default-150x150.png', '2026-05-09 09:24:32', '2026-05-09 09:24:32', 'ones-9965', '085393359363'),
(837, 97, 32, 7, '30.A.24.056', 'PAJRIN SAPARI', 'karyawans/default-150x150.png', '2026-05-09 09:24:32', '2026-05-09 09:24:32', 'pajrin-sapari-5669', '082251117387'),
(838, 89, 32, 7, '30.A.24.076', 'A. TAKWA', 'karyawans/default-150x150.png', '2026-05-09 09:24:32', '2026-05-09 09:24:32', 'a.-takwa-3724', '082244855127'),
(839, 89, 32, 7, '30.A.25.109', 'MUHAMMAD YUSUF', 'karyawans/default-150x150.png', '2026-05-09 09:24:32', '2026-05-09 09:24:32', 'muhammad-yusuf-6669', '085247137898'),
(840, 97, 32, 7, '01.B.25.339', 'LEO CRISTOPEL TAMBA', 'karyawans/default-150x150.png', '2026-05-09 09:24:32', '2026-05-09 09:24:32', 'leo-cristopel-tamba-9286', '082372178608'),
(841, 97, 32, 7, '01.B.25.308', 'ROMADHONI IVAN FADILLAH', 'karyawans/default-150x150.png', '2026-05-09 09:24:32', '2026-05-09 09:24:32', 'romadhoni-ivan-fadillah-5979', '082214894840'),
(842, 89, 32, 7, '01.B.25.357', 'RUSTAN', 'karyawans/default-150x150.png', '2026-05-09 09:24:32', '2026-05-09 09:24:32', 'rustan-6204', '082154057947'),
(843, 89, 32, 7, '01.B.25.416', 'MUHAMMAD RIDWANULLAH', 'karyawans/default-150x150.png', '2026-05-09 09:24:32', '2026-05-09 09:24:32', 'muhammad-ridwanullah-5398', '087855187497'),
(844, 89, 94, 7, '30.A.26.040', 'OKTAVIANUS JENAU', 'karyawans/default-150x150.png', '2026-05-09 09:24:32', '2026-05-09 09:24:32', 'oktavianus-jenau-2192', '082168881763'),
(845, 89, 94, 7, '30.A.23.768', 'FASKAL', 'karyawans/default-150x150.png', '2026-05-09 09:24:32', '2026-05-09 09:24:32', 'faskal-6367', '082250354234'),
(846, 88, 33, 7, '30.A.25.727', 'STEPHANUS HERLANIUS SENGIANG', 'karyawans/default-150x150.png', '2026-05-09 09:24:32', '2026-05-09 09:24:32', 'stephanus-herlanius-sengiang-5684', '082297837460'),
(847, 89, 94, 7, '30.A.24.779', 'MIKYASON', 'karyawans/default-150x150.png', '2026-05-09 09:24:32', '2026-05-09 09:24:32', 'mikyason-9055', '085349405554'),
(848, 89, 94, 7, '30.A.24.892', 'ROIPI LUKMANTO', 'karyawans/default-150x150.png', '2026-05-09 09:24:32', '2026-05-09 09:24:32', 'roipi-lukmanto-7914', '082316110269'),
(849, 88, 33, 7, '30.A.24.103', 'RICKY AGUSTIAN', 'karyawans/default-150x150.png', '2026-05-09 09:24:32', '2026-05-09 09:24:32', 'ricky-agustian-1985', '085250233415'),
(850, 88, 33, 7, '30.A.24.895', 'MINICIUS', 'karyawans/default-150x150.png', '2026-05-09 09:24:32', '2026-05-09 09:24:32', 'minicius-6405', '082393287761'),
(851, 88, 33, 7, '30.A.25.072', 'IDRIS', 'karyawans/default-150x150.png', '2026-05-09 09:24:32', '2026-05-09 09:24:32', 'idris-4045', '081351156055'),
(852, 88, 33, 7, '30.A.25.602', 'JARMADA ALAU', 'karyawans/default-150x150.png', '2026-05-09 09:24:32', '2026-05-09 09:24:32', 'jarmada-alau-6924', '085155252923'),
(853, 89, 94, 7, '30.A.25.816', 'ARGO JAYA', 'karyawans/default-150x150.png', '2026-05-09 09:24:32', '2026-05-09 09:24:32', 'argo-jaya-7045', '0895405178933'),
(854, 89, 94, 7, '20.A.18.090', 'ARBAIN', 'karyawans/default-150x150.png', '2026-05-09 09:24:32', '2026-05-09 09:24:32', 'arbain-1011', '+62 813-4921-9962'),
(855, 89, 94, 7, '30.A.26.135', 'CHRISTIAN ARIEL DALIN', 'karyawans/default-150x150.png', '2026-05-09 09:24:32', '2026-05-09 09:24:32', 'christian-ariel-dalin-4346', '081216835211'),
(856, 86, 18, 7, '30.A.24.105', 'HIZKIA YOEL SYAHRIAL', 'karyawans/default-150x150.png', '2026-05-09 09:24:32', '2026-05-09 09:24:32', 'hizkia-yoel-syahrial-8844', '+62 823-5025-3828'),
(857, 86, 18, 7, '30.A.24.813', 'FRANS ARJUN DESEN', 'karyawans/default-150x150.png', '2026-05-09 09:24:32', '2026-05-09 09:24:32', 'frans-arjun-desen-3781', '085280561472'),
(858, 86, 18, 7, '30.A.25.729', 'JENSEN', 'karyawans/default-150x150.png', '2026-05-09 09:24:32', '2026-05-09 09:24:32', 'jensen-3206', '081258438457'),
(859, 86, 18, 7, 'H049 GBU', 'YUVENELIS JAMLI', 'karyawans/default-150x150.png', '2026-05-09 09:24:32', '2026-05-09 09:24:32', 'yuvenelis-jamli-5347', '082260060551'),
(860, 86, 18, 7, '30.A.26.136', 'SAHRUL GUNAWAN', 'karyawans/default-150x150.png', '2026-05-09 09:24:32', '2026-05-09 09:24:32', 'sahrul-gunawan-9703', '085705643025'),
(861, 100, 29, 7, '01.D.23.1929', 'Ahmad Devangga Aprio', 'karyawans/default-150x150.png', '2026-05-09 09:24:32', '2026-05-09 09:24:32', 'ahmad-devangga-aprio-3465', '085380326258'),
(862, 106, 29, 7, '01.D.23.1927', 'Abdi Mustakim', 'karyawans/default-150x150.png', '2026-05-09 09:24:32', '2026-05-09 09:24:32', 'abdi-mustakim-8299', '085851685947'),
(863, 108, 29, 7, '01.D.23.1913', 'Agus Setiyawan', 'karyawans/default-150x150.png', '2026-05-09 09:24:32', '2026-05-09 09:24:32', 'agus-setiyawan-8455', '081957375264'),
(864, 103, 29, 7, '01.D.23.1947', 'Tangguh Anorogo', 'karyawans/default-150x150.png', '2026-05-09 09:24:32', '2026-05-09 09:24:32', 'tangguh-anorogo-7462', '081333806275'),
(865, 44, 29, 7, '01.D.22.1539', 'M Mustafid Saifuddin', 'karyawans/default-150x150.png', '2026-05-09 09:24:32', '2026-05-09 09:24:32', 'm-mustafid-saifuddin-1000', '081358640048'),
(866, 95, 25, 7, '01.B.25.463', 'DEWA BAYU NUGRAHA', 'karyawans/default-150x150.png', '2026-05-09 09:24:32', '2026-05-09 09:24:32', 'dewa-bayu-nugraha-1757', '085347775771'),
(867, 104, 29, 7, '01.D.25.2428', 'DENIS DWI PUTRA', 'karyawans/default-150x150.png', '2026-05-09 09:24:32', '2026-05-09 09:24:32', 'denis-dwi-putra-2660', '6281999702122'),
(868, 93, 29, 7, '01.D.25.2429', 'DENNI NUGROHO', 'karyawans/default-150x150.png', '2026-05-09 09:24:32', '2026-05-09 09:24:32', 'denni-nugroho-2312', '085231741947'),
(869, 879, 29, 7, '01.D.25.2432', 'EBIND RAMA BASU SAPURA', 'karyawans/default-150x150.png', '2026-05-09 09:24:32', '2026-05-09 09:24:32', 'ebind-rama-basu-sapura-5985', '0895384339315'),
(870, 79, 29, 7, '01.D.25.2437', 'M SAIFUDIN', 'karyawans/default-150x150.png', '2026-05-09 09:24:32', '2026-05-09 09:24:32', 'm-saifudin-4648', '082142315277'),
(871, 98, 29, 7, '01.D.25.2431', 'DICKY MUSTOFA', 'karyawans/default-150x150.png', '2026-05-09 09:24:32', '2026-05-09 09:24:32', 'dicky-mustofa-3785', '089510111643'),
(872, 94, 29, 7, '01.B.25.469', 'MULYADI', 'karyawans/default-150x150.png', '2026-05-09 09:24:32', '2026-05-09 09:24:32', 'mulyadi-6558', '082331453007'),
(873, 879, 29, 7, '01.B.25.770', 'MUH RIZAL PUTRA', 'karyawans/default-150x150.png', '2026-05-09 09:24:32', '2026-05-09 09:24:32', 'muh-rizal-putra-9785', '082256692117'),
(874, 97, 29, 7, '01.B.25.771', 'SUGENG PRIBADI', 'karyawans/default-150x150.png', '2026-05-09 09:24:32', '2026-05-09 09:24:32', 'sugeng-pribadi-7659', '085753927327'),
(875, 89, 17, 7, '30.A.24.733', 'NEDI', 'karyawans/default-150x150.png', '2026-05-09 09:24:32', '2026-05-09 09:24:32', 'nedi-3676', '081248055511'),
(876, 447, 29, 7, '01.D.22.1532', 'BAGAS GALIH ESA P', 'karyawans/default-150x150.png', '2026-05-09 09:24:32', '2026-05-09 09:24:32', 'bagas-galih-esa-p-8244', '085843872406'),
(877, 89, 94, 7, '30.A.25.240', 'SURYO JIMMI SETIAWAN', 'karyawans/default-150x150.png', '2026-05-09 09:24:32', '2026-05-09 09:24:32', 'suryo-jimmi-setiawan-3084', '082250937477'),
(878, 89, 94, 7, '30.A.25.239', 'SURYA YAHYA', 'karyawans/default-150x150.png', '2026-05-09 09:24:32', '2026-05-09 09:24:32', 'surya-yahya-5914', '085393636326'),
(879, 80, 91, 7, '25.A.22.628', 'YOHANES KRISTOFEL SENTOSA', 'karyawans/default-150x150.png', '2026-05-09 09:24:32', '2026-05-09 09:24:32', 'yohanes-kristofel-sentosa-2212', '089652516068'),
(880, 103, 80, 7, '01.D.22.1419', 'DIDY DIAS SAPUTRO', 'karyawans/default-150x150.png', '2026-05-09 09:24:32', '2026-05-09 09:24:32', 'didy-dias-saputro-1808', '085843862256'),
(881, 87, 79, 7, '23.A.21.404', 'SUKATNI', 'karyawans/default-150x150.png', '2026-05-09 09:24:32', '2026-05-09 09:24:32', 'sukatni-2439', '082120235008'),
(882, 105, 79, 7, '23.A.22.340', 'DIDIK SANTOSO', 'karyawans/default-150x150.png', '2026-05-09 09:24:32', '2026-05-09 09:24:32', 'didik-santoso-9258', '082149930244'),
(883, 89, 32, 7, '01.B.25.172', 'RIZKI RAMADHAN ', 'karyawans/default-150x150.png', '2026-05-09 09:24:32', '2026-05-09 09:24:32', 'rizki-ramadhan--3605', '085787805321'),
(884, 97, 76, 7, '30.A.26.013', 'SULAEMAN', 'karyawans/default-150x150.png', '2026-05-09 09:24:32', '2026-05-09 09:24:32', 'sulaeman-5801', '082291236405'),
(885, 91, 81, 7, '01.B.25.303', 'DEDI PRASETIA', 'karyawans/default-150x150.png', '2026-05-09 09:24:32', '2026-05-09 09:24:32', 'dedi-prasetia-5446', '081343611343'),
(886, 94, 79, 7, '01.D.25.2320', 'Berlian Nusantoro', 'karyawans/default-150x150.png', '2026-05-09 09:24:32', '2026-05-09 09:24:32', 'berlian-nusantoro-2509', '081226490621'),
(887, 103, 79, 7, '01.D.25.2315', 'Andi Wijayanto', 'karyawans/default-150x150.png', '2026-05-09 09:24:32', '2026-05-09 09:24:32', 'andi-wijayanto-5151', '082234965590'),
(888, 79, 25, 7, '01.D.25.2547', 'AMAD MUDASIR', 'karyawans/default-150x150.png', '2026-05-09 09:24:32', '2026-05-09 09:24:32', 'amad-mudasir-8492', '087838091454'),
(889, 79, 25, 7, '01.D.25.2579', 'LUKMAN NULKHAKHIM', 'karyawans/default-150x150.png', '2026-05-09 09:24:32', '2026-05-09 09:24:32', 'lukman-nulkhakhim-6018', '087852780943'),
(890, 79, 25, 7, '01.D.25.2589', 'MUHAMMAD RIFQI', 'karyawans/default-150x150.png', '2026-05-09 09:24:32', '2026-05-09 09:24:32', 'muhammad-rifqi-4948', '087830618058'),
(891, 79, 25, 7, '01.D.25.2596', 'RISKI HUSAINI', 'karyawans/default-150x150.png', '2026-05-09 09:24:32', '2026-05-09 09:24:32', 'riski-husaini-5651', '081247480121'),
(892, 79, 25, 7, '01.D.25.25106', 'WANTO IRVANI', 'karyawans/default-150x150.png', '2026-05-09 09:24:32', '2026-05-09 09:24:32', 'wanto-irvani-1524', '0895378172154'),
(893, 79, 80, 7, '01.D.25.25101', 'SHOFWAN SAFII ', 'karyawans/default-150x150.png', '2026-05-09 09:24:32', '2026-05-09 09:24:32', 'shofwan-safii--1096', '082138371393'),
(894, 79, 80, 7, '01.D.25.2570', 'FAIZAL DIMAS ROHMATULLOH ', 'karyawans/default-150x150.png', '2026-05-09 09:24:32', '2026-05-09 09:24:32', 'faizal-dimas-rohmatulloh--1181', '081578203429'),
(895, 79, 80, 7, '01.D.25.2567', 'EDWIN BAYU YUDIANSAH', 'karyawans/default-150x150.png', '2026-05-09 09:24:32', '2026-05-09 09:24:32', 'edwin-bayu-yudiansah-5283', '083849071931'),
(896, 90, 79, 7, '01.B.26.093', 'ANGGA PEBRI CAHYONO', 'karyawans/default-150x150.png', '2026-05-09 09:24:32', '2026-05-09 09:24:32', 'angga-pebri-cahyono-6985', '082251704064'),
(897, 447, 79, 7, '06.A.25.075', 'RIKARDUS GERLIANUS R', 'karyawans/default-150x150.png', '2026-05-09 09:24:32', '2026-05-09 09:24:32', 'rikardus-gerlianus-r-1318', '082254153754'),
(898, 99, 82, 7, '30.A.26.210', 'ALFRIANUS', 'karyawans/default-150x150.png', '2026-05-09 09:24:32', '2026-05-09 09:24:32', 'alfrianus-8598', '085250568407'),
(899, 89, 76, 7, 'PST.2457', 'NURDI', 'karyawans/default-150x150.png', '2026-05-09 09:24:32', '2026-05-09 09:24:32', 'nurdi-9396', '082149163745'),
(900, 89, 25, 7, '30.A.26.160', 'CAHYA REHANDIKA', 'karyawans/default-150x150.png', '2026-05-09 09:24:32', '2026-05-09 09:24:32', 'cahya-rehandika-7668', '082333813406'),
(901, 100, 79, 7, '01.B.26.173', 'JON SOSTENES DENDEAN', 'karyawans/default-150x150.png', '2026-05-09 09:24:32', '2026-05-09 09:24:32', 'jon-sostenes-dendean-2600', '081346106839'),
(902, 106, 25, 7, '01.B.26.175', 'AL ICHLAS', 'karyawans/default-150x150.png', '2026-05-09 09:24:32', '2026-05-09 09:24:32', 'al-ichlas-8450', '081250113301'),
(903, 89, 76, 7, '01.B.21.562', 'RISKY YUDHATAMA', 'karyawans/default-150x150.png', '2026-05-09 09:24:32', '2026-05-09 09:24:32', 'risky-yudhatama-8542', '081216525928'),
(904, 94, 76, 7, '01.B.22.894', 'TITUS ADIMASTO KRISTOMO', 'karyawans/default-150x150.png', '2026-05-09 09:24:32', '2026-05-09 09:24:32', 'titus-adimasto-kristomo-3076', '081236221047'),
(907, 62, 55, 5, '30.A.26.107', 'MUHAMMAD DANDI', 'karyawans/default-150x150.png', '2026-06-09 11:53:27', '2026-06-09 19:55:22', 'MUHAMMAD DANDI-30822', '083879245876'),
(908, 14, 115, 3, '01.C.26.242', 'DYMAS AGUNG RAMADHAN', 'karyawans/default-150x150.png', '2026-06-09 11:53:27', '2026-06-09 19:55:53', 'DYMAS AGUNG RAMADHAN-69767', NULL),
(909, 450, 103, 7, '01.D.23.2012', 'MUSTOFA', 'karyawans/default-150x150.png', '2026-06-09 11:53:27', '2026-06-09 19:56:27', 'MUSTOFA-60383', '082225539451'),
(910, 104, 79, 7, '01.B.26.234', 'MAXIMUS EMA', 'karyawans/default-150x150.png', '2026-06-09 11:53:27', '2026-06-09 19:56:48', 'MAXIMUS EMA-55350', '081366368937'),
(911, 98, 103, 7, '01.D.24.2244', 'MOHAMMAD RICKY RIFANDI', 'karyawans/default-150x150.png', '2026-06-09 11:53:27', '2026-06-09 19:57:00', 'MOHAMMAD RICKY RIFANDI-38296', '081234789097'),
(912, 447, 79, 7, '30.A.26.262', 'PUJIANTO', 'karyawans/default-150x150.png', '2026-06-09 11:53:27', '2026-06-09 19:57:12', 'PUJIANTO-94058', '082357961979'),
(913, 89, 29, 7, '01.B.26.237', 'IKMAL SENDRI', 'karyawans/default-150x150.png', '2026-06-09 11:53:27', '2026-06-09 19:57:29', 'IKMAL SENDRI-92649', '087818642112'),
(914, 62, 66, 5, '30.A.26.239', 'HERU SURYADI', 'karyawans/default-150x150.png', '2026-06-09 11:53:27', '2026-06-09 19:57:44', 'HERU SURYADI-20742', NULL),
(915, 67, 34, 5, '01.B.26.252', 'RENDY WISNU PRAYOGA', 'karyawans/default-150x150.png', '2026-06-09 11:53:27', '2026-06-09 19:58:02', 'RENDY WISNU PRAYOGA-46741', NULL),
(916, 58, 66, 5, '01.B.26.258', 'MEXIANO GAEBRIEL MANIK', 'karyawans/default-150x150.png', '2026-06-09 11:53:27', '2026-06-09 19:58:16', 'MEXIANO GAEBRIEL MANIK-11823', NULL),
(917, 68, 55, 5, '30.A.26.269', 'RENDI RAHMADANI', 'karyawans/default-150x150.png', '2026-06-09 11:53:27', '2026-06-09 19:58:29', 'RENDI RAHMADANI-63753', NULL),
(918, 60, 66, 5, '01.B.26.280', 'FIRMAN', 'karyawans/default-150x150.png', '2026-06-09 11:53:27', '2026-06-09 19:58:51', 'FIRMAN-17746', NULL),
(919, 60, 66, 5, '01.B.26.283', 'BACHTIAR', 'karyawans/default-150x150.png', '2026-06-09 11:53:27', '2026-06-09 19:59:04', 'BACHTIAR-65910', NULL),
(920, 58, 66, 5, '01.B.26.292', 'SYAHRANI', 'karyawans/default-150x150.png', '2026-06-09 11:53:27', '2026-06-09 19:59:28', 'SYAHRANI-35456', NULL);
INSERT INTO `karyawans` (`id`, `atasan_id`, `jabatan_id`, `departemen_id`, `nrp`, `nama`, `foto`, `created_at`, `updated_at`, `slug`, `no_hp`) VALUES
(921, 67, 66, 5, '01.B.26.157', 'Itok Sumarsono', 'karyawans/default-150x150.png', '2026-06-09 11:53:27', '2026-06-09 20:00:14', 'Itok Sumarsono-90721', NULL),
(922, 66, 110, 5, '30.A.26.263', 'SABEL', 'karyawans/default-150x150.png', '2026-06-09 11:53:27', '2026-06-09 20:00:33', 'SABEL-56603', NULL);

-- --------------------------------------------------------

--
-- Table structure for table `laporans`
--

CREATE TABLE `laporans` (
  `id` bigint(20) UNSIGNED NOT NULL,
  `tanggal` date NOT NULL,
  `user_id` bigint(20) UNSIGNED DEFAULT NULL,
  `gl_id` bigint(20) UNSIGNED DEFAULT NULL,
  `manpower_id` bigint(20) UNSIGNED DEFAULT NULL,
  `nama_gl` varchar(255) NOT NULL,
  `nama_manpower` varchar(255) NOT NULL,
  `jabatan` varchar(255) NOT NULL,
  `departemen` enum('PRODUKSI','HCGS','PM','DPM','PLANT','SHE','ENGINEERING','LOGISTIC','SLD') NOT NULL,
  `note` text DEFAULT NULL,
  `feedback` text DEFAULT NULL,
  `foto` varchar(255) DEFAULT NULL,
  `created_at` timestamp NULL DEFAULT NULL,
  `updated_at` timestamp NULL DEFAULT NULL,
  `slug` varchar(255) NOT NULL,
  `konfirmasi_status` enum('pending','sesuai','tidak_sesuai') NOT NULL DEFAULT 'pending',
  `dikonfirmasi_at` timestamp NULL DEFAULT NULL,
  `catatan_konfirmasi` varchar(255) DEFAULT NULL
) ENGINE=InnoDB DEFAULT CHARSET=utf8mb4 COLLATE=utf8mb4_unicode_ci;

--
-- Dumping data for table `laporans`
--

INSERT INTO `laporans` (`id`, `tanggal`, `user_id`, `gl_id`, `manpower_id`, `nama_gl`, `nama_manpower`, `jabatan`, `departemen`, `note`, `feedback`, `foto`, `created_at`, `updated_at`, `slug`, `konfirmasi_status`, `dikonfirmasi_at`, `catatan_konfirmasi`) VALUES
(1, '2026-06-01', 1, 107, 693, 'Ahmad musawir', 'Tri nurohman sah', 'Driver hd', 'PRODUKSI', 'Paham', 'Sangat paham', NULL, '2026-06-01 05:12:27', '2026-06-01 05:12:27', '1c2bd5dc88f2', 'sesuai', '2026-06-01 00:00:00', NULL),
(2, '2026-06-02', 1, 101, 709, 'Marsuki Irwan', 'Wahyu', 'Operator', 'PRODUKSI', 'Mto grader', 'Perbaiki mto', NULL, '2026-06-02 20:21:26', '2026-06-02 20:21:26', '7a98d9b813d2', 'sesuai', '2026-06-02 00:00:00', NULL),
(3, '2026-06-01', 1, 101, 748, 'Marsuki irwan', 'Luther tangalayuk', 'Operator', 'PRODUKSI', 'Keterangan sakit', 'Bawa ke far', NULL, '2026-06-02 20:23:07', '2026-06-02 20:23:07', 'a1d1131ee6fd', 'sesuai', '2026-06-01 00:00:00', NULL),
(4, '2026-06-03', 1, 100, 538, 'Apriyanto puji said', 'Nasfa madani', 'Opt SKT', 'PRODUKSI', 'Berterimakasih karna kinerja di lapangan sudah cukup bagus', 'Karyawan mengerti', NULL, '2026-06-03 08:43:20', '2026-06-03 08:43:20', '87d83633846b', 'sesuai', '2026-06-03 00:00:00', NULL),
(5, '2026-06-03', 1, 54, 232, 'Ardentra Samanthano', 'Ardhan Fahrezi', 'Tool keeper', 'PLANT', 'Perbaikan ATR', 'Akan memperbaiki ATR', NULL, '2026-06-03 14:56:28', '2026-06-03 14:56:28', '38517f47728b', 'sesuai', '2026-06-03 00:00:00', NULL),
(6, '2026-06-03', 1, 54, 226, 'Ardentra Samanthano', 'Puput Wahono', 'Admin Plant', 'PLANT', 'Pertahankan ATR 100%', 'Akan mempertahankan ATR 100%', NULL, '2026-06-03 15:00:02', '2026-06-03 15:00:02', '19c69bb5159a', 'sesuai', '2026-06-03 00:00:00', NULL),
(7, '2026-06-02', 1, 26, 118, 'SAYYIDUL MALA MUZAQI', 'endra P', 'CREW', '', '-', '-', NULL, '2026-06-03 16:00:46', '2026-06-03 16:00:46', '5d1a19fc6f01', 'sesuai', '2026-06-02 00:00:00', NULL),
(8, '2026-06-03', 1, 26, 122, 'SAYYIDUL MALA MUZAQI', 'Alyu N karim', 'CREW', '', '-', '-', NULL, '2026-06-03 16:02:06', '2026-06-03 16:02:06', 'beff4a7f0c55', 'sesuai', '2026-06-03 00:00:00', NULL),
(9, '2026-06-01', 1, 67, 346, 'reagen sasia', 'Dewa', 'OJI', 'PLANT', 'Jaga persentasi atrnya jgn turun. dan pastikan tidur cukup serta pola hidup sehat.', 'siap mengikuti arahan atasan', NULL, '2026-06-03 16:34:49', '2026-06-03 16:34:49', '6a823ce3f791', 'sesuai', '2026-06-01 00:00:00', NULL),
(10, '2026-06-01', 1, 107, 569, 'Ahmad musawir', 'Andrian syah imammi', 'Driver hd', 'PRODUKSI', 'Paham', 'Sangat paham', NULL, '2026-06-03 16:52:17', '2026-06-03 16:52:17', '0cf4c768c9d0', 'sesuai', '2026-06-01 00:00:00', NULL),
(11, '2026-06-03', 1, 91, 705, 'Eko budhi murtomo adi', 'Muh. Fida', 'Operator', 'PRODUKSI', '', '', NULL, '2026-06-03 16:52:45', '2026-06-03 16:52:45', '04bf692270f6', 'sesuai', '2026-06-03 00:00:00', NULL),
(12, '2026-06-02', 1, 107, 699, 'Ahmad musawir', 'Chanra ramadhany', 'Driver hd', 'PRODUKSI', 'Paham', 'Sangat paham', NULL, '2026-06-03 16:56:39', '2026-06-03 16:56:39', 'a00f0b332f47', 'sesuai', '2026-06-02 00:00:00', NULL),
(13, '2026-06-03', 1, 107, 586, 'Ahmad musawir', 'Gilang budi santoso', 'Driver skt 105', 'PRODUKSI', 'Paham', 'Sangat pahan', NULL, '2026-06-03 16:58:27', '2026-06-03 16:58:27', 'adbbbdbe9a57', 'sesuai', '2026-06-03 00:00:00', NULL),
(14, '2026-06-02', 1, 67, 314, 'reagen sasia', 'Ahmad Danang', 'OJI', 'PLANT', 'pastikan oekerjaan sesuai SOP yg berlaku dan dilarng canibal', 'siap ikuti instruksi atasan', NULL, '2026-06-03 17:40:42', '2026-06-03 17:40:42', '05d030610b97', 'sesuai', '2026-06-02 00:00:00', NULL),
(15, '2026-06-03', 1, 67, 319, 'reagen sasia', 'Sodiqin', 'OJI', 'PLANT', 'pastikan pekerjaan sesuai prosedur, pasang ganjal, padlock dan jgn lupa buat JSA', 'siap mengikuti arahan atasan', NULL, '2026-06-03 17:43:09', '2026-06-03 17:43:09', '776063c50eb5', 'sesuai', '2026-06-03 00:00:00', NULL),
(16, '2026-06-03', 1, 92, 622, 'Benni Nainggolan', 'Tsabitul azmi', 'Operator tonly', 'PRODUKSI', 'Sosialisasi kualitas kerja', 'Konsisten untuk bekerja sesuai prosedur', NULL, '2026-06-03 19:41:31', '2026-06-03 19:41:31', 'a8dc7f848c98', 'sesuai', '2026-06-03 00:00:00', NULL),
(17, '2026-06-03', 1, 63, 315, 'ibnu rowi mubarok', 'arjuna diaz arya mahendra', 'mekanik', 'PLANT', 'couching sop perbaikan unit', 'memahami tentang penggunaan lotto terhadap keselamatan kerja konsisten memakai apd saat bekerja', NULL, '2026-06-04 06:56:47', '2026-06-04 06:56:47', 'a13b2c91b013', 'sesuai', '2026-06-03 00:00:00', NULL),
(18, '2026-06-01', 1, 98, 734, 'Endang suparman', 'Agus gunawan', 'Operator', 'PRODUKSI', 'Sebelum mengoperasikan unit pastikan sudah melakukan P2H, agar unit siap di oprasikan.', 'Saya selalu melakukan P2H unit sebelum mengoperasikan agar unit aman, selalu safety.', NULL, '2026-06-04 11:46:55', '2026-06-04 11:46:55', '6b2f2c461641', 'sesuai', '2026-06-01 00:00:00', NULL),
(19, '2026-06-02', 1, 98, 813, 'Endang suparman', 'M iqbal', 'Operator', 'PRODUKSI', 'Tingkatkan ATR harus tercapai 100℅, pastikan pinjer in dan out masuk, dan jaga kesehatan, pola istirahat cukup, kompir masi ke atasan bila tidak masuk.', 'Saya selalu pinjer in dan out masuk,dan jaga kesehatan, pola istirahat cukup, saya akan tingkatkan lagi ATR di 100℅', NULL, '2026-06-04 11:55:26', '2026-06-04 11:55:26', '846d09281ca0', 'sesuai', '2026-06-02 00:00:00', NULL),
(20, '2026-06-03', 1, 98, 808, 'Endang suparman', 'M. Abdul khoirun', 'Oprator', 'PRODUKSI', 'Tingkatkan ATR harus tercapai 100℅, pastikan pinjer in dan out masuk, dan jaga kesehatan, pola istirahat cukup, kompir masi ke atasan bila tidak masuk.', 'Saya selalu pinjer in dan out masuk,dan jaga kesehatan, pola istirahat cukup, saya akan tingkatkan lagi ATR di 100℅', NULL, '2026-06-04 12:02:44', '2026-06-04 12:02:44', 'd144e13ad4b0', 'sesuai', '2026-06-03 00:00:00', NULL),
(21, '2026-06-04', 1, 98, 739, 'Endang suparman', 'Febrianto niko', 'Operator', 'PRODUKSI', 'Sebelum mengoperasikan unit P2H agar unit aman untuk di oprasikan selalu safety,.', 'Saya selalu melakukan P2H unit sebelum mengoperasikan agar unit aman selalu safety.', NULL, '2026-06-04 12:08:42', '2026-06-04 12:08:42', 'e6fe21987596', 'sesuai', '2026-06-04 00:00:00', NULL),
(22, '2026-06-03', 1, 74, 437, 'M FADHIL SATRIAWAN', 'EDO KRISTIANTO', 'CREW LOGISTIK', '', 'MENJAGA ATR', 'KOMITMEN MENJAGA ATR', NULL, '2026-06-04 13:28:32', '2026-06-04 13:28:32', '706a8e10da0b', 'sesuai', '2026-06-03 00:00:00', NULL),
(23, '2026-06-03', 1, 74, 426, 'M FADHIL SATRIAWAN', 'KRISTIANTO', 'CREW LOGISTIK', '', 'MENJAGA ATR', 'KOMITMEN MENJAGA ATR', NULL, '2026-06-04 13:30:07', '2026-06-04 13:30:07', 'e6f6ae1d8ade', 'sesuai', '2026-06-03 00:00:00', NULL),
(24, '2026-06-04', 1, 91, 706, 'Eko budhi murtomo adi', 'Tristiandi andrianto', 'Operator', 'PRODUKSI', '', '', NULL, '2026-06-04 13:44:25', '2026-06-04 13:44:25', 'b130b26f4ae0', 'sesuai', '2026-06-04 00:00:00', NULL),
(25, '2026-06-04', 1, 91, 656, 'Eko budhi murtomo adi', 'Jorgi', 'Operator', 'PRODUKSI', '', '', NULL, '2026-06-04 13:46:02', '2026-06-04 13:46:02', '76dd81b85c2a', 'sesuai', '2026-06-04 00:00:00', NULL),
(26, '2026-06-04', 1, 107, 527, 'Ahmad musawir', 'Simeon tefamnasi', 'Driver skt 105', 'PRODUKSI', 'Paham', 'Sangat paham', NULL, '2026-06-04 16:51:04', '2026-06-04 16:51:04', 'b7e131c3c71c', 'sesuai', '2026-06-04 00:00:00', NULL),
(27, '2026-06-01', 1, 72, 416, 'Prima alexander butar butar', 'Irfan', 'Fuelman', '', 'Memonitor atr dan kinerja manpower', 'Tercapainya atr yang baik dan bekerja dengan safety', NULL, '2026-06-04 19:12:26', '2026-06-04 19:12:26', '9803bcfcff92', 'sesuai', '2026-06-01 00:00:00', NULL),
(28, '2026-06-02', 1, 72, 425, 'Prima alexander butar butar', 'Husain', 'Fuelman', '', 'Mandampingi manpower', 'Tercapainya atr yang baik dan bekerja dengan safety', NULL, '2026-06-04 19:15:11', '2026-06-04 19:15:11', '5d1edb119d5b', 'sesuai', '2026-06-02 00:00:00', NULL),
(29, '2026-06-03', 1, 72, 411, 'Prima alexander butar butar', 'Andi', 'Fuelman', '', 'Mandampingi manpower', 'Tercapainya atr yang baik dan bekerja dengan safety', NULL, '2026-06-04 19:18:13', '2026-06-04 19:18:13', 'e00052e56f1c', 'sesuai', '2026-06-03 00:00:00', NULL),
(30, '2026-06-04', 1, 72, 489, 'Prima alexander butar butar', 'Hendi', 'Driver FT', '', 'Mandampingin manpower', 'Tercapainya atr yang baik dan bekerja dengan safety', NULL, '2026-06-04 19:21:53', '2026-06-04 19:21:53', '024d6c58f98e', 'sesuai', '2026-06-04 00:00:00', NULL),
(31, '2026-06-01', 1, 86, 781, 'Supriyadi', 'Leinardus', 'Operator', 'PRODUKSI', 'terus meningkatkan avareness atr', 'karyawan tergolong sangat memahami betapa pentingnya kehadiran bisa mendukung kinerja tim pada perusahaan', NULL, '2026-06-05 07:35:26', '2026-06-05 07:35:26', 'ef7f829a8212', 'sesuai', '2026-06-01 00:00:00', NULL),
(32, '2026-06-02', 1, 86, 471, 'Supriyadi', 'Doniel', 'Drever Dt', 'PRODUKSI', 'yang bersangkutan pernah ijin dengan keterangan sakit dan selalu komfirmasi dengam atasan', 'selalu monitoring dan evaluasi rutin terkait data absensi hadir', NULL, '2026-06-05 07:44:06', '2026-06-05 07:44:06', '0b78cbe4076d', 'sesuai', '2026-06-02 00:00:00', NULL),
(33, '2026-06-03', 1, 86, 504, 'Supriyadi', 'Rusdi', 'Drever Dt', 'PRODUKSI', 'yang bersangkutan domisili mes 37 rutinitas kehadiran aman kinerja cukup baik', 'meningkatkan komitmen dan motivasi bawahan agar selalu merasa ada perhatan terhadap tugas dan pekerjaan', NULL, '2026-06-05 07:53:18', '2026-06-05 07:53:18', 'deb81433438c', 'sesuai', '2026-06-03 00:00:00', NULL),
(34, '2026-06-04', 1, 86, 530, 'Supriyadi', 'Steven rampan', 'Drever dt', 'PRODUKSI', 'yang bersangkutan melakukan aktifitas dengan tertib dan tepat waktu', 'monitoring data hadir dan evaluasi secara berkala untuk terus mendukung target atr', NULL, '2026-06-05 08:03:28', '2026-06-05 08:03:28', '9484277d0f13', 'sesuai', '2026-06-04 00:00:00', NULL),
(35, '2026-06-05', 1, 100, 547, 'Apriyanto puji said', 'Samsudin', 'Opt SKT', 'PRODUKSI', 'Mempertahan kan ATR dan Kinerja di lapangan yg sudah cukup baik', 'Karyawan mengerti', NULL, '2026-06-05 08:04:48', '2026-06-05 08:04:48', 'd3f5c8bdf3bf', 'sesuai', '2026-06-05 00:00:00', NULL),
(36, '2026-06-05', 1, 75, 436, 'Wisnu', 'Amin', 'Admin FAO', '', 'Ok', 'Ok', NULL, '2026-06-05 14:37:49', '2026-06-05 14:37:49', '25c18506d8e9', 'sesuai', '2026-06-05 00:00:00', NULL),
(37, '2026-06-05', 1, 75, 417, 'Wisnu', 'Yuda', 'Fuel man', '', 'Ok', 'Ok', NULL, '2026-06-05 14:40:09', '2026-06-05 14:40:09', '384d0647baae', 'sesuai', '2026-06-05 00:00:00', NULL),
(38, '2026-06-01', 1, 94, 691, 'Jentayu', 'Ardi', 'Operator', 'PRODUKSI', 'Perbaiki/Jaga ATR dan Kesehatan', 'akan berkomitmen beristirahat yang cukup untuk menjaga ATR', NULL, '2026-06-05 19:50:02', '2026-06-05 19:50:02', '4205057f0490', 'sesuai', '2026-06-01 00:00:00', NULL),
(39, '2026-06-02', 1, 94, 728, 'Jentayu', 'Adib', 'Operator', 'PRODUKSI', 'Perbaiki/Jaga ATR dan Kesehatan', 'akan berkomitmen beristirahat yang cukup untuk menjaga ATR', NULL, '2026-06-05 19:51:09', '2026-06-05 19:51:09', '54351f166dd0', 'sesuai', '2026-06-02 00:00:00', NULL),
(40, '2026-06-03', 1, 94, 775, 'Jentayu', 'Rizki', 'Operator', 'PRODUKSI', 'Perbaiki/Jaga ATR dan Kesehatan', 'akan berkomitmen beristirahat yang cukup untuk menjaga ATR', NULL, '2026-06-05 19:52:15', '2026-06-05 19:52:15', '5f2e707afff7', 'sesuai', '2026-06-03 00:00:00', NULL),
(41, '2026-06-04', 1, 94, 664, 'Jentayu', 'Arif', 'Operator', 'PRODUKSI', 'Perbaiki/Jaga ATR dan Kesehatan', 'akan berkomitmen beristirahat yang cukup untuk menjaga ATR', NULL, '2026-06-05 19:52:51', '2026-06-05 19:52:51', '97681777b5fd', 'sesuai', '2026-06-04 00:00:00', NULL),
(42, '2026-06-05', 1, 94, 660, 'Jentayu', 'Herry Yohanis', 'Operator', 'PRODUKSI', 'Perbaiki/Jaga ATR dan Kesehatan', 'akan berkomitmen beristirahat yang cukup untuk menjaga ATR', NULL, '2026-06-05 19:53:31', '2026-06-05 19:53:31', '6468f650603b', 'sesuai', '2026-06-05 00:00:00', NULL),
(43, '2026-06-05', 1, 68, 378, 'Heri Widodo', 'Bayu Oktabara', 'Helper mekanik', 'PLANT', 'Tolong ATR ya di jaga', 'Akan menjaga ATR', NULL, '2026-06-05 20:21:24', '2026-06-05 20:21:24', '569b4834e74b', 'sesuai', '2026-06-05 00:00:00', NULL),
(44, '2026-06-05', 1, 68, 380, 'Heri Widodo', 'Michael', 'Helper mekanik', 'PLANT', 'ATR ya tolong di jaga', 'Akan menjaga ATR', NULL, '2026-06-05 20:24:37', '2026-06-05 20:24:37', '8fbedb5314ae', 'sesuai', '2026-06-05 00:00:00', NULL),
(45, '2026-06-05', 1, 68, 342, 'Heri Widodo', 'M Harun', 'OJT', 'PLANT', 'Tolong ATR ya', 'Akan menjaga ATR', NULL, '2026-06-05 20:32:10', '2026-06-05 20:32:10', 'ccd51799b5e0', 'sesuai', '2026-06-05 00:00:00', NULL),
(46, '2026-06-05', 1, 68, 331, 'Heri Widodo', 'Aji prianto', 'OJT', 'PLANT', 'Tolong ATR ya di pertahankan', 'Akan menjaga ATR', NULL, '2026-06-05 20:35:33', '2026-06-05 20:35:33', '23bbcc662723', 'sesuai', '2026-06-05 00:00:00', NULL),
(47, '2026-06-02', 1, 90, 723, 'BAYU ANDRI PRAYITNO', 'Kuntoro', 'Opt. Bulldozer', 'PRODUKSI', 'Memotivasi karyawan agar ATR karyawan mencapai 99%', 'Karyawan paham', NULL, '2026-06-05 20:41:05', '2026-06-05 20:41:05', 'b89757b9fbef', 'sesuai', '2026-06-02 00:00:00', NULL),
(48, '2026-06-03', 1, 90, 548, 'BAYU ANDRI PRAYITNO', 'Supriadi Malik', 'Opt. Tonly', 'PRODUKSI', 'Mengapresiasi karyawan tercapainya ATR 100%, dan menginstruksikan mempertahankan', 'Karyawan paham', NULL, '2026-06-05 20:46:20', '2026-06-05 20:46:20', '27ebdba4174c', 'sesuai', '2026-06-03 00:00:00', NULL),
(49, '2026-06-04', 1, 90, 564, 'Bayu Andri Prayitno', 'Aji Agung Amin', 'Opt. DS SKT105', 'PRODUKSI', 'Mengapresiasi ATR Karyawan 99%, menginstruksikan untuk mempertahankan', 'Karyawan paham', NULL, '2026-06-05 20:52:53', '2026-06-05 20:52:53', '77f57a841a38', 'sesuai', '2026-06-04 00:00:00', NULL),
(50, '2026-06-01', 1, 65, 337, 'm agus heri yanto', 'nurdin rahmat hidayat', 'ojt', 'PLANT', 'jaga kesehatan dan jangan banyak begadang', 'komitmen', NULL, '2026-06-05 22:00:13', '2026-06-05 22:00:13', 'ceea43758a2b', 'sesuai', '2026-06-01 00:00:00', NULL),
(51, '2026-06-02', 1, 65, 343, 'm agus heri yanto', 'ari', 'ojt', 'PLANT', 'sering tidak masuk', 'jika berulang maka akan di sangsi PHK', NULL, '2026-06-05 22:02:57', '2026-06-05 22:02:57', '39d7a22b8049', 'sesuai', '2026-06-02 00:00:00', NULL),
(52, '2026-06-03', 1, 65, 336, 'm agus heri yanto', 'andrianto', 'ojt', 'PLANT', 'masih dalam pengawasan', 'komitmen', NULL, '2026-06-05 22:05:42', '2026-06-05 22:05:42', 'd075ecad7c00', 'sesuai', '2026-06-03 00:00:00', NULL),
(53, '2026-06-04', 1, 65, 333, 'm agus heri yanto', 'm umam', 'ojt', 'PLANT', 'tingkatkan dan pertahankan apa yang sudah baik', 'komitmen', NULL, '2026-06-05 22:08:22', '2026-06-05 22:08:22', '870923c94f6c', 'sesuai', '2026-06-04 00:00:00', NULL),
(54, '2026-06-05', 1, 65, 345, 'm agus heri yanto', 'm kosiin', 'ojt', 'PLANT', 'komitmen menjaga ATR', 'komitmen', NULL, '2026-06-05 22:10:47', '2026-06-05 22:10:47', 'c6b810ff5ee5', 'sesuai', '2026-06-05 00:00:00', NULL),
(55, '2026-06-06', 1, 65, 339, 'm agus heri yanto', 'rahmat ari wibowo', 'ojt', 'PLANT', 'ATR di pertahdnkan', 'komitmen', NULL, '2026-06-05 22:14:16', '2026-06-05 22:14:16', 'b6a900084e48', 'sesuai', '2026-06-06 00:00:00', NULL),
(56, '2026-06-07', 1, 65, 257, 'm agus heri yanto', 'diky maulana s', 'mekanik', 'PLANT', 'jangan sering ijin', 'diperbaiki', NULL, '2026-06-05 22:16:19', '2026-06-05 22:16:19', '75f6b5478c56', 'sesuai', '2026-06-07 00:00:00', NULL),
(57, '2026-06-05', 1, 63, 316, 'ibnu rowi mubarok', 'dicky anjar bagus prayitno', 'mekanik', 'PLANT', 'pertahankan atr , couching terkait pemahaman penggunaan apd pada saat bekerja', 'memahami pentingnya menggunakan apd untuk keselamatan diri sendiri dan mengutamakan keselamatan saat bekerja', NULL, '2026-06-06 07:46:04', '2026-06-06 07:46:04', 'f9daf62a7d84', 'sesuai', '2026-06-05 00:00:00', NULL),
(58, '2026-06-06', 1, 100, 833, 'Apriyanto puji said', 'Heru gusfitra', 'Opt Exa', 'PRODUKSI', 'Memperjelas keterangan ijin danemastikan indikasi opt ijin berpola', 'Karyawan paham', NULL, '2026-06-06 07:49:04', '2026-06-06 07:49:04', '20ce650db396', 'sesuai', '2026-06-06 00:00:00', NULL),
(59, '2026-06-04', 1, 33, 137, 'Ahmad Murjani', 'Kurnia Himawan Sandi', 'Admin SHE', 'SHE', 'Fokus dalam melakukan pekerjaan dan menjalankan SOP yang berlaku', 'Bersedia dan meminta untuk dukungan spiritual dalam menjalankan pekerjaan', NULL, '2026-06-06 10:23:52', '2026-06-06 10:23:52', 'f4721c25a4b8', 'sesuai', '2026-06-04 00:00:00', NULL),
(60, '2026-05-17', 1, 66, 363, 'M SALEH', 'Gofur', 'Tireman', 'PLANT', 'Meningkat kan untuk selalu memakai APD sesuai prosedur kerja.', 'Yang bersangkutan paham materi yg di sampaikan.', NULL, '2026-06-06 10:53:29', '2026-06-06 10:53:29', '9fa2a95556af', 'sesuai', '2026-05-17 00:00:00', NULL),
(61, '2026-06-19', 1, 66, 358, 'M Saleh', 'Irwansyah', 'Tireman', 'PLANT', 'Selalu mengingatkan untuk melakukan pemeriksaan tool sebelum di gunakan.', 'Yang bersangkutan paham dan memahami topik yg di sampaikan.', NULL, '2026-06-06 10:58:29', '2026-06-06 10:58:29', '21820768411a', 'sesuai', '2026-06-19 00:00:00', NULL),
(62, '2026-06-06', 1, 107, 688, 'Ahmad musawir', 'Safruddin', 'Driver hd', 'PRODUKSI', 'Paham', 'Sangat paham', NULL, '2026-06-06 15:08:21', '2026-06-06 15:08:21', 'd39746aadf1f', 'sesuai', '2026-06-06 00:00:00', NULL),
(63, '2026-06-04', 1, 25, 127, 'Wildan', 'Emanuel lasan', 'Helper survey', '', 'Atr Emanuel lasan sudah 100%', 'Menerima arahan dan berkomitmen dalam menjaga atr', NULL, '2026-06-06 16:03:48', '2026-06-06 16:03:48', 'd7a1ee9e42a5', 'sesuai', '2026-06-04 00:00:00', NULL),
(64, '2026-06-06', 1, 59, 235, 'Santoko', 'Nizal', 'Mekanik', 'PLANT', 'waspada dan berhati-hati saat menjalani cuti, jaga kesehatan dan keselamatan saat liburan, agar saat on-site tidak ada halangan', 'Akan selalu berhati-hati dan waspada serta menjaga kesehatan dan keselamatan', NULL, '2026-06-06 20:23:00', '2026-06-06 20:23:00', '2f463fc4c207', 'sesuai', '2026-06-06 00:00:00', NULL),
(65, '2026-06-06', 1, 59, 288, 'Santoko', 'Gava ade', 'Mekanik', 'PLANT', 'Pakai APD lengkap saat bekerja maupun di lingkungan kerja, patuhi prosedur kerja aman', 'Akan selalu memakai APD lengkap saat bekerja maupun di lingkungan kerja serta akan mematuhi prosedur kerja aman', NULL, '2026-06-06 20:27:02', '2026-06-06 20:27:02', 'f467d587b540', 'sesuai', '2026-06-06 00:00:00', NULL),
(66, '2026-06-06', 1, 43, 486, 'Wahyu Imam B', 'Kolis', 'Driver FT', '', 'Lebih hati-hati dalam bekerja', 'Selalu menjaga kondisi KTA dan TTA', NULL, '2026-06-06 21:05:24', '2026-06-06 21:05:24', '9dfc0e96c8f3', 'sesuai', '2026-06-06 00:00:00', NULL),
(67, '2026-06-06', 1, 43, 155, 'Wahyu Imam Bahtiyar', 'Danil sinaga', 'Driver LV', '', 'Jangan melakukan TTA', 'Akan ngikiti aturan', NULL, '2026-06-06 21:11:29', '2026-06-06 21:11:29', 'ee5f37388490', 'sesuai', '2026-06-06 00:00:00', NULL),
(68, '2026-06-07', 1, 73, 442, 'AGUNG INDRIA', 'Wance', 'Driver Fueltruck', '', 'ATR sudah bagus dan kinerja sudah baik dalam menjalankan kegiatan, di jaga dan di tingkatkan', 'Siap mengikuti arahan dengan baik dan menjalankan sesuai perturan SOP perusahaan', NULL, '2026-06-07 07:14:44', '2026-06-07 07:14:44', 'a928dd82dee2', 'sesuai', '2026-06-07 00:00:00', NULL),
(69, '2026-06-07', 1, 107, 836, 'Ahmad musawir', 'Ones', 'Driver wt', 'PRODUKSI', 'Paham', 'Sangat paham', NULL, '2026-06-07 16:14:20', '2026-06-07 16:14:20', '2a0bf6c29748', 'sesuai', '2026-06-07 00:00:00', NULL),
(70, '2026-06-08', 1, 47, 223, 'Tomy Agung Nurrokhim', 'Dimas Zainul', 'FGDP PLANT', 'PLANT', 'Mempercepat presentasi FGDP', 'Proses revisi materi project FGDP', NULL, '2026-06-08 14:39:16', '2026-06-08 14:39:16', 'c8bf7800f522', 'sesuai', '2026-06-08 00:00:00', NULL),
(71, '2026-06-08', 1, 28, 129, 'Afif prasetyo', 'Perdi', 'Helper survey', '', 'Tetap jaga ATR', 'Akan di pertahankann', NULL, '2026-06-08 18:44:42', '2026-06-08 18:44:42', '79b692135f01', 'sesuai', '2026-06-08 00:00:00', NULL),
(72, '2026-06-10', 1, 103, 610, 'Edy s', 'Raju', 'Opt dz', 'PRODUKSI', 'Pertahankan nilai yg cukup bagus', 'Pertahankan nilai yg sdh bagus', NULL, '2026-06-10 13:28:26', '2026-06-10 13:28:26', '6ae9f334e412', 'sesuai', '2026-06-10 00:00:00', NULL),
(73, '2026-06-10', 1, 92, 889, 'BENI NAINGGOLAN', 'Lukman', 'Operator tonly', 'PRODUKSI', 'Sosialisasi ATR', 'Konsisten untuk masuk kerja sesuai roster kerja yang telah ditentukan perusahaan.', NULL, '2026-06-10 14:12:42', '2026-06-10 14:12:42', '4604633b2e10', 'sesuai', '2026-06-10 00:00:00', NULL),
(74, '2026-06-03', 1, 95, 802, 'SUKIRNO', 'ANTON MANULANG', 'OPERATOR EXCAVATOR', 'PRODUKSI', 'Ditingkatkan lagi kinerja dan PTY,Disiplin dalam finger in dan OUT,menjalankan SPDK', 'menerima arahan yg di berikan ,melaksanakan nya', NULL, '2026-06-10 16:18:09', '2026-06-10 16:18:09', '40aab9f9fc02', 'sesuai', '2026-06-03 00:00:00', NULL),
(75, '2026-06-06', 1, 95, 689, 'SUKIRNO', 'ACHMAD HUSAINI', 'DRIVER HOULING', 'PRODUKSI', 'Memperhatikan ATR faktor kehadiran disiplin finger IN dan OUT,menjalan kan SPDK', 'nenjalankan arahan yg di sampaikan.', NULL, '2026-06-10 16:22:51', '2026-06-10 16:22:51', 'e9a119d5d3eb', 'sesuai', '2026-06-06 00:00:00', NULL),
(76, '2026-06-11', 47, 47, 158, 'TOMY AGUNG NURROKHIM', 'MAULANA', 'DRIVER LV', 'HCGS', 'Memepertahankan ATR dan memperharikan jam finger', NULL, 'laporan_fotos/20260611164804_c417k6dVIX.jpg', '2026-06-11 16:48:04', '2026-06-11 16:48:04', 'LPR-20260611-4VXQ4', 'pending', NULL, NULL),
(77, '2026-06-11', 67, 67, 349, 'REAGEN SHANDY SASIA', 'ITOK SUMARSONO', 'MECHANIC', 'PLANT', 'bekerja sesuai prosedur yg berlaku', 'siap mengikuti arahan atasan', 'laporan_fotos/20260611170926_ljlAjmqdSt.jpg', '2026-06-11 17:09:26', '2026-06-11 17:09:26', 'LPR-20260611-BZMTZ', 'pending', NULL, NULL),
(78, '2026-06-11', 58, 58, 300, 'RISKIANTO', 'AAN RENALDI', 'OJT MECHANIC', 'PLANT', 'Tetap semangat Dan berhati2 dlsaat bekerja', '.', 'laporan_fotos/20260611184611_uI2RdEPZ1v.jpg', '2026-06-11 18:46:11', '2026-06-11 18:46:11', 'LPR-20260611-IHGL2', 'pending', NULL, NULL),
(79, '2026-06-11', 58, 58, 299, 'RISKIANTO', 'ACHMAD FAHRUL RIZAL', 'OJT MECHANIC', 'PLANT', 'Tetap menjaga kesehatan agar ATR tidak terganggu', '.', 'laporan_fotos/20260611184734_FuSKPPQV58.jpg', '2026-06-11 18:47:34', '2026-06-11 18:47:34', 'LPR-20260611-URWGR', 'pending', NULL, NULL),
(80, '2026-06-11', 58, 58, 301, 'RISKIANTO', 'ACHMA DANI SUJANA', 'OJT MECHANIC', 'PLANT', 'Tetap hati2 dalam bekerja dan lebih semangat lagi belajarnya', '.', 'laporan_fotos/20260611184853_8k8vi0In4j.jpg', '2026-06-11 18:48:53', '2026-06-11 18:48:53', 'LPR-20260611-HTQ9A', 'pending', NULL, NULL),
(81, '2026-06-11', 58, 58, 303, 'RISKIANTO', 'ANGGARA AJIE PANGESTU', 'OJT MECHANIC', 'PLANT', 'Tetap hati2 dalam bekerja dan lebih hati dalam bekerja', NULL, 'laporan_fotos/20260611185135_hUr2wabVKf.jpg', '2026-06-11 18:51:35', '2026-06-11 18:51:35', 'LPR-20260611-77KDL', 'pending', NULL, NULL),
(82, '2026-06-11', 58, 58, 400, 'RISKIANTO', 'ANUGRAH DWI PEKERTI', 'MECHANIC', 'PLANT', 'Tetap hati2 dalam bekerja dan lebih berbair lagi ke teman2 lainya', 'Menyesuaikan teman bekerja', 'laporan_fotos/20260611185248_9xrKdDyvuR.jpg', '2026-06-11 18:52:48', '2026-06-11 18:52:48', 'LPR-20260611-TOSBQ', 'pending', NULL, NULL),
(83, '2026-06-11', 99, 99, 779, 'ARIP PADILAH', 'NANANG KURNIAWAN', 'OPERATOR EXCAVATOR', 'PRODUKSI', 'Hm wh tidak sesuai dengan enggenering', 'Memberikan surat teguran dan Melakukan arahan terkait pelapaoran', 'laporan_fotos/20260611194057_GC0EtBW6AX.jpg', '2026-06-11 19:40:57', '2026-06-11 19:40:57', 'LPR-20260611-YVJHC', 'pending', NULL, NULL),
(84, '2026-06-11', 58, 58, 234, 'RISKIANTO', 'BAGAS FIRMAN SAPUTRA', 'MECHANIC', 'PLANT', 'Tetap hati2 dalam bekerja', NULL, 'laporan_fotos/20260611201900_olmistDL8u.jpg', '2026-06-11 20:19:00', '2026-06-11 20:19:00', 'LPR-20260611-XWAQN', 'pending', NULL, NULL),
(85, '2026-06-11', 74, 74, 440, 'M FADHIL SATRIAWAN', 'M. NAZMI IHSAN', 'LOGISTIC CREW', 'LOGISTIC', NULL, NULL, 'laporan_fotos/20260611202043_3W36oX57AN.jpg', '2026-06-11 20:20:43', '2026-06-11 20:20:43', 'LPR-20260611-BZVHB', 'pending', NULL, NULL),
(86, '2026-06-11', 74, 74, 415, 'M FADHIL SATRIAWAN', 'MUHAMMAD DWI ADITYA', 'FUELMAN', 'LOGISTIC', 'komitmen atr', 'menjaga komitmen atr', 'laporan_fotos/20260611202120_iUZCsScjZ5.jpg', '2026-06-11 20:21:20', '2026-06-11 20:21:20', 'LPR-20260611-AREVE', 'pending', NULL, NULL),
(87, '2026-06-11', 65, 65, 341, 'MUHAMMAD AGUS HERY YANTO', 'ADITYA RAYENDRA', 'OJT MECHANIC', 'PLANT', 'jaga kesehatan dan ATR', 'komitnen', 'laporan_fotos/20260611202149_FIl6k9EwTn.jpg', '2026-06-11 20:21:49', '2026-06-11 20:21:49', 'LPR-20260611-NQUHK', 'pending', NULL, NULL),
(88, '2026-06-11', 65, 65, 258, 'MUHAMMAD AGUS HERY YANTO', 'MOCH NUR AQIRIYAN', 'MECHANIC', 'PLANT', 'kerja yang giat disiplin waktu dan ATR dipertahankan', 'komitnen', 'laporan_fotos/20260611202406_0zJFuooUof.jpg', '2026-06-11 20:24:06', '2026-06-11 20:24:06', 'LPR-20260611-3EDLO', 'pending', NULL, NULL),
(89, '2026-06-11', 99, 99, 804, 'ARIP PADILAH', 'MARCHEL RUPANG', 'OPERATOR EXCAVATOR', 'PRODUKSI', 'Tentang ATR', 'Memberikan arahan terkait pentingnya untuk menjaga atr dan selalu disiplin dalam bekerja', 'laporan_fotos/20260611203316_CsVKtJQEOW.jpg', '2026-06-11 20:33:16', '2026-06-11 20:33:16', 'LPR-20260611-ALJD8', 'pending', NULL, NULL),
(90, '2026-06-12', 90, 90, 643, 'BAYU ANDRI PRAYITNO', 'SARMAN', 'DRIVER SANY SKT', 'PRODUKSI', 'Motivasi karyawan agar ATR karyawan tercapai 100%', 'Karyawan paham', 'laporan_fotos/20260612044338_I7916uc4MQ.jpg', '2026-06-12 04:43:38', '2026-06-12 04:43:38', 'LPR-20260612-UNRK9', 'pending', NULL, NULL),
(91, '2026-06-12', 90, 90, 767, 'BAYU ANDRI PRAYITNO', 'REVANO EKA JANUFAR', 'OPERATOR EXCAVATOR', 'PRODUKSI', 'Mengapresiasi ketercapaian ATR karyawan 100%', 'Karyawan paham', 'laporan_fotos/20260612045116_b9O423H5ms.jpg', '2026-06-12 04:51:16', '2026-06-12 04:51:16', 'LPR-20260612-MUMIY', 'pending', NULL, NULL),
(92, '2026-06-12', 90, 90, 819, 'BAYU ANDRI PRAYITNO', 'SIGIT WIBOWO', 'OPERATOR EXCAVATOR', 'PRODUKSI', 'Mengapresiasi ketercapaian ATR karyawan 100%', 'Karyawan paham', 'laporan_fotos/20260612045229_z7tctfpkXo.jpg', '2026-06-12 04:52:29', '2026-06-12 04:52:29', 'LPR-20260612-V52SU', 'pending', NULL, NULL),
(93, '2026-06-12', 90, 90, 776, 'BAYU ANDRI PRAYITNO', 'MUHAMMAD FIKRI AFANDI', 'OPERATOR EXCAVATOR', 'PRODUKSI', 'Mengapresiasi ketercapaian ATR karyawan 100%', 'Karyawan paham', 'laporan_fotos/20260612045444_SeIz3r44gF.jpg', '2026-06-12 04:54:44', '2026-06-12 04:54:44', 'LPR-20260612-IX4QV', 'pending', NULL, NULL),
(94, '2026-06-12', 90, 90, 591, 'BAYU ANDRI PRAYITNO', 'INDRA PURWANTO', 'DRIVER SANY SKT', 'PRODUKSI', 'Mengapresiasi ketercapaian ATR karyawan 99%, dan motivasi agar ATR karyawan tercapai 100%', 'Karyawan paham', 'laporan_fotos/20260612051736_kKFDrKKIZx.jpg', '2026-06-12 05:17:36', '2026-06-12 05:17:36', 'LPR-20260612-6N8BY', 'pending', NULL, NULL),
(95, '2026-06-12', 92, 92, 521, 'BENI NAINGGOLAN', 'KAHARUDDIN', 'DRIVER SANY SKT ', 'PRODUKSI', 'Sosialisasi', 'Konsisten bekerja sesuai roster', 'laporan_fotos/20260612132559_oISltI2WXA.jpg', '2026-06-12 13:25:59', '2026-06-12 13:25:59', 'LPR-20260612-VC8G0', 'pending', NULL, NULL),
(96, '2026-06-12', 92, 92, 521, 'BENI NAINGGOLAN', 'KAHARUDDIN', 'DRIVER SANY SKT ', 'PRODUKSI', 'Sosialisasi', 'Konsisten bekerja sesuai roster', 'laporan_fotos/20260612132601_YEgdQvnRPx.jpg', '2026-06-12 13:26:01', '2026-06-12 13:26:01', 'LPR-20260612-HKF21', 'pending', NULL, NULL);

-- --------------------------------------------------------

--
-- Table structure for table `laporan_details`
--

CREATE TABLE `laporan_details` (
  `id` bigint(20) UNSIGNED NOT NULL,
  `laporan_id` bigint(20) UNSIGNED NOT NULL,
  `kategori` varchar(255) NOT NULL,
  `status` tinyint(1) NOT NULL,
  `keterangan` text DEFAULT NULL,
  `created_at` timestamp NULL DEFAULT NULL,
  `updated_at` timestamp NULL DEFAULT NULL
) ENGINE=InnoDB DEFAULT CHARSET=utf8mb4 COLLATE=utf8mb4_unicode_ci;

--
-- Dumping data for table `laporan_details`
--

INSERT INTO `laporan_details` (`id`, `laporan_id`, `kategori`, `status`, `keterangan`, `created_at`, `updated_at`) VALUES
(1, 1, 'SHE Culture', 1, '', '2026-06-11 03:22:20', '2026-06-11 03:22:20'),
(2, 2, 'SHE Culture', 1, '', '2026-06-11 03:22:20', '2026-06-11 03:22:20'),
(3, 3, 'SHE Culture', 1, '', '2026-06-11 03:22:20', '2026-06-11 03:22:20'),
(4, 4, 'SHE Culture', 1, '', '2026-06-11 03:22:20', '2026-06-11 03:22:20'),
(5, 5, 'SHE Culture', 1, '', '2026-06-11 03:22:20', '2026-06-11 03:22:20'),
(6, 6, 'SHE Culture', 1, '', '2026-06-11 03:22:20', '2026-06-11 03:22:20'),
(7, 7, 'SHE Culture', 1, 'BAIK/TERCAPAI', '2026-06-11 03:22:20', '2026-06-11 03:22:20'),
(8, 8, 'SHE Culture', 1, 'BAIK/TERCAPAI', '2026-06-11 03:22:20', '2026-06-11 03:22:20'),
(9, 9, 'SHE Culture', 1, '', '2026-06-11 03:22:20', '2026-06-11 03:22:20'),
(10, 10, 'SHE Culture', 1, '', '2026-06-11 03:22:20', '2026-06-11 03:22:20'),
(11, 11, 'SHE Culture', 1, '', '2026-06-11 03:22:20', '2026-06-11 03:22:20'),
(12, 12, 'SHE Culture', 1, '', '2026-06-11 03:22:20', '2026-06-11 03:22:20'),
(13, 13, 'SHE Culture', 1, '', '2026-06-11 03:22:20', '2026-06-11 03:22:20'),
(14, 14, 'SHE Culture', 1, '', '2026-06-11 03:22:20', '2026-06-11 03:22:20'),
(15, 15, 'SHE Culture', 1, '', '2026-06-11 03:22:20', '2026-06-11 03:22:20'),
(16, 16, 'SHE Culture', 1, 'Konseling', '2026-06-11 03:22:20', '2026-06-11 03:22:20'),
(17, 17, 'SHE Culture', 1, '', '2026-06-11 03:22:20', '2026-06-11 03:22:20'),
(18, 18, 'SHE Culture', 1, '', '2026-06-11 03:22:20', '2026-06-11 03:22:20'),
(19, 19, 'SHE Culture', 1, '', '2026-06-11 03:22:20', '2026-06-11 03:22:20'),
(20, 20, 'SHE Culture', 1, '', '2026-06-11 03:22:20', '2026-06-11 03:22:20'),
(21, 21, 'SHE Culture', 1, '', '2026-06-11 03:22:20', '2026-06-11 03:22:20'),
(22, 22, 'SHE Culture', 1, '', '2026-06-11 03:22:20', '2026-06-11 03:22:20'),
(23, 23, 'SHE Culture', 1, '', '2026-06-11 03:22:20', '2026-06-11 03:22:20'),
(24, 24, 'SHE Culture', 1, '', '2026-06-11 03:22:20', '2026-06-11 03:22:20'),
(25, 25, 'SHE Culture', 1, '', '2026-06-11 03:22:20', '2026-06-11 03:22:20'),
(26, 26, 'SHE Culture', 1, '', '2026-06-11 03:22:20', '2026-06-11 03:22:20'),
(27, 27, 'SHE Culture', 1, 'Konseling - ST - SP1', '2026-06-11 03:22:20', '2026-06-11 03:22:20'),
(28, 28, 'SHE Culture', 1, 'Konseling - ST - SP1', '2026-06-11 03:22:20', '2026-06-11 03:22:20'),
(29, 29, 'SHE Culture', 1, 'Konseling - ST - SP1', '2026-06-11 03:22:20', '2026-06-11 03:22:20'),
(30, 30, 'SHE Culture', 1, 'Konseling - ST - SP1', '2026-06-11 03:22:20', '2026-06-11 03:22:20'),
(31, 31, 'SHE Culture', 1, 'baik', '2026-06-11 03:22:20', '2026-06-11 03:22:20'),
(32, 32, 'SHE Culture', 1, 'baik', '2026-06-11 03:22:20', '2026-06-11 03:22:20'),
(33, 33, 'SHE Culture', 1, 'baik', '2026-06-11 03:22:20', '2026-06-11 03:22:20'),
(34, 34, 'SHE Culture', 1, 'cukup baik', '2026-06-11 03:22:20', '2026-06-11 03:22:20'),
(35, 35, 'SHE Culture', 1, '', '2026-06-11 03:22:20', '2026-06-11 03:22:20'),
(36, 36, 'SHE Culture', 1, '', '2026-06-11 03:22:20', '2026-06-11 03:22:20'),
(37, 37, 'SHE Culture', 1, '', '2026-06-11 03:22:20', '2026-06-11 03:22:20'),
(38, 38, 'SHE Culture', 1, '', '2026-06-11 03:22:20', '2026-06-11 03:22:20'),
(39, 39, 'SHE Culture', 1, '', '2026-06-11 03:22:20', '2026-06-11 03:22:20'),
(40, 40, 'SHE Culture', 1, '', '2026-06-11 03:22:20', '2026-06-11 03:22:20'),
(41, 41, 'SHE Culture', 1, '', '2026-06-11 03:22:20', '2026-06-11 03:22:20'),
(42, 42, 'SHE Culture', 1, '', '2026-06-11 03:22:20', '2026-06-11 03:22:20'),
(43, 43, 'SHE Culture', 1, 'Teguran', '2026-06-11 03:22:20', '2026-06-11 03:22:20'),
(44, 44, 'SHE Culture', 1, 'Teguran', '2026-06-11 03:22:20', '2026-06-11 03:22:20'),
(45, 45, 'SHE Culture', 1, '', '2026-06-11 03:22:20', '2026-06-11 03:22:20'),
(46, 46, 'SHE Culture', 1, 'Teguran', '2026-06-11 03:22:20', '2026-06-11 03:22:20'),
(47, 47, 'SHE Culture', 1, '', '2026-06-11 03:22:20', '2026-06-11 03:22:20'),
(48, 48, 'SHE Culture', 1, '', '2026-06-11 03:22:20', '2026-06-11 03:22:20'),
(49, 49, 'SHE Culture', 1, '', '2026-06-11 03:22:20', '2026-06-11 03:22:20'),
(50, 50, 'SHE Culture', 1, '', '2026-06-11 03:22:20', '2026-06-11 03:22:20'),
(51, 51, 'SHE Culture', 0, '', '2026-06-11 03:22:20', '2026-06-11 03:22:20'),
(52, 52, 'SHE Culture', 0, '', '2026-06-11 03:22:20', '2026-06-11 03:22:20'),
(53, 53, 'SHE Culture', 1, '', '2026-06-11 03:22:20', '2026-06-11 03:22:20'),
(54, 54, 'SHE Culture', 1, '', '2026-06-11 03:22:20', '2026-06-11 03:22:20'),
(55, 55, 'SHE Culture', 1, '', '2026-06-11 03:22:20', '2026-06-11 03:22:20'),
(56, 56, 'SHE Culture', 1, '', '2026-06-11 03:22:20', '2026-06-11 03:22:20'),
(57, 57, 'SHE Culture', 1, '', '2026-06-11 03:22:20', '2026-06-11 03:22:20'),
(58, 58, 'SHE Culture', 1, '', '2026-06-11 03:22:20', '2026-06-11 03:22:20'),
(59, 59, 'SHE Culture', 1, '-', '2026-06-11 03:22:20', '2026-06-11 03:22:20'),
(60, 60, 'SHE Culture', 1, '-', '2026-06-11 03:22:20', '2026-06-11 03:22:20'),
(61, 61, 'SHE Culture', 1, '-', '2026-06-11 03:22:20', '2026-06-11 03:22:20'),
(62, 62, 'SHE Culture', 1, '', '2026-06-11 03:22:20', '2026-06-11 03:22:20'),
(63, 63, 'SHE Culture', 1, 'Memberikan coaching', '2026-06-11 03:22:20', '2026-06-11 03:22:20'),
(64, 64, 'SHE Culture', 1, '', '2026-06-11 03:22:20', '2026-06-11 03:22:20'),
(65, 65, 'SHE Culture', 1, '', '2026-06-11 03:22:20', '2026-06-11 03:22:20'),
(66, 66, 'SHE Culture', 1, '', '2026-06-11 03:22:20', '2026-06-11 03:22:20'),
(67, 67, 'SHE Culture', 1, '', '2026-06-11 03:22:20', '2026-06-11 03:22:20'),
(68, 68, 'SHE Culture', 1, '', '2026-06-11 03:22:20', '2026-06-11 03:22:20'),
(69, 69, 'SHE Culture', 1, '', '2026-06-11 03:22:20', '2026-06-11 03:22:20'),
(70, 70, 'SHE Culture', 1, '', '2026-06-11 03:22:20', '2026-06-11 03:22:20'),
(71, 71, 'SHE Culture', 1, '', '2026-06-11 03:22:20', '2026-06-11 03:22:20'),
(72, 72, 'SHE Culture', 1, 'Cukup bagus', '2026-06-11 03:22:20', '2026-06-11 03:22:20'),
(73, 73, 'SHE Culture', 1, 'Cnc', '2026-06-11 03:22:20', '2026-06-11 03:22:20'),
(74, 74, 'SHE Culture', 1, '', '2026-06-11 03:22:20', '2026-06-11 03:22:20'),
(75, 75, 'SHE Culture', 1, '', '2026-06-11 03:22:20', '2026-06-11 03:22:20'),
(76, 1, 'ATR', 1, '', '2026-06-11 03:22:20', '2026-06-11 03:22:20'),
(77, 2, 'ATR', 1, '', '2026-06-11 03:22:20', '2026-06-11 03:22:20'),
(78, 3, 'ATR', 1, '', '2026-06-11 03:22:20', '2026-06-11 03:22:20'),
(79, 4, 'ATR', 1, '', '2026-06-11 03:22:20', '2026-06-11 03:22:20'),
(80, 5, 'ATR', 0, 'Atr 98%, karena sakit, izin atasan jika sakit', '2026-06-11 03:22:20', '2026-06-11 03:22:20'),
(81, 6, 'ATR', 1, '', '2026-06-11 03:22:20', '2026-06-11 03:22:20'),
(82, 7, 'ATR', 1, 'BAIK/TERCAPAI', '2026-06-11 03:22:20', '2026-06-11 03:22:20'),
(83, 8, 'ATR', 1, 'BAIK/TERCAPAI', '2026-06-11 03:22:20', '2026-06-11 03:22:20'),
(84, 9, 'ATR', 1, '', '2026-06-11 03:22:20', '2026-06-11 03:22:20'),
(85, 10, 'ATR', 1, '', '2026-06-11 03:22:20', '2026-06-11 03:22:20'),
(86, 11, 'ATR', 1, '', '2026-06-11 03:22:20', '2026-06-11 03:22:20'),
(87, 12, 'ATR', 1, '', '2026-06-11 03:22:20', '2026-06-11 03:22:20'),
(88, 13, 'ATR', 1, '', '2026-06-11 03:22:20', '2026-06-11 03:22:20'),
(89, 14, 'ATR', 1, '', '2026-06-11 03:22:20', '2026-06-11 03:22:20'),
(90, 15, 'ATR', 1, '', '2026-06-11 03:22:20', '2026-06-11 03:22:20'),
(91, 16, 'ATR', 1, 'Peringatan', '2026-06-11 03:22:20', '2026-06-11 03:22:20'),
(92, 17, 'ATR', 1, '', '2026-06-11 03:22:20', '2026-06-11 03:22:20'),
(93, 18, 'ATR', 1, '', '2026-06-11 03:22:20', '2026-06-11 03:22:20'),
(94, 19, 'ATR', 1, '', '2026-06-11 03:22:20', '2026-06-11 03:22:20'),
(95, 20, 'ATR', 1, '', '2026-06-11 03:22:20', '2026-06-11 03:22:20'),
(96, 21, 'ATR', 1, '', '2026-06-11 03:22:20', '2026-06-11 03:22:20'),
(97, 22, 'ATR', 1, '', '2026-06-11 03:22:20', '2026-06-11 03:22:20'),
(98, 23, 'ATR', 1, '', '2026-06-11 03:22:20', '2026-06-11 03:22:20'),
(99, 24, 'ATR', 1, '', '2026-06-11 03:22:20', '2026-06-11 03:22:20'),
(100, 25, 'ATR', 1, '', '2026-06-11 03:22:20', '2026-06-11 03:22:20'),
(101, 26, 'ATR', 1, '', '2026-06-11 03:22:20', '2026-06-11 03:22:20'),
(102, 27, 'ATR', 1, 'Konseling - ST - SP1', '2026-06-11 03:22:20', '2026-06-11 03:22:20'),
(103, 28, 'ATR', 1, 'Konseling - ST - SP1', '2026-06-11 03:22:20', '2026-06-11 03:22:20'),
(104, 29, 'ATR', 1, 'Konseling - ST - SP1', '2026-06-11 03:22:20', '2026-06-11 03:22:20'),
(105, 30, 'ATR', 1, 'Konseling - ST - SP1', '2026-06-11 03:22:20', '2026-06-11 03:22:20'),
(106, 31, 'ATR', 1, 'baik', '2026-06-11 03:22:20', '2026-06-11 03:22:20'),
(107, 32, 'ATR', 1, 'cukup baik', '2026-06-11 03:22:20', '2026-06-11 03:22:20'),
(108, 33, 'ATR', 1, 'baik', '2026-06-11 03:22:20', '2026-06-11 03:22:20'),
(109, 34, 'ATR', 1, 'cukup baik', '2026-06-11 03:22:20', '2026-06-11 03:22:20'),
(110, 35, 'ATR', 1, '', '2026-06-11 03:22:20', '2026-06-11 03:22:20'),
(111, 36, 'ATR', 1, '', '2026-06-11 03:22:20', '2026-06-11 03:22:20'),
(112, 37, 'ATR', 1, '', '2026-06-11 03:22:20', '2026-06-11 03:22:20'),
(113, 38, 'ATR', 1, '', '2026-06-11 03:22:20', '2026-06-11 03:22:20'),
(114, 39, 'ATR', 0, 'Counseling', '2026-06-11 03:22:20', '2026-06-11 03:22:20'),
(115, 40, 'ATR', 1, '', '2026-06-11 03:22:20', '2026-06-11 03:22:20'),
(116, 41, 'ATR', 1, '', '2026-06-11 03:22:20', '2026-06-11 03:22:20'),
(117, 42, 'ATR', 1, '', '2026-06-11 03:22:20', '2026-06-11 03:22:20'),
(118, 43, 'ATR', 1, 'Teguran', '2026-06-11 03:22:20', '2026-06-11 03:22:20'),
(119, 44, 'ATR', 1, 'Teguran', '2026-06-11 03:22:20', '2026-06-11 03:22:20'),
(120, 45, 'ATR', 1, '', '2026-06-11 03:22:20', '2026-06-11 03:22:20'),
(121, 46, 'ATR', 1, 'Teguran', '2026-06-11 03:22:20', '2026-06-11 03:22:20'),
(122, 47, 'ATR', 0, '', '2026-06-11 03:22:20', '2026-06-11 03:22:20'),
(123, 48, 'ATR', 1, '', '2026-06-11 03:22:20', '2026-06-11 03:22:20'),
(124, 49, 'ATR', 1, '', '2026-06-11 03:22:20', '2026-06-11 03:22:20'),
(125, 50, 'ATR', 1, '', '2026-06-11 03:22:20', '2026-06-11 03:22:20'),
(126, 51, 'ATR', 0, '', '2026-06-11 03:22:20', '2026-06-11 03:22:20'),
(127, 52, 'ATR', 0, '', '2026-06-11 03:22:20', '2026-06-11 03:22:20'),
(128, 53, 'ATR', 1, '', '2026-06-11 03:22:20', '2026-06-11 03:22:20'),
(129, 54, 'ATR', 1, '', '2026-06-11 03:22:20', '2026-06-11 03:22:20'),
(130, 55, 'ATR', 1, '', '2026-06-11 03:22:20', '2026-06-11 03:22:20'),
(131, 56, 'ATR', 1, '', '2026-06-11 03:22:20', '2026-06-11 03:22:20'),
(132, 57, 'ATR', 1, '', '2026-06-11 03:22:20', '2026-06-11 03:22:20'),
(133, 58, 'ATR', 0, 'Ijin di tanggal 5 shift 2', '2026-06-11 03:22:20', '2026-06-11 03:22:20'),
(134, 59, 'ATR', 1, '-', '2026-06-11 03:22:20', '2026-06-11 03:22:20'),
(135, 60, 'ATR', 1, '-', '2026-06-11 03:22:20', '2026-06-11 03:22:20'),
(136, 61, 'ATR', 1, '-', '2026-06-11 03:22:20', '2026-06-11 03:22:20'),
(137, 62, 'ATR', 1, '', '2026-06-11 03:22:20', '2026-06-11 03:22:20'),
(138, 63, 'ATR', 1, 'Di berikan conseling', '2026-06-11 03:22:20', '2026-06-11 03:22:20'),
(139, 64, 'ATR', 1, '', '2026-06-11 03:22:20', '2026-06-11 03:22:20'),
(140, 65, 'ATR', 1, '', '2026-06-11 03:22:20', '2026-06-11 03:22:20'),
(141, 66, 'ATR', 1, '', '2026-06-11 03:22:20', '2026-06-11 03:22:20'),
(142, 67, 'ATR', 1, '', '2026-06-11 03:22:20', '2026-06-11 03:22:20'),
(143, 68, 'ATR', 1, '', '2026-06-11 03:22:20', '2026-06-11 03:22:20'),
(144, 69, 'ATR', 1, '', '2026-06-11 03:22:20', '2026-06-11 03:22:20'),
(145, 70, 'ATR', 1, '', '2026-06-11 03:22:20', '2026-06-11 03:22:20'),
(146, 71, 'ATR', 1, '', '2026-06-11 03:22:20', '2026-06-11 03:22:20'),
(147, 72, 'ATR', 1, 'Bagus', '2026-06-11 03:22:20', '2026-06-11 03:22:20'),
(148, 73, 'ATR', 1, 'Teguran', '2026-06-11 03:22:20', '2026-06-11 03:22:20'),
(149, 74, 'ATR', 1, '', '2026-06-11 03:22:20', '2026-06-11 03:22:20'),
(150, 75, 'ATR', 1, '', '2026-06-11 03:22:20', '2026-06-11 03:22:20'),
(151, 1, 'Incident', 1, '', '2026-06-11 03:22:20', '2026-06-11 03:22:20'),
(152, 2, 'Incident', 1, '', '2026-06-11 03:22:20', '2026-06-11 03:22:20'),
(153, 3, 'Incident', 1, '', '2026-06-11 03:22:20', '2026-06-11 03:22:20'),
(154, 4, 'Incident', 1, '', '2026-06-11 03:22:20', '2026-06-11 03:22:20'),
(155, 5, 'Incident', 1, '', '2026-06-11 03:22:20', '2026-06-11 03:22:20'),
(156, 6, 'Incident', 1, '', '2026-06-11 03:22:20', '2026-06-11 03:22:20'),
(157, 7, 'Incident', 1, 'BAIK/TERCAPAI', '2026-06-11 03:22:20', '2026-06-11 03:22:20'),
(158, 8, 'Incident', 1, 'BAIK/TERCAPAI', '2026-06-11 03:22:20', '2026-06-11 03:22:20'),
(159, 9, 'Incident', 1, '', '2026-06-11 03:22:20', '2026-06-11 03:22:20'),
(160, 10, 'Incident', 1, '', '2026-06-11 03:22:20', '2026-06-11 03:22:20'),
(161, 11, 'Incident', 1, '', '2026-06-11 03:22:20', '2026-06-11 03:22:20'),
(162, 12, 'Incident', 1, '', '2026-06-11 03:22:20', '2026-06-11 03:22:20'),
(163, 13, 'Incident', 1, '', '2026-06-11 03:22:20', '2026-06-11 03:22:20'),
(164, 14, 'Incident', 1, '', '2026-06-11 03:22:20', '2026-06-11 03:22:20'),
(165, 15, 'Incident', 1, '', '2026-06-11 03:22:20', '2026-06-11 03:22:20'),
(166, 16, 'Incident', 1, 'Sp', '2026-06-11 03:22:20', '2026-06-11 03:22:20'),
(167, 17, 'Incident', 1, '', '2026-06-11 03:22:20', '2026-06-11 03:22:20'),
(168, 18, 'Incident', 1, '', '2026-06-11 03:22:20', '2026-06-11 03:22:20'),
(169, 19, 'Incident', 1, '', '2026-06-11 03:22:20', '2026-06-11 03:22:20'),
(170, 20, 'Incident', 1, '', '2026-06-11 03:22:20', '2026-06-11 03:22:20'),
(171, 21, 'Incident', 1, '', '2026-06-11 03:22:20', '2026-06-11 03:22:20'),
(172, 22, 'Incident', 1, '', '2026-06-11 03:22:20', '2026-06-11 03:22:20'),
(173, 23, 'Incident', 1, '', '2026-06-11 03:22:20', '2026-06-11 03:22:20'),
(174, 24, 'Incident', 1, '', '2026-06-11 03:22:20', '2026-06-11 03:22:20'),
(175, 25, 'Incident', 1, '', '2026-06-11 03:22:20', '2026-06-11 03:22:20'),
(176, 26, 'Incident', 1, '', '2026-06-11 03:22:20', '2026-06-11 03:22:20'),
(177, 27, 'Incident', 1, 'Konseling - ST - SP1', '2026-06-11 03:22:20', '2026-06-11 03:22:20'),
(178, 28, 'Incident', 1, 'Konseling - ST - SP1', '2026-06-11 03:22:20', '2026-06-11 03:22:20'),
(179, 29, 'Incident', 1, 'Konseling - ST - SP1', '2026-06-11 03:22:20', '2026-06-11 03:22:20'),
(180, 30, 'Incident', 1, 'Konseling - ST - SP1', '2026-06-11 03:22:20', '2026-06-11 03:22:20'),
(181, 31, 'Incident', 1, 'patuh sop kerja', '2026-06-11 03:22:20', '2026-06-11 03:22:20'),
(182, 32, 'Incident', 1, 'cukup baik', '2026-06-11 03:22:20', '2026-06-11 03:22:20'),
(183, 33, 'Incident', 1, 'baik', '2026-06-11 03:22:20', '2026-06-11 03:22:20'),
(184, 34, 'Incident', 1, 'patuh p2 unit dengan baik dan prosedur pengoperasian', '2026-06-11 03:22:20', '2026-06-11 03:22:20'),
(185, 35, 'Incident', 1, '', '2026-06-11 03:22:20', '2026-06-11 03:22:20'),
(186, 36, 'Incident', 1, '', '2026-06-11 03:22:20', '2026-06-11 03:22:20'),
(187, 37, 'Incident', 1, '', '2026-06-11 03:22:20', '2026-06-11 03:22:20'),
(188, 38, 'Incident', 1, '', '2026-06-11 03:22:20', '2026-06-11 03:22:20'),
(189, 39, 'Incident', 1, '', '2026-06-11 03:22:20', '2026-06-11 03:22:20'),
(190, 40, 'Incident', 1, '', '2026-06-11 03:22:20', '2026-06-11 03:22:20'),
(191, 41, 'Incident', 1, '', '2026-06-11 03:22:20', '2026-06-11 03:22:20'),
(192, 42, 'Incident', 1, '', '2026-06-11 03:22:20', '2026-06-11 03:22:20'),
(193, 43, 'Incident', 1, 'Teguran', '2026-06-11 03:22:20', '2026-06-11 03:22:20'),
(194, 44, 'Incident', 1, 'Teguran', '2026-06-11 03:22:20', '2026-06-11 03:22:20'),
(195, 45, 'Incident', 1, '', '2026-06-11 03:22:20', '2026-06-11 03:22:20'),
(196, 46, 'Incident', 1, 'Teguran', '2026-06-11 03:22:20', '2026-06-11 03:22:20'),
(197, 47, 'Incident', 1, '', '2026-06-11 03:22:20', '2026-06-11 03:22:20'),
(198, 48, 'Incident', 1, '', '2026-06-11 03:22:20', '2026-06-11 03:22:20'),
(199, 49, 'Incident', 1, '', '2026-06-11 03:22:20', '2026-06-11 03:22:20'),
(200, 50, 'Incident', 1, '', '2026-06-11 03:22:20', '2026-06-11 03:22:20'),
(201, 51, 'Incident', 0, '', '2026-06-11 03:22:20', '2026-06-11 03:22:20'),
(202, 52, 'Incident', 0, '', '2026-06-11 03:22:20', '2026-06-11 03:22:20'),
(203, 53, 'Incident', 1, '', '2026-06-11 03:22:20', '2026-06-11 03:22:20'),
(204, 54, 'Incident', 1, '', '2026-06-11 03:22:20', '2026-06-11 03:22:20'),
(205, 55, 'Incident', 1, '', '2026-06-11 03:22:20', '2026-06-11 03:22:20'),
(206, 56, 'Incident', 1, '', '2026-06-11 03:22:20', '2026-06-11 03:22:20'),
(207, 57, 'Incident', 1, '', '2026-06-11 03:22:20', '2026-06-11 03:22:20'),
(208, 58, 'Incident', 1, '', '2026-06-11 03:22:20', '2026-06-11 03:22:20'),
(209, 59, 'Incident', 1, '-', '2026-06-11 03:22:20', '2026-06-11 03:22:20'),
(210, 60, 'Incident', 1, '', '2026-06-11 03:22:20', '2026-06-11 03:22:20'),
(211, 61, 'Incident', 1, '-', '2026-06-11 03:22:20', '2026-06-11 03:22:20'),
(212, 62, 'Incident', 1, '', '2026-06-11 03:22:20', '2026-06-11 03:22:20'),
(213, 63, 'Incident', 1, 'Di berikan konseling dan surat teguran', '2026-06-11 03:22:20', '2026-06-11 03:22:20'),
(214, 64, 'Incident', 1, '', '2026-06-11 03:22:20', '2026-06-11 03:22:20'),
(215, 65, 'Incident', 1, '', '2026-06-11 03:22:20', '2026-06-11 03:22:20'),
(216, 66, 'Incident', 1, '', '2026-06-11 03:22:20', '2026-06-11 03:22:20'),
(217, 67, 'Incident', 1, '', '2026-06-11 03:22:20', '2026-06-11 03:22:20'),
(218, 68, 'Incident', 1, '', '2026-06-11 03:22:20', '2026-06-11 03:22:20'),
(219, 69, 'Incident', 1, '', '2026-06-11 03:22:20', '2026-06-11 03:22:20'),
(220, 70, 'Incident', 1, '', '2026-06-11 03:22:20', '2026-06-11 03:22:20'),
(221, 71, 'Incident', 1, '', '2026-06-11 03:22:20', '2026-06-11 03:22:20'),
(222, 72, 'Incident', 1, 'Bagus', '2026-06-11 03:22:20', '2026-06-11 03:22:20'),
(223, 73, 'Incident', 1, 'Sp', '2026-06-11 03:22:20', '2026-06-11 03:22:20'),
(224, 74, 'Incident', 1, '', '2026-06-11 03:22:20', '2026-06-11 03:22:20'),
(225, 75, 'Incident', 1, '', '2026-06-11 03:22:20', '2026-06-11 03:22:20'),
(226, 1, 'Manpower Behavior', 1, '', '2026-06-11 03:22:20', '2026-06-11 03:22:20'),
(227, 2, 'Manpower Behavior', 1, '', '2026-06-11 03:22:20', '2026-06-11 03:22:20'),
(228, 3, 'Manpower Behavior', 1, '', '2026-06-11 03:22:20', '2026-06-11 03:22:20'),
(229, 4, 'Manpower Behavior', 1, '', '2026-06-11 03:22:20', '2026-06-11 03:22:20'),
(230, 5, 'Manpower Behavior', 1, '', '2026-06-11 03:22:20', '2026-06-11 03:22:20'),
(231, 6, 'Manpower Behavior', 1, '', '2026-06-11 03:22:20', '2026-06-11 03:22:20'),
(232, 7, 'Manpower Behavior', 1, 'BAIK/TERCAPAI', '2026-06-11 03:22:20', '2026-06-11 03:22:20'),
(233, 8, 'Manpower Behavior', 1, 'BAIK/TERCAPAI', '2026-06-11 03:22:20', '2026-06-11 03:22:20'),
(234, 9, 'Manpower Behavior', 1, '', '2026-06-11 03:22:20', '2026-06-11 03:22:20'),
(235, 10, 'Manpower Behavior', 1, '', '2026-06-11 03:22:20', '2026-06-11 03:22:20'),
(236, 11, 'Manpower Behavior', 1, '', '2026-06-11 03:22:20', '2026-06-11 03:22:20'),
(237, 12, 'Manpower Behavior', 1, '', '2026-06-11 03:22:20', '2026-06-11 03:22:20'),
(238, 13, 'Manpower Behavior', 1, '', '2026-06-11 03:22:20', '2026-06-11 03:22:20'),
(239, 14, 'Manpower Behavior', 1, '', '2026-06-11 03:22:20', '2026-06-11 03:22:20'),
(240, 15, 'Manpower Behavior', 1, '', '2026-06-11 03:22:20', '2026-06-11 03:22:20'),
(241, 16, 'Manpower Behavior', 1, 'Konseling', '2026-06-11 03:22:20', '2026-06-11 03:22:20'),
(242, 17, 'Manpower Behavior', 1, '', '2026-06-11 03:22:20', '2026-06-11 03:22:20'),
(243, 18, 'Manpower Behavior', 1, '', '2026-06-11 03:22:20', '2026-06-11 03:22:20'),
(244, 19, 'Manpower Behavior', 1, '', '2026-06-11 03:22:20', '2026-06-11 03:22:20'),
(245, 20, 'Manpower Behavior', 1, '', '2026-06-11 03:22:20', '2026-06-11 03:22:20'),
(246, 21, 'Manpower Behavior', 1, '', '2026-06-11 03:22:20', '2026-06-11 03:22:20'),
(247, 22, 'Manpower Behavior', 1, '', '2026-06-11 03:22:20', '2026-06-11 03:22:20'),
(248, 23, 'Manpower Behavior', 1, '', '2026-06-11 03:22:20', '2026-06-11 03:22:20'),
(249, 24, 'Manpower Behavior', 1, '', '2026-06-11 03:22:20', '2026-06-11 03:22:20'),
(250, 25, 'Manpower Behavior', 1, '', '2026-06-11 03:22:20', '2026-06-11 03:22:20'),
(251, 26, 'Manpower Behavior', 1, '', '2026-06-11 03:22:20', '2026-06-11 03:22:20'),
(252, 27, 'Manpower Behavior', 1, 'Konseling - ST - SP1', '2026-06-11 03:22:20', '2026-06-11 03:22:20'),
(253, 28, 'Manpower Behavior', 1, 'Konseling - ST - SP1', '2026-06-11 03:22:20', '2026-06-11 03:22:20'),
(254, 29, 'Manpower Behavior', 1, 'Konseling - ST - SP1', '2026-06-11 03:22:20', '2026-06-11 03:22:20'),
(255, 30, 'Manpower Behavior', 1, 'Konseling - ST - SP1', '2026-06-11 03:22:20', '2026-06-11 03:22:20'),
(256, 31, 'Manpower Behavior', 1, 'baik', '2026-06-11 03:22:20', '2026-06-11 03:22:20'),
(257, 32, 'Manpower Behavior', 1, 'baik atr terjaga', '2026-06-11 03:22:20', '2026-06-11 03:22:20'),
(258, 33, 'Manpower Behavior', 1, 'data absensi aman', '2026-06-11 03:22:20', '2026-06-11 03:22:20'),
(259, 34, 'Manpower Behavior', 1, 'aktifitas hari\" selalu aman blm ada pelanggaran', '2026-06-11 03:22:20', '2026-06-11 03:22:20'),
(260, 35, 'Manpower Behavior', 1, '', '2026-06-11 03:22:20', '2026-06-11 03:22:20'),
(261, 36, 'Manpower Behavior', 1, '', '2026-06-11 03:22:20', '2026-06-11 03:22:20'),
(262, 37, 'Manpower Behavior', 1, '', '2026-06-11 03:22:20', '2026-06-11 03:22:20'),
(263, 38, 'Manpower Behavior', 1, '', '2026-06-11 03:22:20', '2026-06-11 03:22:20'),
(264, 39, 'Manpower Behavior', 1, '', '2026-06-11 03:22:20', '2026-06-11 03:22:20'),
(265, 40, 'Manpower Behavior', 1, '', '2026-06-11 03:22:20', '2026-06-11 03:22:20'),
(266, 41, 'Manpower Behavior', 1, '', '2026-06-11 03:22:20', '2026-06-11 03:22:20'),
(267, 42, 'Manpower Behavior', 1, '', '2026-06-11 03:22:20', '2026-06-11 03:22:20'),
(268, 43, 'Manpower Behavior', 1, 'Teguran', '2026-06-11 03:22:20', '2026-06-11 03:22:20'),
(269, 44, 'Manpower Behavior', 1, 'Teguran', '2026-06-11 03:22:20', '2026-06-11 03:22:20'),
(270, 45, 'Manpower Behavior', 1, '', '2026-06-11 03:22:20', '2026-06-11 03:22:20'),
(271, 46, 'Manpower Behavior', 1, 'Teguran', '2026-06-11 03:22:20', '2026-06-11 03:22:20'),
(272, 47, 'Manpower Behavior', 1, '', '2026-06-11 03:22:20', '2026-06-11 03:22:20'),
(273, 48, 'Manpower Behavior', 1, 'Mengapresiasi karyawan tercapainya ATR 100%, dan menginstruksikan mempertahankan', '2026-06-11 03:22:20', '2026-06-11 03:22:20'),
(274, 49, 'Manpower Behavior', 1, '', '2026-06-11 03:22:20', '2026-06-11 03:22:20'),
(275, 50, 'Manpower Behavior', 1, 'tercapai', '2026-06-11 03:22:20', '2026-06-11 03:22:20'),
(276, 51, 'Manpower Behavior', 0, 'tidak tercapai', '2026-06-11 03:22:20', '2026-06-11 03:22:20'),
(277, 52, 'Manpower Behavior', 0, 'masih dalam pengawasan', '2026-06-11 03:22:20', '2026-06-11 03:22:20'),
(278, 53, 'Manpower Behavior', 1, '', '2026-06-11 03:22:20', '2026-06-11 03:22:20'),
(279, 54, 'Manpower Behavior', 1, 'pertahankan', '2026-06-11 03:22:20', '2026-06-11 03:22:20'),
(280, 55, 'Manpower Behavior', 1, '', '2026-06-11 03:22:20', '2026-06-11 03:22:20'),
(281, 56, 'Manpower Behavior', 1, '', '2026-06-11 03:22:20', '2026-06-11 03:22:20'),
(282, 57, 'Manpower Behavior', 1, '', '2026-06-11 03:22:20', '2026-06-11 03:22:20'),
(283, 58, 'Manpower Behavior', 1, '', '2026-06-11 03:22:20', '2026-06-11 03:22:20'),
(284, 59, 'Manpower Behavior', 1, '-', '2026-06-11 03:22:20', '2026-06-11 03:22:20'),
(285, 60, 'Manpower Behavior', 1, '-', '2026-06-11 03:22:20', '2026-06-11 03:22:20'),
(286, 61, 'Manpower Behavior', 1, '-', '2026-06-11 03:22:20', '2026-06-11 03:22:20'),
(287, 62, 'Manpower Behavior', 1, '', '2026-06-11 03:22:20', '2026-06-11 03:22:20'),
(288, 63, 'Manpower Behavior', 1, 'Di berikan surat teguran', '2026-06-11 03:22:20', '2026-06-11 03:22:20'),
(289, 64, 'Manpower Behavior', 1, '', '2026-06-11 03:22:20', '2026-06-11 03:22:20'),
(290, 65, 'Manpower Behavior', 1, '', '2026-06-11 03:22:20', '2026-06-11 03:22:20'),
(291, 66, 'Manpower Behavior', 1, '', '2026-06-11 03:22:20', '2026-06-11 03:22:20'),
(292, 67, 'Manpower Behavior', 1, '', '2026-06-11 03:22:20', '2026-06-11 03:22:20'),
(293, 68, 'Manpower Behavior', 1, '', '2026-06-11 03:22:20', '2026-06-11 03:22:20'),
(294, 69, 'Manpower Behavior', 1, '', '2026-06-11 03:22:20', '2026-06-11 03:22:20'),
(295, 70, 'Manpower Behavior', 1, '', '2026-06-11 03:22:20', '2026-06-11 03:22:20'),
(296, 71, 'Manpower Behavior', 1, '', '2026-06-11 03:22:20', '2026-06-11 03:22:20'),
(297, 72, 'Manpower Behavior', 1, 'Bagus', '2026-06-11 03:22:20', '2026-06-11 03:22:20'),
(298, 73, 'Manpower Behavior', 1, 'Sp', '2026-06-11 03:22:20', '2026-06-11 03:22:20'),
(299, 74, 'Manpower Behavior', 1, '', '2026-06-11 03:22:20', '2026-06-11 03:22:20'),
(300, 75, 'Manpower Behavior', 1, '', '2026-06-11 03:22:20', '2026-06-11 03:22:20'),
(301, 76, 'SHE Culture', 1, NULL, '2026-06-11 16:48:04', '2026-06-11 16:48:04'),
(302, 76, 'ATR', 1, NULL, '2026-06-11 16:48:04', '2026-06-11 16:48:04'),
(303, 76, 'Incident', 1, NULL, '2026-06-11 16:48:04', '2026-06-11 16:48:04'),
(304, 76, 'Manpower Behavior', 1, NULL, '2026-06-11 16:48:04', '2026-06-11 16:48:04'),
(305, 77, 'SHE Culture', 1, NULL, '2026-06-11 17:09:26', '2026-06-11 17:09:26'),
(306, 77, 'ATR', 1, NULL, '2026-06-11 17:09:26', '2026-06-11 17:09:26'),
(307, 77, 'Incident', 1, NULL, '2026-06-11 17:09:26', '2026-06-11 17:09:26'),
(308, 77, 'Manpower Behavior', 1, NULL, '2026-06-11 17:09:26', '2026-06-11 17:09:26'),
(309, 78, 'SHE Culture', 1, NULL, '2026-06-11 18:46:11', '2026-06-11 18:46:11'),
(310, 78, 'ATR', 1, NULL, '2026-06-11 18:46:11', '2026-06-11 18:46:11'),
(311, 78, 'Incident', 1, NULL, '2026-06-11 18:46:11', '2026-06-11 18:46:11'),
(312, 78, 'Manpower Behavior', 1, NULL, '2026-06-11 18:46:11', '2026-06-11 18:46:11'),
(313, 79, 'SHE Culture', 1, NULL, '2026-06-11 18:47:34', '2026-06-11 18:47:34'),
(314, 79, 'ATR', 1, NULL, '2026-06-11 18:47:34', '2026-06-11 18:47:34'),
(315, 79, 'Incident', 1, NULL, '2026-06-11 18:47:34', '2026-06-11 18:47:34'),
(316, 79, 'Manpower Behavior', 1, NULL, '2026-06-11 18:47:34', '2026-06-11 18:47:34'),
(317, 80, 'SHE Culture', 1, NULL, '2026-06-11 18:48:53', '2026-06-11 18:48:53'),
(318, 80, 'ATR', 1, NULL, '2026-06-11 18:48:53', '2026-06-11 18:48:53'),
(319, 80, 'Incident', 1, NULL, '2026-06-11 18:48:53', '2026-06-11 18:48:53'),
(320, 80, 'Manpower Behavior', 1, NULL, '2026-06-11 18:48:53', '2026-06-11 18:48:53'),
(321, 81, 'SHE Culture', 1, NULL, '2026-06-11 18:51:35', '2026-06-11 18:51:35'),
(322, 81, 'ATR', 1, NULL, '2026-06-11 18:51:35', '2026-06-11 18:51:35'),
(323, 81, 'Incident', 1, NULL, '2026-06-11 18:51:35', '2026-06-11 18:51:35'),
(324, 81, 'Manpower Behavior', 1, NULL, '2026-06-11 18:51:35', '2026-06-11 18:51:35'),
(325, 82, 'SHE Culture', 1, NULL, '2026-06-11 18:52:48', '2026-06-11 18:52:48'),
(326, 82, 'ATR', 1, NULL, '2026-06-11 18:52:48', '2026-06-11 18:52:48'),
(327, 82, 'Incident', 1, NULL, '2026-06-11 18:52:48', '2026-06-11 18:52:48'),
(328, 82, 'Manpower Behavior', 1, NULL, '2026-06-11 18:52:48', '2026-06-11 18:52:48'),
(329, 83, 'SHE Culture', 1, NULL, '2026-06-11 19:40:57', '2026-06-11 19:40:57'),
(330, 83, 'ATR', 1, NULL, '2026-06-11 19:40:57', '2026-06-11 19:40:57'),
(331, 83, 'Incident', 1, NULL, '2026-06-11 19:40:57', '2026-06-11 19:40:57'),
(332, 83, 'Manpower Behavior', 1, NULL, '2026-06-11 19:40:57', '2026-06-11 19:40:57'),
(333, 84, 'SHE Culture', 1, NULL, '2026-06-11 20:19:00', '2026-06-11 20:19:00'),
(334, 84, 'ATR', 1, NULL, '2026-06-11 20:19:00', '2026-06-11 20:19:00'),
(335, 84, 'Incident', 1, NULL, '2026-06-11 20:19:00', '2026-06-11 20:19:00'),
(336, 84, 'Manpower Behavior', 1, NULL, '2026-06-11 20:19:00', '2026-06-11 20:19:00'),
(337, 85, 'SHE Culture', 1, NULL, '2026-06-11 20:20:43', '2026-06-11 20:20:43'),
(338, 85, 'ATR', 1, NULL, '2026-06-11 20:20:43', '2026-06-11 20:20:43'),
(339, 85, 'Incident', 1, NULL, '2026-06-11 20:20:43', '2026-06-11 20:20:43'),
(340, 85, 'Manpower Behavior', 1, NULL, '2026-06-11 20:20:43', '2026-06-11 20:20:43'),
(341, 86, 'SHE Culture', 1, NULL, '2026-06-11 20:21:20', '2026-06-11 20:21:20'),
(342, 86, 'ATR', 1, NULL, '2026-06-11 20:21:20', '2026-06-11 20:21:20'),
(343, 86, 'Incident', 1, NULL, '2026-06-11 20:21:20', '2026-06-11 20:21:20'),
(344, 86, 'Manpower Behavior', 1, NULL, '2026-06-11 20:21:20', '2026-06-11 20:21:20'),
(345, 87, 'SHE Culture', 1, NULL, '2026-06-11 20:21:49', '2026-06-11 20:21:49'),
(346, 87, 'ATR', 1, NULL, '2026-06-11 20:21:49', '2026-06-11 20:21:49'),
(347, 87, 'Incident', 1, NULL, '2026-06-11 20:21:49', '2026-06-11 20:21:49'),
(348, 87, 'Manpower Behavior', 1, NULL, '2026-06-11 20:21:49', '2026-06-11 20:21:49'),
(349, 88, 'SHE Culture', 1, NULL, '2026-06-11 20:24:07', '2026-06-11 20:24:07'),
(350, 88, 'ATR', 1, NULL, '2026-06-11 20:24:07', '2026-06-11 20:24:07'),
(351, 88, 'Incident', 1, NULL, '2026-06-11 20:24:07', '2026-06-11 20:24:07'),
(352, 88, 'Manpower Behavior', 1, NULL, '2026-06-11 20:24:07', '2026-06-11 20:24:07'),
(353, 89, 'SHE Culture', 1, NULL, '2026-06-11 20:33:16', '2026-06-11 20:33:16'),
(354, 89, 'ATR', 0, 'Pernah izin tidak masuk karena sakit', '2026-06-11 20:33:16', '2026-06-11 20:33:16'),
(355, 89, 'Incident', 1, NULL, '2026-06-11 20:33:16', '2026-06-11 20:33:16'),
(356, 89, 'Manpower Behavior', 1, NULL, '2026-06-11 20:33:16', '2026-06-11 20:33:16'),
(357, 90, 'SHE Culture', 1, NULL, '2026-06-12 04:43:38', '2026-06-12 04:43:38'),
(358, 90, 'ATR', 0, 'Menegur dan dan Cnc karyawan untuk meningkatkan ATR 100%', '2026-06-12 04:43:38', '2026-06-12 04:43:38'),
(359, 90, 'Incident', 1, NULL, '2026-06-12 04:43:38', '2026-06-12 04:43:38'),
(360, 90, 'Manpower Behavior', 1, NULL, '2026-06-12 04:43:38', '2026-06-12 04:43:38'),
(361, 91, 'SHE Culture', 1, NULL, '2026-06-12 04:51:16', '2026-06-12 04:51:16'),
(362, 91, 'ATR', 1, NULL, '2026-06-12 04:51:16', '2026-06-12 04:51:16'),
(363, 91, 'Incident', 1, NULL, '2026-06-12 04:51:16', '2026-06-12 04:51:16'),
(364, 91, 'Manpower Behavior', 1, NULL, '2026-06-12 04:51:16', '2026-06-12 04:51:16'),
(365, 92, 'SHE Culture', 1, NULL, '2026-06-12 04:52:29', '2026-06-12 04:52:29'),
(366, 92, 'ATR', 1, NULL, '2026-06-12 04:52:29', '2026-06-12 04:52:29'),
(367, 92, 'Incident', 1, NULL, '2026-06-12 04:52:29', '2026-06-12 04:52:29'),
(368, 92, 'Manpower Behavior', 1, NULL, '2026-06-12 04:52:29', '2026-06-12 04:52:29'),
(369, 93, 'SHE Culture', 1, NULL, '2026-06-12 04:54:44', '2026-06-12 04:54:44'),
(370, 93, 'ATR', 1, NULL, '2026-06-12 04:54:44', '2026-06-12 04:54:44'),
(371, 93, 'Incident', 1, NULL, '2026-06-12 04:54:44', '2026-06-12 04:54:44'),
(372, 93, 'Manpower Behavior', 1, NULL, '2026-06-12 04:54:44', '2026-06-12 04:54:44'),
(373, 94, 'SHE Culture', 1, NULL, '2026-06-12 05:17:36', '2026-06-12 05:17:36'),
(374, 94, 'ATR', 1, NULL, '2026-06-12 05:17:36', '2026-06-12 05:17:36'),
(375, 94, 'Incident', 1, NULL, '2026-06-12 05:17:36', '2026-06-12 05:17:36'),
(376, 94, 'Manpower Behavior', 1, NULL, '2026-06-12 05:17:36', '2026-06-12 05:17:36'),
(377, 95, 'SHE Culture', 0, 'Teguran', '2026-06-12 13:25:59', '2026-06-12 13:25:59'),
(378, 95, 'ATR', 0, 'Sosialisasi', '2026-06-12 13:25:59', '2026-06-12 13:25:59'),
(379, 95, 'Incident', 0, 'Sp', '2026-06-12 13:25:59', '2026-06-12 13:25:59'),
(380, 95, 'Manpower Behavior', 0, 'Cnc', '2026-06-12 13:25:59', '2026-06-12 13:25:59'),
(381, 96, 'SHE Culture', 0, 'Teguran', '2026-06-12 13:26:01', '2026-06-12 13:26:01'),
(382, 96, 'ATR', 0, 'Sosialisasi', '2026-06-12 13:26:01', '2026-06-12 13:26:01'),
(383, 96, 'Incident', 0, 'Sp', '2026-06-12 13:26:01', '2026-06-12 13:26:01'),
(384, 96, 'Manpower Behavior', 0, 'Cnc', '2026-06-12 13:26:01', '2026-06-12 13:26:01');

-- --------------------------------------------------------

--
-- Table structure for table `migrations`
--

CREATE TABLE `migrations` (
  `id` int(10) UNSIGNED NOT NULL,
  `migration` varchar(255) NOT NULL,
  `batch` int(11) NOT NULL
) ENGINE=InnoDB DEFAULT CHARSET=utf8mb4 COLLATE=utf8mb4_unicode_ci;

--
-- Dumping data for table `migrations`
--

INSERT INTO `migrations` (`id`, `migration`, `batch`) VALUES
(1, '0001_01_01_000001_create_cache_table', 1),
(2, '0001_01_01_000002_create_jobs_table', 1),
(3, '0001_01_01_000003_create_karyawans_table', 1),
(4, '0001_01_01_000004_create_users_table', 1),
(5, '2026_01_01_000004_create_laporans_table', 1),
(6, '2026_01_01_000005_create_laporan_details_table', 1),
(7, '0001_01_01_000003_create_jabatans_table', 2),
(8, '0001_01_01_000004_create_departemens_table', 3);

-- --------------------------------------------------------

--
-- Table structure for table `sessions`
--

CREATE TABLE `sessions` (
  `id` varchar(255) NOT NULL,
  `user_id` bigint(20) UNSIGNED DEFAULT NULL,
  `ip_address` varchar(45) DEFAULT NULL,
  `user_agent` text DEFAULT NULL,
  `payload` longtext NOT NULL,
  `last_activity` int(11) NOT NULL
) ENGINE=InnoDB DEFAULT CHARSET=utf8mb4 COLLATE=utf8mb4_unicode_ci;

--
-- Dumping data for table `sessions`
--

INSERT INTO `sessions` (`id`, `user_id`, `ip_address`, `user_agent`, `payload`, `last_activity`) VALUES
('Cl2PXJ9gCatx353f5dkaSbDvsMAp3OBpXtdJHyr8', NULL, '182.3.141.191', 'Mozilla/5.0 (Linux; Android 10; K) AppleWebKit/537.36 (KHTML, like Gecko) Chrome/148.0.0.0 Mobile Safari/537.36', 'eyJfdG9rZW4iOiJQTnNnV1FBZG9TUmdUY0hSM3AwZm5LdlJyT1Jhak8xZ00ycE9CRlg1IiwiX3ByZXZpb3VzIjp7InVybCI6Imh0dHBzOlwvXC9wc3QubWl0cmFjZW1wYWthLmlkXC9sb2dpbiIsInJvdXRlIjoibG9naW4ifSwiX2ZsYXNoIjp7Im9sZCI6W10sIm5ldyI6W119fQ==', 1781245456),
('f4cZSesweaCmCpNt4S424CufXX39SVKbOUklCGFN', 92, '141.0.8.54', 'Mozilla/5.0 (Linux; U; Android 10; CPH1911 Build/QP1A.190711.020; wv) AppleWebKit/537.36 (KHTML, like Gecko) Version/4.0 Chrome/148.0.7778.215 Mobile Safari/537.36 OPR/99.3.2254.1107', 'eyJfdG9rZW4iOiJ5NnFXQmtCY0hwOTNnOXVSTGlYMXUxdDFoeFcxZUI5WEJYOFA0Y3lGIiwiX3ByZXZpb3VzIjp7InVybCI6Imh0dHBzOlwvXC9wc3QubWl0cmFjZW1wYWthLmlkXC9kYXNoYm9hcmRcL21vbml0b3JpbmdcL2RhdGE/YnVsYW49NiZ0YWh1bj0yMDI2Iiwicm91dGUiOiJkYXNoYm9hcmQubW9uaXRvcmluZy5kYXRhIn0sIl9mbGFzaCI6eyJvbGQiOltdLCJuZXciOltdfSwibG9naW5fd2ViXzU5YmEzNmFkZGMyYjJmOTQwMTU4MGYwMTRjN2Y1OGVhNGUzMDk4OWQiOjkyfQ==', 1781242209),
('JJsiV2upW6VV5puLpHuVL8U7xEwVHTVTX0Hm54IM', 48, '114.122.210.15', 'Mozilla/5.0 (Windows NT 10.0; Win64; x64) AppleWebKit/537.36 (KHTML, like Gecko) Chrome/149.0.0.0 Safari/537.36', 'eyJfdG9rZW4iOiJjZTNwVHdrNk83NHJJZ2ZNUGJwZHM1MUNwWXhndDJqb1RsN2ZveEphIiwiX3ByZXZpb3VzIjp7InVybCI6Imh0dHBzOlwvXC9wc3QubWl0cmFjZW1wYWthLmlkXC9sYXBvcmFuXC9MUFItMjAyNjA2MTItSEtGMjEiLCJyb3V0ZSI6ImxhcG9yYW4uc2hvdyJ9LCJfZmxhc2giOnsib2xkIjpbXSwibmV3IjpbXX0sImxvZ2luX3dlYl81OWJhMzZhZGRjMmIyZjk0MDE1ODBmMDE0YzdmNThlYTRlMzA5ODlkIjo0OH0=', 1781245038),
('NglLcykk5atVzXJT38bq1CqVK1huC1LGKXLCfyd8', 48, '2404:c0:4c57:57c1:ed31:831e:1e9c:6cbe', 'Mozilla/5.0 (Linux; Android 10; K) AppleWebKit/537.36 (KHTML, like Gecko) Chrome/149.0.0.0 Mobile Safari/537.36', 'eyJfdG9rZW4iOiJON09Ed1pnNlNkSm5KNUVHYjQ0c0s2R0NhZlZ1RGswOWh2OHdqMFJwIiwidXJsIjp7ImludGVuZGVkIjoiaHR0cHM6XC9cL3BzdC5taXRyYWNlbXBha2EuaWRcL2FkbWluaXN0cmF0b3JcL2Rhc2hib2FyZD9idWxhbj02JnBhZ2U9MSZwZXJQYWdlPTEwJnNlYXJjaD0mdGFodW49MjAyNiJ9LCJfcHJldmlvdXMiOnsidXJsIjoiaHR0cHM6XC9cL3BzdC5taXRyYWNlbXBha2EuaWRcL2xhcG9yYW5cL2E5MjhkZDgyZGVlMiIsInJvdXRlIjoibGFwb3Jhbi5zaG93In0sIl9mbGFzaCI6eyJvbGQiOltdLCJuZXciOltdfSwibG9naW5fd2ViXzU5YmEzNmFkZGMyYjJmOTQwMTU4MGYwMTRjN2Y1OGVhNGUzMDk4OWQiOjQ4fQ==', 1781238994);

--
-- Indexes for dumped tables
--

--
-- Indexes for table `atr_karyawans`
--
ALTER TABLE `atr_karyawans`
  ADD PRIMARY KEY (`id`),
  ADD KEY `atr_karyawans_karyawan_id_foreign` (`karyawan_id`),
  ADD KEY `karyawan_id` (`karyawan_id`,`tanggal`);

--
-- Indexes for table `departemens`
--
ALTER TABLE `departemens`
  ADD PRIMARY KEY (`id`);

--
-- Indexes for table `failed_jobs`
--
ALTER TABLE `failed_jobs`
  ADD PRIMARY KEY (`id`),
  ADD UNIQUE KEY `failed_jobs_uuid_unique` (`uuid`);

--
-- Indexes for table `jabatans`
--
ALTER TABLE `jabatans`
  ADD PRIMARY KEY (`id`);

--
-- Indexes for table `jobs`
--
ALTER TABLE `jobs`
  ADD PRIMARY KEY (`id`),
  ADD KEY `jobs_queue_index` (`queue`);

--
-- Indexes for table `job_batches`
--
ALTER TABLE `job_batches`
  ADD PRIMARY KEY (`id`);

--
-- Indexes for table `karyawans`
--
ALTER TABLE `karyawans`
  ADD PRIMARY KEY (`id`),
  ADD UNIQUE KEY `karyawans_nrp_unique` (`nrp`),
  ADD KEY `karyawans_atasan_id_foreign` (`atasan_id`),
  ADD KEY `slug` (`slug`),
  ADD KEY `fk_karyawan_jabatan` (`jabatan_id`),
  ADD KEY `fk_karyawan_departemen` (`departemen_id`);

--
-- Indexes for table `laporans`
--
ALTER TABLE `laporans`
  ADD PRIMARY KEY (`id`),
  ADD KEY `laporans_user_id_foreign` (`user_id`),
  ADD KEY `laporans_gl_id_foreign` (`gl_id`),
  ADD KEY `laporans_manpower_id_foreign` (`manpower_id`),
  ADD KEY `tanggal` (`tanggal`,`slug`,`konfirmasi_status`);

--
-- Indexes for table `laporan_details`
--
ALTER TABLE `laporan_details`
  ADD PRIMARY KEY (`id`),
  ADD KEY `laporan_details_laporan_id_foreign` (`laporan_id`);

--
-- Indexes for table `migrations`
--
ALTER TABLE `migrations`
  ADD PRIMARY KEY (`id`);

--
-- Indexes for table `sessions`
--
ALTER TABLE `sessions`
  ADD PRIMARY KEY (`id`),
  ADD KEY `sessions_user_id_index` (`user_id`),
  ADD KEY `sessions_last_activity_index` (`last_activity`);

--
-- AUTO_INCREMENT for dumped tables
--

--
-- AUTO_INCREMENT for table `atr_karyawans`
--
ALTER TABLE `atr_karyawans`
  MODIFY `id` bigint(20) UNSIGNED NOT NULL AUTO_INCREMENT, AUTO_INCREMENT=881;

--
-- AUTO_INCREMENT for table `departemens`
--
ALTER TABLE `departemens`
  MODIFY `id` bigint(20) UNSIGNED NOT NULL AUTO_INCREMENT, AUTO_INCREMENT=9;

--
-- AUTO_INCREMENT for table `failed_jobs`
--
ALTER TABLE `failed_jobs`
  MODIFY `id` bigint(20) UNSIGNED NOT NULL AUTO_INCREMENT;

--
-- AUTO_INCREMENT for table `jabatans`
--
ALTER TABLE `jabatans`
  MODIFY `id` bigint(20) UNSIGNED NOT NULL AUTO_INCREMENT, AUTO_INCREMENT=117;

--
-- AUTO_INCREMENT for table `jobs`
--
ALTER TABLE `jobs`
  MODIFY `id` bigint(20) UNSIGNED NOT NULL AUTO_INCREMENT;

--
-- AUTO_INCREMENT for table `karyawans`
--
ALTER TABLE `karyawans`
  MODIFY `id` bigint(20) UNSIGNED NOT NULL AUTO_INCREMENT, AUTO_INCREMENT=923;

--
-- AUTO_INCREMENT for table `laporans`
--
ALTER TABLE `laporans`
  MODIFY `id` bigint(20) UNSIGNED NOT NULL AUTO_INCREMENT, AUTO_INCREMENT=97;

--
-- AUTO_INCREMENT for table `laporan_details`
--
ALTER TABLE `laporan_details`
  MODIFY `id` bigint(20) UNSIGNED NOT NULL AUTO_INCREMENT, AUTO_INCREMENT=385;

--
-- AUTO_INCREMENT for table `migrations`
--
ALTER TABLE `migrations`
  MODIFY `id` int(10) UNSIGNED NOT NULL AUTO_INCREMENT, AUTO_INCREMENT=9;

--
-- Constraints for dumped tables
--

--
-- Constraints for table `atr_karyawans`
--
ALTER TABLE `atr_karyawans`
  ADD CONSTRAINT `atr_karyawans_karyawan_id_foreign` FOREIGN KEY (`karyawan_id`) REFERENCES `karyawans` (`id`) ON DELETE CASCADE;

--
-- Constraints for table `karyawans`
--
ALTER TABLE `karyawans`
  ADD CONSTRAINT `fk_karyawan_departemen` FOREIGN KEY (`departemen_id`) REFERENCES `departemens` (`id`) ON DELETE SET NULL,
  ADD CONSTRAINT `fk_karyawan_jabatan` FOREIGN KEY (`jabatan_id`) REFERENCES `jabatans` (`id`) ON DELETE SET NULL,
  ADD CONSTRAINT `karyawans_atasan_id_foreign` FOREIGN KEY (`atasan_id`) REFERENCES `karyawans` (`id`) ON DELETE SET NULL;

--
-- Constraints for table `laporans`
--
ALTER TABLE `laporans`
  ADD CONSTRAINT `laporans_gl_id_foreign` FOREIGN KEY (`gl_id`) REFERENCES `karyawans` (`id`) ON DELETE SET NULL,
  ADD CONSTRAINT `laporans_manpower_id_foreign` FOREIGN KEY (`manpower_id`) REFERENCES `karyawans` (`id`) ON DELETE SET NULL,
  ADD CONSTRAINT `laporans_user_id_foreign` FOREIGN KEY (`user_id`) REFERENCES `users` (`id`) ON DELETE CASCADE;

--
-- Constraints for table `laporan_details`
--
ALTER TABLE `laporan_details`
  ADD CONSTRAINT `laporan_details_laporan_id_foreign` FOREIGN KEY (`laporan_id`) REFERENCES `laporans` (`id`) ON DELETE CASCADE;
COMMIT;

